000
CXUS55 KTBW 281000
CF6TPA
PRELIMINARY LOCAL CLIMATOLOGICAL DATA (WS FORM: F-6)

                                          STATION:   Tampa
                                          MONTH:     NOVEMBER
                                          YEAR:      2014
                                          LATITUDE:   27 58 N
                                          LONGITUDE:  82 32 W

  TEMPERATURE IN F:       :PCPN:    SNOW:  WIND      :SUNSHINE: SKY     :PK WND
================================================================================
1   2   3   4   5  6A  6B    7    8   9   10  11  12  13   14  15   16   17  18
                                     12Z  AVG MX 2MIN
DY MAX MIN AVG DEP HDD CDD  WTR  SNW DPTH SPD SPD DIR MIN PSBL S-S WX    SPD DR
================================================================================

 1  69  49  59 -13   6   0 0.03  0.0    0 12.9 28 330   M    M   3        36 330
 2  67  45  56 -16   9   0 0.00  0.0    0  7.2 14 330   M    M   1        20 340
 3  74  48  61 -11   4   0 0.00  0.0    0  6.0 12  40   M    M   1        19  30
 4  81  56  69  -3   0   4 0.00  0.0    0  5.8 14  80   M    M   3        22  70
 5  83  63  73   2   0   8 0.00  0.0    0  4.9 12  80   M    M   6        18  80
 6  80  66  73   2   0   8 0.00  0.0    0  4.1 15 280   M    M   6        22 280
 7  78  58  68  -3   0   3 0.00  0.0    0  6.3 18 340   M    M   4        22 270
 8  73  55  64  -7   1   0 0.34  0.0    0  6.5 21 280   M    M   7 1      26 270
 9  69  57  63  -7   2   0 0.20  0.0    0  6.1 12 350   M    M   7 1      15  10
10  75  56  66  -4   0   1 0.00  0.0    0  7.2 17 270   M    M   2        29 270
11  76  56  66  -4   0   1 0.00  0.0    0  6.4 17 330   M    M   4 1      27 290
12  78  54  66  -4   0   1 0.00  0.0    0  6.1 14 280   M    M   6        22 270
13  76  57  67  -3   0   2 0.00  0.0    0  4.5 13 280   M    M   6 18     18 290
14  70  54  62  -7   3   0 0.00  0.0    0  9.1 16 330   M    M   5 1      21 330
15  72  49  61  -8   4   0 0.00  0.0    0  6.9 10 320   M    M   0        19 300
16  81  57  69   0   0   4 0.00  0.0    0  4.6 12 200   M    M   4 12     15 210
17  77  64  71   2   0   6 0.86  0.0    0  9.2 25 310   M    M   7 138    34 320
18  64  46  55 -14  10   0    T  0.0    0 10.4 22 340   M    M   8 1      27 350
19  61  41  51 -17  14   0 0.00  0.0    0  9.0 16 360   M    M   6        23  20
20  66  45  56 -12   9   0 0.00  0.0    0  7.0 14 360   M    M   8        18 320
21  74  54  64  -4   1   0 0.00  0.0    0  8.8 16  40   M    M   7        23  50
22  76  62  69   1   0   4 0.04  0.0    0  9.0 16  80   M    M  10 1      26  80
23  83  70  77   9   0  12 0.01  0.0    0  8.5 18 190   M    M   8 1      27 150
24  80  70  75   8   0  10 0.00  0.0    0  7.9 16 180   M    M   7 12     21 180
25  76  71  74   7   0   9 3.63  0.0    0  5.9 16 290   M    M   9 123    27 280
26  72  51  62  -5   3   0 0.15  0.0    0  9.9 23 330   M    M   7 1      31 310
27  71  49  60  -7   5   0 0.00  0.0    0  7.4 21 330   M    M   0        27 330
================================================================================
SM 2002 1503        71  73  5.26     0.0 197.6          M      142
================================================================================
AV 74.1 55.7                               7.3 FASTST   M    M   5    MAX(MPH)
                                 MISC ---->  # 28 330               # 36  330
================================================================================
NOTES:
# LAST OF SEVERAL OCCURRENCES

COLUMN 17 PEAK WIND IN M.P.H.

PRELIMINARY LOCAL CLIMATOLOGICAL DATA (WS FORM: F-6) , PAGE 2

                                          STATION:  Tampa
                                          MONTH:    NOVEMBER
                                          YEAR:     2014
                                          LATITUDE:   27 58 N
                                          LONGITUDE:  82 32 W

[TEMPERATURE DATA]      [PRECIPITATION DATA]       SYMBOLS USED IN COLUMN 16

AVERAGE MONTHLY: 64.9   TOTAL FOR MONTH:   5.26    1 = FOG OR MIST
DPTR FM NORMAL:  -4.5   DPTR FM NORMAL:    3.91    2 = FOG REDUCING VISIBILITY
HIGHEST:    83 ON 23, 5 GRTST 24HR  3.77 ON 25-26      TO 1/4 MILE OR LESS
LOWEST:     41 ON 19                               3 = THUNDER
                        SNOW, ICE PELLETS, HAIL    4 = ICE PELLETS
                        TOTAL MONTH:   0.0 INCH    5 = HAIL
                        GRTST 24HR     0.0         6 = FREEZING RAIN OR DRIZZLE
                        GRTST DEPTH:   0           7 = DUSTSTORM OR SANDSTORM:
                                                       VSBY 1/2 MILE OR LESS
                                                   8 = SMOKE OR HAZE
[NO. OF DAYS WITH]      [WEATHER - DAYS WITH]      9 = BLOWING SNOW
                                                   X = TORNADO
MAX 32 OR BELOW:   0    0.01 INCH OR MORE:   8
MAX 90 OR ABOVE:   0    0.10 INCH OR MORE:   5
MIN 32 OR BELOW:   0    0.50 INCH OR MORE:   2
MIN  0 OR BELOW:   0    1.00 INCH OR MORE:   1

[HDD (BASE 65) ]
TOTAL THIS MO.    71    CLEAR  (SCALE 0-3)   6
DPTR FM NORMAL    37    PTCLDY (SCALE 4-7)  19
TOTAL FM JUL 1    71    CLOUDY (SCALE 8-10)  2
DPTR FM NORMAL    33

[CDD (BASE 65) ]
TOTAL THIS MO.    73
DPTR FM NORMAL   -80    [PRESSURE DATA]
TOTAL FM JAN 1  3423    HIGHEST SLP M ON M
DPTR FM NORMAL   -96    LOWEST  SLP 29.82 ON  9

[REMARKS]
