000
CXUS56 KLKN 011001
CF6TPH
PRELIMINARY LOCAL CLIMATOLOGICAL DATA (WS FORM: F-6)

                                          STATION:   TONOPAH AIRPORT NV
                                          MONTH:     AUGUST
                                          YEAR:      2014
                                          LATITUDE:   38  3 N
                                          LONGITUDE: 117  5 W

  TEMPERATURE IN F:       :PCPN:    SNOW:  WIND      :SUNSHINE: SKY     :PK WND
================================================================================
1   2   3   4   5  6A  6B    7    8   9   10  11  12  13   14  15   16   17  18
                                     12Z  AVG MX 2MIN
DY MAX MIN AVG DEP HDD CDD  WTR  SNW DPTH SPD SPD DIR MIN PSBL S-S WX    SPD DR
================================================================================

 1  93  65  79   4   0  14    T    M    M 10.2 32 340   M    M   0 3      53 320
 2  91  61  76   1   0  11 0.00    M    M  9.8 24  10   M    M   1        32  50
 3  75  60  68  -7   0   3 0.12    M    M  9.7 28 140   M    M   8 3      37 140
 4  72  59  66  -8   0   1 0.28    M    M  8.6 16 290   M    M   6        21 340
 5  82  56  69  -5   0   4 0.20    M    M  7.8 32 300   M    M   6 3      38 310
 6  85  55  70  -4   0   5 0.00    M    M  9.5 28 330   M    M   0        33 310
 7  85  59  72  -2   0   7 0.00    M    M  7.2 17  10   M    M   0        21  20
 8  89  61  75   1   0  10 0.00    M    M  7.2 25 200   M    M   0        30 210
 9  91  58  75   1   0  10 0.00    M    M  9.2 23 180   M    M   0        34 200
10  91  58  75   1   0  10 0.00    M    M 11.2 26 180   M    M   0        35 170
11  73  57  65  -9   0   0 0.17    M    M  9.0 28  10   M    M   5 3      33  30
12  87  56  72  -1   0   7 0.00    M    M 11.5 26 210   M    M   2        37 220
13  87  62  75   2   0  10 0.00    M    M 11.4 31 200   M    M   1        39 180
14  87  53  70  -3   0   5 0.00    M    M  9.7 22 180   M    M   0        29 210
15  89  54  72  -1   0   7 0.00    M    M  7.2 16 210   M    M   0        23 240
16  91  56  74   1   0   9 0.00    M    M  7.0 16 170   M    M   0        23 190
17  92  57  75   2   0  10 0.00    M    M  7.1 15 220   M    M   0        19 200
18  91  57  74   2   0   9 0.00    M    M 11.4 24 180   M    M   0        29 200
19  86  59  73   1   0   8 0.00    M    M 10.2 25  90   M    M   0        33 100
20  83  54  69  -3   0   4 0.00    M    M 10.3 23 180   M    M   1        28 150
21  85  53  69  -3   0   4 0.00    M    M  7.4 22 190   M    M   1        27 180
22  86  55  71  -1   0   6 0.00    M    M 11.6 25 340   M    M   2        33 340
23  82  55  69  -2   0   4 0.00    M    M  9.1 18 330   M    M   0        26 330
24  85  55  70  -1   0   5 0.00    M    M  9.0 20 190   M    M   0        25 200
25  81  52  67  -4   0   2 0.00    M    M  5.4 16  20   M    M   0        19  20
26  82  57  70  -1   0   5 0.00    M    M 10.4 21  70   M    M   1        27  80
27  86  52  69  -1   0   4 0.00    M    M  7.5 17 330   M    M   0        20 260
28  90  56  73   3   0   8 0.00    M    M  6.6 15 280   M    M   0        20 280
29  92  56  74   4   0   9 0.00    M    M  7.5 18 200   M    M   0        27 220
30  91  60  76   6   0  11 0.00    M    M 10.4 26 300   M    M   0        44 300
31  88  59  74   4   0   9 0.00    M    M  9.7 24 350   M    M   0        29 350
================================================================================
SM 2668 1767         0 211  0.77    M    279.8          M       34
================================================================================
AV 86.1 57.0                               9.0 FASTST   M    M   1    MAX(MPH)
                                 MISC ---->  # 32 340               # 53  320
================================================================================
NOTES:
# LAST OF SEVERAL OCCURRENCES

COLUMN 17 PEAK WIND IN M.P.H.

PRELIMINARY LOCAL CLIMATOLOGICAL DATA (WS FORM: F-6) , PAGE 2

                                          STATION:  TONOPAH AIRPORT NV
                                          MONTH:    AUGUST
                                          YEAR:     2014
                                          LATITUDE:   38  3 N
                                          LONGITUDE: 117  5 W

[TEMPERATURE DATA]      [PRECIPITATION DATA]       SYMBOLS USED IN COLUMN 16

AVERAGE MONTHLY: 71.5   TOTAL FOR MONTH:   0.77    1 = FOG OR MIST
DPTR FM NORMAL:  -1.0   DPTR FM NORMAL:    0.26    2 = FOG REDUCING VISIBILITY
HIGHEST:    93 ON  1    GRTST 24HR  0.36 ON  3- 4      TO 1/4 MILE OR LESS
LOWEST:     52 ON 27,25                            3 = THUNDER
                        SNOW, ICE PELLETS, HAIL    4 = ICE PELLETS
                        TOTAL MONTH:    M          5 = HAIL
                        GRTST 24HR    M  ON   M    6 = FREEZING RAIN OR DRIZZLE
                        GRTST DEPTH:  M  ON   M    7 = DUSTSTORM OR SANDSTORM:
                                                       VSBY 1/2 MILE OR LESS
                                                   8 = SMOKE OR HAZE
[NO. OF DAYS WITH]      [WEATHER - DAYS WITH]      9 = BLOWING SNOW
                                                   X = TORNADO
MAX 32 OR BELOW:   0    0.01 INCH OR MORE:   4
MAX 90 OR ABOVE:  10    0.10 INCH OR MORE:   4
MIN 32 OR BELOW:   0    0.50 INCH OR MORE:   0
MIN  0 OR BELOW:   0    1.00 INCH OR MORE:   0

[HDD (BASE 65) ]
TOTAL THIS MO.     0    CLEAR  (SCALE 0-3)  27
DPTR FM NORMAL    -4    PTCLDY (SCALE 4-7)   4
TOTAL FM JUL 1     0    CLOUDY (SCALE 8-10)  0
DPTR FM NORMAL    -6

[CDD (BASE 65) ]
TOTAL THIS MO.   211
DPTR FM NORMAL   -27    [PRESSURE DATA]
TOTAL FM JAN 1   863    HIGHEST SLP M ON M
DPTR FM NORMAL   150    LOWEST  SLP 29.63 ON 19

[REMARKS]
#FINAL-08-14#
