000
CXUS56 KLKN 201009
CF6TPH
PRELIMINARY LOCAL CLIMATOLOGICAL DATA (WS FORM: F-6)

                                          STATION:   TONOPAH AIRPORT NV
                                          MONTH:     OCTOBER
                                          YEAR:      2017
                                          LATITUDE:   38  3 N
                                          LONGITUDE: 117  5 W

  TEMPERATURE IN F:       :PCPN:    SNOW:  WIND      :SUNSHINE: SKY     :PK WND
================================================================================
1   2   3   4   5  6A  6B    7    8   9   10  11  12  13   14  15   16   17  18
                                     12Z  AVG MX 2MIN
DY MAX MIN AVG DEP HDD CDD  WTR  SNW DPTH SPD SPD DIR MIN PSBL S-S WX    SPD DR
================================================================================

 1  67  46  57  -2   8   0 0.00    M    M 15.9 25 350   M    M   M        33 360
 2  60  33  47 -11  18   0 0.00    M    M  7.3 16 320   M    M   M        24 330
 3  67  32  50  -8  15   0 0.00    M    M 17.3 33 140   M    M   4        49 180
 4  66  38  52  -6  13   0 0.00    M    M  6.6 25 330   M    M   M        30 330
 5  69  35  52  -5  13   0 0.00    M    M 10.4 20 320   M    M   M        23 330
 6  73  37  55  -2  10   0 0.00    M    M  8.9 16  10   M    M   0        25 280
 7  80  37  59   3   6   0 0.00    M    M  7.9 15 330   M    M   0        20 290
 8  66  40  53  -3  12   0 0.00    M    M 16.3 31  10   M    M   0        40  10
 9  61  31  46 -10  19   0 0.00    M    M  9.4 20 110   M    M   0        27  20
10  66  29  48  -7  17   0 0.00    M    M  8.2 17 200   M    M   0        25 160
11  71  34  53  -2  12   0 0.00    M    M 10.7 28 340   M    M   0        36 350
12  64  35  50  -4  15   0 0.00    M    M  9.5 21 320   M    M   0        26 320
13  68  28  48  -6  17   0 0.00    M    M  9.5 17 310   M    M   0        22 310
14  64  35  50  -4  15   0 0.00    M    M 10.1 24 320   M    M   0        31 330
15  70  27  49  -4  16   0 0.00    M    M  8.1 16  10   M    M   0 8      19  10
16  76  30  53   0  12   0 0.00    M    M  7.2 17 360   M    M   0        20 360
17  77  34  56   4   9   0 0.00    M    M  7.3 15  20   M    M   0        17  20
18  76  41  59   7   6   0 0.00    M    M  7.5 14  10   M    M   0        16  10
19  76  39  58   6   7   0 0.00    M    M  9.1 16 210   M    M   0        21 220
================================================================================
SM 1317  661       240   0  0.00    M    187.2          M        4
================================================================================
AV 69.3 34.8                               9.9 FASTST   M    M   0    MAX(MPH)
                                 MISC ---->  # 33 140               # 49  180
================================================================================
NOTES:
# LAST OF SEVERAL OCCURRENCES

COLUMN 17 PEAK WIND IN M.P.H.

PRELIMINARY LOCAL CLIMATOLOGICAL DATA (WS FORM: F-6) , PAGE 2

                                          STATION:  TONOPAH AIRPORT NV
                                          MONTH:    OCTOBER
                                          YEAR:     2017
                                          LATITUDE:   38  3 N
                                          LONGITUDE: 117  5 W

[TEMPERATURE DATA]      [PRECIPITATION DATA]       SYMBOLS USED IN COLUMN 16

AVERAGE MONTHLY: 52.1   TOTAL FOR MONTH:   0.00    1 = FOG OR MIST
DPTR FM NORMAL:  -3.2   DPTR FM NORMAL:   -0.20    2 = FOG REDUCING VISIBILITY
HIGHEST:    80 ON  7    GRTST 24HR  0.00 ON 19-19      TO 1/4 MILE OR LESS
LOWEST:     27 ON 15                               3 = THUNDER
                        SNOW, ICE PELLETS, HAIL    4 = ICE PELLETS
                        TOTAL MONTH:    M          5 = HAIL
                        GRTST 24HR    M  ON   M    6 = FREEZING RAIN OR DRIZZLE
                        GRTST DEPTH:  M  ON   M    7 = DUSTSTORM OR SANDSTORM:
                                                       VSBY 1/2 MILE OR LESS
                                                   8 = SMOKE OR HAZE
[NO. OF DAYS WITH]      [WEATHER - DAYS WITH]      9 = BLOWING SNOW
                                                   X = TORNADO
MAX 32 OR BELOW:   0    0.01 INCH OR MORE:   0
MAX 90 OR ABOVE:   0    0.10 INCH OR MORE:   0
MIN 32 OR BELOW:   6    0.50 INCH OR MORE:   0
MIN  0 OR BELOW:   0    1.00 INCH OR MORE:   0

[HDD (BASE 65) ]
TOTAL THIS MO.   240    CLEAR  (SCALE 0-3)  14
DPTR FM NORMAL    51    PTCLDY (SCALE 4-7)   1
TOTAL FM JUL 1   372    CLOUDY (SCALE 8-10)  0
DPTR FM NORMAL    92

[CDD (BASE 65) ]
TOTAL THIS MO.     0
DPTR FM NORMAL     0    [PRESSURE DATA]
TOTAL FM JAN 1  1222    HIGHEST SLP 24.86 ON 10
DPTR FM NORMAL   441    LOWEST  SLP 29.58 ON 19

[REMARKS]
