272
CXUS56 KLKN 241009
CF6TPH
PRELIMINARY LOCAL CLIMATOLOGICAL DATA (WS FORM: F-6)

                                          STATION:   TONOPAH AIRPORT NV
                                          MONTH:     MARCH
                                          YEAR:      2017
                                          LATITUDE:   38  3 N
                                          LONGITUDE: 117  5 W

  TEMPERATURE IN F:       :PCPN:    SNOW:  WIND      :SUNSHINE: SKY     :PK WND
================================================================================
1   2   3   4   5  6A  6B    7    8   9   10  11  12  13   14  15   16   17  18
                                     12Z  AVG MX 2MIN
DY MAX MIN AVG DEP HDD CDD  WTR  SNW DPTH SPD SPD DIR MIN PSBL S-S WX    SPD DR
================================================================================

 1  50  21  36  -4  29   0 0.00    M    M  8.1 16  10   M    M   0        20  10
 2  57  25  41   1  24   0 0.00    M    M  6.5 14 360   M    M   0        16  10
 3  60  25  43   3  22   0 0.00    M    M  7.4 16 200   M    M   0        20 200
 4  61  28  45   4  20   0 0.00    M    M 13.1 32 190   M    M   0        40 210
 5  51  20  36  -5  29   0 0.02    M    M 18.1 37 310   M    M   3 8      45 310
 6  44  11  28 -13  37   0 0.00    M    M  6.9 21 190   M    M   1        25 170
 7  57  19  38  -3  27   0 0.00    M    M  6.3 18 190   M    M   1        23 180
 8  64  28  46   5  19   0 0.00    M    M  8.2 14 360   M    M   0        16  10
 9  69  30  50   8  15   0 0.00    M    M  6.2 15 360   M    M   0        18 360
10  66  36  51   9  14   0 0.00    M    M  9.8 17 360   M    M   0        19  10
11  66  37  52  10  13   0 0.00    M    M  8.2 18  10   M    M   0        20  10
12  71  33  52  10  13   0 0.00    M    M  8.7 20  10   M    M   0        21 360
13  74  34  54  12  11   0 0.00    M    M  6.6 15  10   M    M   0        17  20
14  75  37  56  13   9   0 0.00    M    M  8.4 20 200   M    M   0        23 230
15  75  38  57  14   8   0 0.00    M    M  9.4 23 190   M    M   0        28 190
16  68  38  53  10  12   0 0.00    M    M  6.6 14 330   M    M   0        16 330
17  76  39  58  15   7   0 0.00    M    M  9.4 23 220   M    M   0        27 230
18  74  43  59  16   6   0 0.00    M    M 11.0 28 210   M    M   0        35 170
19  73  40  57  13   8   0 0.00    M    M 11.1 24 210   M    M   0        31 210
20  73  49  61  17   4   0 0.00    M    M 12.2 29 200   M    M   0        37 220
21  66  40  53   9  12   0 0.05    M    M 11.3 27 210   M    M   2        38 200
22  60  37  49   5  16   0 0.01    M    M 12.3 30 340   M    M   9        38 340
23  55  34  45   1  20   0 0.00    M    M 17.6 36 330   M    M   2        46 320
================================================================================
SM 1485  742       375   0  0.08    M    223.4          M       18
================================================================================
AV 64.6 32.3                               9.7 FASTST   M    M   1    MAX(MPH)
                                 MISC ---->  # 37 310               # 46  320
================================================================================
NOTES:
# LAST OF SEVERAL OCCURRENCES

COLUMN 17 PEAK WIND IN M.P.H.

PRELIMINARY LOCAL CLIMATOLOGICAL DATA (WS FORM: F-6) , PAGE 2

                                          STATION:  TONOPAH AIRPORT NV
                                          MONTH:    MARCH
                                          YEAR:     2017
                                          LATITUDE:   38  3 N
                                          LONGITUDE: 117  5 W

[TEMPERATURE DATA]      [PRECIPITATION DATA]       SYMBOLS USED IN COLUMN 16

AVERAGE MONTHLY: 48.4   TOTAL FOR MONTH:   0.08    1 = FOG OR MIST
DPTR FM NORMAL:   6.2   DPTR FM NORMAL:   -0.37    2 = FOG REDUCING VISIBILITY
HIGHEST:    76 ON 17    GRTST 24HR  0.05 ON 21-21      TO 1/4 MILE OR LESS
LOWEST:     11 ON  6                               3 = THUNDER
                        SNOW, ICE PELLETS, HAIL    4 = ICE PELLETS
                        TOTAL MONTH:    M          5 = HAIL
                        GRTST 24HR    M  ON   M    6 = FREEZING RAIN OR DRIZZLE
                        GRTST DEPTH:  M  ON   M    7 = DUSTSTORM OR SANDSTORM:
                                                       VSBY 1/2 MILE OR LESS
                                                   8 = SMOKE OR HAZE
[NO. OF DAYS WITH]      [WEATHER - DAYS WITH]      9 = BLOWING SNOW
                                                   X = TORNADO
MAX 32 OR BELOW:   0    0.01 INCH OR MORE:   3
MAX 90 OR ABOVE:   0    0.10 INCH OR MORE:   0
MIN 32 OR BELOW:   9    0.50 INCH OR MORE:   0
MIN  0 OR BELOW:   0    1.00 INCH OR MORE:   0

[HDD (BASE 65) ]
TOTAL THIS MO.   375    CLEAR  (SCALE 0-3)  22
DPTR FM NORMAL  -150    PTCLDY (SCALE 4-7)   0
TOTAL FM JUL 1  4240    CLOUDY (SCALE 8-10)  1
DPTR FM NORMAL  -327

[CDD (BASE 65) ]
TOTAL THIS MO.     0
DPTR FM NORMAL     0    [PRESSURE DATA]
TOTAL FM JAN 1     0    HIGHEST SLP M ON M
DPTR FM NORMAL     0    LOWEST  SLP 29.49 ON  5

[REMARKS]
