000
CXUS56 KLKN 171009
CF6TPH
PRELIMINARY LOCAL CLIMATOLOGICAL DATA (WS FORM: F-6)

                                          STATION:   TONOPAH AIRPORT NV
                                          MONTH:     AUGUST
                                          YEAR:      2017
                                          LATITUDE:   38  3 N
                                          LONGITUDE: 117  5 W

  TEMPERATURE IN F:       :PCPN:    SNOW:  WIND      :SUNSHINE: SKY     :PK WND
================================================================================
1   2   3   4   5  6A  6B    7    8   9   10  11  12  13   14  15   16   17  18
                                     12Z  AVG MX 2MIN
DY MAX MIN AVG DEP HDD CDD  WTR  SNW DPTH SPD SPD DIR MIN PSBL S-S WX    SPD DR
================================================================================

 1  99  71  85  10   0  20 0.00    M    M  8.3 16 360   M    M   0        23 100
 2 100  65  83   8   0  18    T    M    M  7.6 25 190   M    M   0        32 180
 3  95  63  79   4   0  14 0.15    M    M  7.4 36  70   M    M   1 3      47  30
 4  93  65  79   5   0  14    T    M    M  7.8 45  30   M    M   2 3      53  20
 5  92  62  77   3   0  12 0.02    M    M  8.7 33  20   M    M   2 3      38  20
 6  86  63  75   1   0  10 0.01    M    M  8.1 23 320   M    M   4        28 320
 7  89  60  75   1   0  10 0.01    M    M 11.1 30  20   M    M   2        40  10
 8  90  61  76   2   0  11 0.00    M    M  9.0 21 360   M    M   0        28 180
 9  91  59  75   1   0  10 0.00    M    M  9.3 22 190   M    M   0        30 210
10  93  61  77   3   0  12 0.00    M    M  8.5 20 200   M    M   0        27 220
11  93  55  74   0   0   9 0.00    M    M  9.6 22 180   M    M   0        28 200
12  95  58  77   4   0  12 0.00    M    M  7.9 23 200   M    M   0        31 220
13  91  58  75   2   0  10 0.00    M    M  7.1 16 150   M    M   0        22 240
14  87  56  72  -1   0   7 0.00    M    M  8.5 21  10   M    M   1        25  10
15  87  61  74   1   0   9 0.00    M    M  7.6 18  10   M    M   1        21  10
16  89  58  74   1   0   9 0.00    M    M  8.4 24 140   M    M   3        32 140
================================================================================
SM 1470  976         0 187  0.19    M    134.9          M       16
================================================================================
AV 91.9 61.0                               8.4 FASTST   M    M   1    MAX(MPH)
                                 MISC ---->  # 45  30               # 53   20
================================================================================
NOTES:
# LAST OF SEVERAL OCCURRENCES

COLUMN 17 PEAK WIND IN M.P.H.

PRELIMINARY LOCAL CLIMATOLOGICAL DATA (WS FORM: F-6) , PAGE 2

                                          STATION:  TONOPAH AIRPORT NV
                                          MONTH:    AUGUST
                                          YEAR:     2017
                                          LATITUDE:   38  3 N
                                          LONGITUDE: 117  5 W

[TEMPERATURE DATA]      [PRECIPITATION DATA]       SYMBOLS USED IN COLUMN 16

AVERAGE MONTHLY: 76.4   TOTAL FOR MONTH:   0.19    1 = FOG OR MIST
DPTR FM NORMAL:   2.6   DPTR FM NORMAL:   -0.07    2 = FOG REDUCING VISIBILITY
HIGHEST:   100 ON  2    GRTST 24HR  0.15 ON  3- 3      TO 1/4 MILE OR LESS
LOWEST:     55 ON 11                               3 = THUNDER
                        SNOW, ICE PELLETS, HAIL    4 = ICE PELLETS
                        TOTAL MONTH:    M          5 = HAIL
                        GRTST 24HR    M  ON   M    6 = FREEZING RAIN OR DRIZZLE
                        GRTST DEPTH:  M  ON   M    7 = DUSTSTORM OR SANDSTORM:
                                                       VSBY 1/2 MILE OR LESS
                                                   8 = SMOKE OR HAZE
[NO. OF DAYS WITH]      [WEATHER - DAYS WITH]      9 = BLOWING SNOW
                                                   X = TORNADO
MAX 32 OR BELOW:   0    0.01 INCH OR MORE:   4
MAX 90 OR ABOVE:  11    0.10 INCH OR MORE:   1
MIN 32 OR BELOW:   0    0.50 INCH OR MORE:   0
MIN  0 OR BELOW:   0    1.00 INCH OR MORE:   0

[HDD (BASE 65) ]
TOTAL THIS MO.     0    CLEAR  (SCALE 0-3)  15
DPTR FM NORMAL     0    PTCLDY (SCALE 4-7)   1
TOTAL FM JUL 1     0    CLOUDY (SCALE 8-10)  0
DPTR FM NORMAL    -2

[CDD (BASE 65) ]
TOTAL THIS MO.   187
DPTR FM NORMAL    44    [PRESSURE DATA]
TOTAL FM JAN 1   945    HIGHEST SLP M ON M
DPTR FM NORMAL   327    LOWEST  SLP 29.72 ON 13

[REMARKS]
