494
CXUS54 KFWD 180730
CF6TPL
PRELIMINARY LOCAL CLIMATOLOGICAL DATA (WS FORM: F-6)

                                          STATION:   TEMPLE
                                          MONTH:     OCTOBER
                                          YEAR:      2017
                                          LATITUDE:   31  8 N
                                          LONGITUDE:  97 25 W

  TEMPERATURE IN F:       :PCPN:    SNOW:  WIND      :SUNSHINE: SKY     :PK WND
================================================================================
1   2   3   4   5  6A  6B    7    8   9   10  11  12  13   14  15   16   17  18
                                     12Z  AVG MX 2MIN
DY MAX MIN AVG DEP HDD CDD  WTR  SNW DPTH SPD SPD DIR MIN PSBL S-S WX    SPD DR
================================================================================

 1  88  57  73   1   0   8 0.00  0.0    0  5.3 13 170   M    M   0        16 170
 2  90  67  79   7   0  14 0.00  0.0    0  9.5 15 170   M    M   2        23 150
 3  90  70  80   9   0  15 0.58  0.0    0  8.3 21  80   M    M   8 13     27  80
 4  87  72  80   9   0  15    T  0.0    0  7.8 12 110   M    M   3         M  M
 5  88  65  77   6   0  12 0.00  0.0    0  4.6 10 120   M    M   2         M  M
 6  86  65  76   6   0  11 0.00  0.0    0  7.7 14 190   M    M   0        20 150
 7  87  64  76   6   0  11 0.00  0.0    0  6.8 15 170   M    M   4         M  M
 8  90  59  75   5   0  10 0.00  0.0    0  6.7 10 170   M    M   1         M  M
 9  92  71  82  13   0  17 0.00  0.0    0 13.2 20 160   M    M   2        25 180
10  73  55  64  -5   1   0 0.00  0.0    0 15.1 23 340   M    M   6        35 320
11  77  50  64  -5   1   0 0.00  0.0    0  6.1 12  10   M    M   0         M  M
12  88  56  72   4   0   7 0.00  0.0    0  4.6 13 160   M    M   0         M  M
13  90  66  78  10   0  13 0.00  0.0    0  9.3 15 170   M    M   1 1      18 140
14  91  69  80  12   0  15 0.00  0.0    0  9.8 20 160   M    M   3 1      22 180
15  77  54  66  -2   0   1    T  0.0    0 12.1 22 360   M    M   3        35 350
16  75  45  60  -7   5   0 0.00  0.0    0  8.8 14  30   M    M   0        18  30
17  79  39  59  -8   6   0 0.00  0.0    0  4.9  9 140   M    M   0         M  M
================================================================================
SM 1448 1024        13 149  0.58     0.0 140.6          M       35
================================================================================
AV 85.2 60.2                               8.3 FASTST   M    M   2    MAX(MPH)
                                 MISC ---->  # 23 340               # 35  320
================================================================================
NOTES:
# LAST OF SEVERAL OCCURRENCES

COLUMN 17 PEAK WIND IN M.P.H.

PRELIMINARY LOCAL CLIMATOLOGICAL DATA (WS FORM: F-6) , PAGE 2

                                          STATION:  TEMPLE
                                          MONTH:    OCTOBER
                                          YEAR:     2017
                                          LATITUDE:   31  8 N
                                          LONGITUDE:  97 25 W

[TEMPERATURE DATA]      [PRECIPITATION DATA]       SYMBOLS USED IN COLUMN 16

AVERAGE MONTHLY: 72.7   TOTAL FOR MONTH:   0.58    1 = FOG OR MIST
DPTR FM NORMAL:   3.3   DPTR FM NORMAL:   -1.31    2 = FOG REDUCING VISIBILITY
HIGHEST:    92 ON  9    GRTST 24HR  0.58 ON  3- 3      TO 1/4 MILE OR LESS
LOWEST:     39 ON 17                               3 = THUNDER
                        SNOW, ICE PELLETS, HAIL    4 = ICE PELLETS
                        TOTAL MONTH:   0.0 INCH    5 = HAIL
                        GRTST 24HR     0.0         6 = FREEZING RAIN OR DRIZZLE
                        GRTST DEPTH:   0           7 = DUSTSTORM OR SANDSTORM:
                                                       VSBY 1/2 MILE OR LESS
                                                   8 = SMOKE OR HAZE
[NO. OF DAYS WITH]      [WEATHER - DAYS WITH]      9 = BLOWING SNOW
                                                   X = TORNADO
MAX 32 OR BELOW:   0    0.01 INCH OR MORE:   1
MAX 90 OR ABOVE:   6    0.10 INCH OR MORE:   1
MIN 32 OR BELOW:   0    0.50 INCH OR MORE:   1
MIN  0 OR BELOW:   0    1.00 INCH OR MORE:   0

[HDD (BASE 65) ]
TOTAL THIS MO.    13    CLEAR  (SCALE 0-3)  13
DPTR FM NORMAL   -10    PTCLDY (SCALE 4-7)   3
TOTAL FM JUL 1    13    CLOUDY (SCALE 8-10)  1
DPTR FM NORMAL   -17

[CDD (BASE 65) ]
TOTAL THIS MO.   149
DPTR FM NORMAL    51    [PRESSURE DATA]
TOTAL FM JAN 1  2879    HIGHEST SLP M ON M
DPTR FM NORMAL   455    LOWEST  SLP M ON M

[REMARKS]
