000
CXUS54 KMRX 251000
CF6TRI
PRELIMINARY LOCAL CLIMATOLOGICAL DATA (WS FORM: F-6)

                                          STATION:   TRI-CITIES      ASOS
                                          MONTH:     OCTOBER
                                          YEAR:      2014
                                          LATITUDE:   36 28 N
                                          LONGITUDE:  82 24 W

  TEMPERATURE IN F:       :PCPN:    SNOW:  WIND      :SUNSHINE: SKY     :PK WND
================================================================================
1   2   3   4   5  6A  6B    7    8   9   10  11  12  13   14  15   16   17  18
                                     12Z  AVG MX 2MIN
DY MAX MIN AVG DEP HDD CDD  WTR  SNW DPTH SPD SPD DIR MIN PSBL S-S WX    SPD DR
================================================================================

 1  82  50  66   5   0   1 0.00  0.0    0  1.1 10 250   M    M   M 128    13 260
 2  82  49  66   5   0   1 0.00  0.0    0  1.1  9 230   M    M   M 18     12 220
 3  74  58  66   6   0   1 0.23  0.0    0  6.1 16 240   M    M   M 1      22 280
 4  60  37  49 -11  16   0    T    M    0  9.3 22 250   M    M   M 18     29 230
 5  63  32  48 -12  17   0 0.00  0.0    0  4.3 17 220   M    M   M 12     23 250
 6  71  41  56  -3   9   0 0.74  0.0    0  4.3 38 290   M    M   M 13     52 290
 7  64  54  59   0   6   0 0.59  0.0    0  1.9 14 310   M    M   M 12     16 300
 8  76  49  63   4   2   0 0.59  0.0    0  5.6 22 240   M    M   M 1      28 230
 9  79  45  62   4   3   0 0.46    M    0  1.5 28 280   M    M   M 123    33 280
10  66  53  60   2   5   0 0.75  0.0    0  0.3  9 310   M    M   M 12     25 150
11  73  61  67   9   0   2 0.52  0.0    0  2.5 13 310   M    M   M 12     18 330
12  66  59  63   6   2   0 0.57  0.0    0  2.4  7  90   M    M   M 1      11  80
13  79  57  68  11   0   3    T  0.0    0  6.3 20 160   M    M   4        29 140
14  74  58  66   9   0   1 1.09  0.0    0  9.6 22 160   M    M   M 13     32 180
15  67  48  58   2   7   0    T  0.0    0  6.2 20 230   M    M   M 12     25 210
16  60  52  56   0   9   0 0.14  0.0    0  7.3 15 260   M    M   M 1      20  20
17  73  48  61   5   4   0 0.00  0.0    0  6.2 21 220   M    M   M        25 220
18  65  50  58   2   7   0    T  0.0    0  9.0 18 290   M    M   M        27 270
19  62  39  51  -4  14   0 0.00  0.0    0  2.9 10 300   M    M   M        13 300
20  66  39  53  -2  12   0 0.00  0.0    0  3.9 21 240   M    M   M        28 240
21  65  45  55   0  10   0    T    M    0  6.0 18 270   M    M   M 1      26 280
22  55  45  50  -4  15   0 0.00  0.0    0  5.4 13 340   M    M   9        16  80
23  59  39  49  -5  16   0 0.00  0.0    0  4.0 12 360   M    M   M 18     15 360
24  65  37  51  -3  14   0 0.00  0.0    0  1.2  7 260   M    M   M 12     10 270
================================================================================
SM 1646 1145       168   9  5.68     0.0 108.4          M       13
================================================================================
AV 68.6 47.7                               4.5 FASTST   M    M   7    MAX(MPH)
                                 MISC ---->  # 38 290               # 52  290
================================================================================
NOTES:
# LAST OF SEVERAL OCCURRENCES

COLUMN 17 PEAK WIND IN M.P.H.

PRELIMINARY LOCAL CLIMATOLOGICAL DATA (WS FORM: F-6) , PAGE 2

                                          STATION:  TRI-CITIES      ASOS
                                          MONTH:    OCTOBER
                                          YEAR:     2014
                                          LATITUDE:   36 28 N
                                          LONGITUDE:  82 24 W

[TEMPERATURE DATA]      [PRECIPITATION DATA]       SYMBOLS USED IN COLUMN 16

AVERAGE MONTHLY: 58.1   TOTAL FOR MONTH:   5.68    1 = FOG OR MIST
DPTR FM NORMAL:   0.9   DPTR FM NORMAL:    4.11    2 = FOG REDUCING VISIBILITY
HIGHEST:    82 ON  2, 1 GRTST 24HR  1.11 ON  7- 8      TO 1/4 MILE OR LESS
LOWEST:     32 ON  5                               3 = THUNDER
                        SNOW, ICE PELLETS, HAIL    4 = ICE PELLETS
                        TOTAL MONTH:   0.0 INCH    5 = HAIL
                        GRTST 24HR     0.0         6 = FREEZING RAIN OR DRIZZLE
                        GRTST DEPTH:   0           7 = DUSTSTORM OR SANDSTORM:
                                                       VSBY 1/2 MILE OR LESS
                                                   8 = SMOKE OR HAZE
[NO. OF DAYS WITH]      [WEATHER - DAYS WITH]      9 = BLOWING SNOW
                                                   X = TORNADO
MAX 32 OR BELOW:   0    0.01 INCH OR MORE:  10
MAX 90 OR ABOVE:   0    0.10 INCH OR MORE:  10
MIN 32 OR BELOW:   1    0.50 INCH OR MORE:   7
MIN  0 OR BELOW:   0    1.00 INCH OR MORE:   1

[HDD (BASE 65) ]
TOTAL THIS MO.   168    CLEAR  (SCALE 0-3)   0
DPTR FM NORMAL   -27    PTCLDY (SCALE 4-7)   1
TOTAL FM JUL 1   179    CLOUDY (SCALE 8-10)  1
DPTR FM NORMAL   -69

[CDD (BASE 65) ]
TOTAL THIS MO.     9
DPTR FM NORMAL     0    [PRESSURE DATA]
TOTAL FM JAN 1  1141    HIGHEST SLP M ON M
DPTR FM NORMAL   164    LOWEST  SLP 29.69 ON 14

[REMARKS]
