000
CXUS54 KMRX 311000
CF6TRI
PRELIMINARY LOCAL CLIMATOLOGICAL DATA (WS FORM: F-6)

                                          STATION:   TRI-CITIES      ASOS
                                          MONTH:     JULY
                                          YEAR:      2014
                                          LATITUDE:   36 28 N
                                          LONGITUDE:  82 24 W

  TEMPERATURE IN F:       :PCPN:    SNOW:  WIND      :SUNSHINE: SKY     :PK WND
================================================================================
1   2   3   4   5  6A  6B    7    8   9   10  11  12  13   14  15   16   17  18
                                     12Z  AVG MX 2MIN
DY MAX MIN AVG DEP HDD CDD  WTR  SNW DPTH SPD SPD DIR MIN PSBL S-S WX    SPD DR
================================================================================

 1  90  67  79   5   0  14 0.00  0.0    0  4.9 13 280   M    M   M 1      17 240
 2  91  68  80   6   0  15 0.00  0.0    0  4.7 15 240   M    M   M 18     20 250
 3  85  65  75   1   0  10 0.00  0.0    0  5.1 16 340   M    M   7        21 300
 4  80  58  69  -5   0   4 0.00  0.0    0  5.0 15 350   M    M   3        19 360
 5  85  50  68  -7   0   3 0.00  0.0    0  2.6 13 260   M    M   2 1      18 260
 6  87  60  74  -1   0   9 0.00  0.0    0  3.5 15 240   M    M   6 8      22 270
 7  91  58  75   0   0  10 0.00  0.0    0  7.2 21 240   M    M   M        27 250
 8  87  65  76   1   0  11 0.23  0.0    0  7.4 38 260   M    M   7 13     49 260
 9  82  69  76   1   0  11 0.46  0.0    M  7.3 17 240   M    M   M 13     20 230
10  87  66  77   2   0  12 0.00  0.0    0  2.3 13 340   M    M   M        17 290
11  90  62  76   1   0  11 0.00  0.0    0  1.6  8 350   M    M   M 128    12 360
12  91  63  77   2   0  12 0.00  0.0    0  3.4 13 190   M    M   M 13     18 190
13  91  67  79   4   0  14 0.00  0.0    0  4.4 17 220   M    M   7 1      22 240
14  93  67  80   5   0  15 0.29  0.0    0  6.0 24 320   M    M   M 13     32 310
15  82  66  74  -1   0   9 0.41  0.0    0  5.4 26 300   M    M   M 13     33 320
16  77  55  66  -9   0   1 0.00  0.0    0  2.7 10 350   M    M   M        13 300
17  81  52  67  -8   0   2 0.00  0.0    0  3.2  9 330   M    M   5 1      13 350
18  69  62  66  -9   0   1 0.95  0.0    0  1.0  7  80   M    M   M 18     11  80
19  77  64  71  -4   0   6 0.77  0.0    0  3.4 13 140   M    M   M 1      27 100
20  81  62  72  -3   0   7 0.09  0.0    0  1.1  7 270   M    M   M 18      9 100
21  89  63  76   1   0  11 0.00  0.0    0  1.9 14 130   M    M   M 1      18 140
22  90  65  78   3   0  13 0.00  0.0    0  1.4 12 200   M    M   M 1      14 200
23  83  66  75   0   0  10 0.00  0.0    0  3.5 14 280   M    M   7 1      17 280
24  86  66  76   1   0  11 0.35  0.0    0  4.0 24 310   M    M   M 13     34 300
25  84  59  72  -3   0   7 0.00  0.0    0  2.6 12 300   M    M   M 1      16 280
26  84  61  73  -2   0   8 0.00  0.0    0  2.8 12 200   M    M   M 18     17 270
27  84  66  75   0   0  10 1.70  0.0    0  4.2 22 350   M    M   M 12358  29 350
28  79  62  71  -4   0   6    T  0.0    0  8.2 20 260   M    M   6        24 270
29  77  55  66  -8   0   1 0.00  0.0    0  4.0 14 270   M    M   M 1      18 320
30  78  51  65  -9   0   0 0.00  0.0    0  1.4  8 290   M    M   M 12     12 290
================================================================================
SM 2531 1860         0 254  5.25     0.0 116.2          M       50
================================================================================
AV 84.4 62.0                               3.9 FASTST   M    M   6    MAX(MPH)
                                 MISC ---->  # 38 260               # 49  260
================================================================================
NOTES:
# LAST OF SEVERAL OCCURRENCES

COLUMN 17 PEAK WIND IN M.P.H.

PRELIMINARY LOCAL CLIMATOLOGICAL DATA (WS FORM: F-6) , PAGE 2

                                          STATION:  TRI-CITIES      ASOS
                                          MONTH:    JULY
                                          YEAR:     2014
                                          LATITUDE:   36 28 N
                                          LONGITUDE:  82 24 W

[TEMPERATURE DATA]      [PRECIPITATION DATA]       SYMBOLS USED IN COLUMN 16

AVERAGE MONTHLY: 73.2   TOTAL FOR MONTH:   5.25    1 = FOG OR MIST
DPTR FM NORMAL:  -1.6   DPTR FM NORMAL:    0.71    2 = FOG REDUCING VISIBILITY
HIGHEST:    93 ON 14    GRTST 24HR  1.70 ON 27-27      TO 1/4 MILE OR LESS
LOWEST:     50 ON  5                               3 = THUNDER
                        SNOW, ICE PELLETS, HAIL    4 = ICE PELLETS
                        TOTAL MONTH:   0.0 INCH    5 = HAIL
                        GRTST 24HR     0.0         6 = FREEZING RAIN OR DRIZZLE
                        GRTST DEPTH:   0           7 = DUSTSTORM OR SANDSTORM:
                                                       VSBY 1/2 MILE OR LESS
                                                   8 = SMOKE OR HAZE
[NO. OF DAYS WITH]      [WEATHER - DAYS WITH]      9 = BLOWING SNOW
                                                   X = TORNADO
MAX 32 OR BELOW:   0    0.01 INCH OR MORE:   9
MAX 90 OR ABOVE:   8    0.10 INCH OR MORE:   8
MIN 32 OR BELOW:   0    0.50 INCH OR MORE:   3
MIN  0 OR BELOW:   0    1.00 INCH OR MORE:   1

[HDD (BASE 65) ]
TOTAL THIS MO.     0    CLEAR  (SCALE 0-3)   2
DPTR FM NORMAL     0    PTCLDY (SCALE 4-7)   7
TOTAL FM JUL 1     0    CLOUDY (SCALE 8-10)  0
DPTR FM NORMAL     0

[CDD (BASE 65) ]
TOTAL THIS MO.   254
DPTR FM NORMAL   -43    [PRESSURE DATA]
TOTAL FM JAN 1   684    HIGHEST SLP M ON M
DPTR FM NORMAL   108    LOWEST  SLP 29.82 ON 15

[REMARKS]
