000
CXUS51 KPHI 270800
CF6TTN
PRELIMINARY LOCAL CLIMATOLOGICAL DATA (WS FORM: F-6)

                                          STATION:   TRENTON NJ
                                          MONTH:     FEBRUARY
                                          YEAR:      2017
                                          LATITUDE:   40 16 N
                                          LONGITUDE:  74 49 W

  TEMPERATURE IN F:       :PCPN:    SNOW:  WIND      :SUNSHINE: SKY     :PK WND
================================================================================
1   2   3   4   5  6A  6B    7    8   9   10  11  12  13   14  15   16   17  18
                                     12Z  AVG MX 2MIN
DY MAX MIN AVG DEP HDD CDD  WTR  SNW DPTH SPD SPD DIR MIN PSBL S-S WX    SPD DR
================================================================================

 1  48  28  38   6  27   0 0.00    M    M  6.5 20 280   M    M   5 1      28 250
 2  45  31  38   6  27   0 0.00    M    M  6.7 20 280   M    M   5        31 280
 3  33  25  29  -3  36   0 0.00    M    M  8.1 20 320   M    M   4        31 300
 4  34  20  27  -5  38   0 0.00    M    M  8.2 16 340   M    M   1        22 340
 5  44  26  35   3  30   0 0.00    M    M  6.2 14 220   M    M   7        18 220
 6  52  36  44  12  21   0 0.00    M    M  6.5 14 260   M    M   2        21 290
 7  44  35  40   7  25   0 0.18    M    M  5.8 13  70   M    M   8 123    16  80
 8  65  39  52  19  13   0    T    M    M  6.5 17 300   M    M   5 128    25 300
 9  44  19  32  -1  33   0 0.65    M    M 15.7 30 330   M    M   6 128    44 320
10  30  19  25  -8  40   0 0.00    M    M  8.7 20 270   M    M   3        27 250
11  47  28  38   5  27   0 0.00    M    M  3.5 12 260   M    M   6        15 250
12  42  32  37   4  28   0 0.16    M    M  9.3 16  70   M    M   9 1      19 330
13  42  30  36   2  29   0 0.00    M    M 15.4 31 310   M    M   7        43 320
14  42  24  33  -1  32   0 0.00    M    M  6.1 18 330   M    M   0        25 330
15  52  29  41   7  24   0    T    M    M  6.3 23 310   M    M   4 1      35 280
16  38  29  34   0  31   0 0.00    M    M 13.4 23 300   M    M   4        32 340
17  45  24  35   1  30   0 0.00    M    M  5.9 15 300   M    M   0        19 350
18  67  26  47  13  18   0 0.00    M    M  5.2 17 210   M    M   0        21 220
19  69  45  57  22   8   0 0.00    M    M  6.6 16 310   M    M   4        21 260
20  57  37  47  12  18   0 0.00    M    M  8.9 20 340   M    M   0        26 350
21  50  31  41   6  24   0 0.00    M    M  6.9 10 160   0    0   0         M  M
22  58  39  49  14  16   0 0.00    M    M  3.3  8 210   M    M   4        11 260
23  71  39  55  19  10   0 0.00    M    M  5.0 17 210   M    M   4 128    24 220
24  75  47  61  25   4   0 0.00    M    M  8.1 18 210   M    M   2        24 220
25  74  45  60  24   5   0 0.38    M    M 11.9 24 170   M    M   5 13     33 150
26  45  31  38   2  27   0 0.00    M    M 10.0 20 300   M    M   4        29 300
================================================================================
SM 1313  814       621   0  1.37    M    204.7            0     99
================================================================================
AV 50.5 31.3                               7.9 FASTST    0   0   4    MAX(MPH)
                                 MISC ---->  # 31 310               # 44  320
================================================================================
NOTES:
# LAST OF SEVERAL OCCURRENCES

COLUMN 17 PEAK WIND IN M.P.H.

PRELIMINARY LOCAL CLIMATOLOGICAL DATA (WS FORM: F-6) , PAGE 2

                                          STATION:  TRENTON NJ
                                          MONTH:    FEBRUARY
                                          YEAR:     2017
                                          LATITUDE:   40 16 N
                                          LONGITUDE:  74 49 W

[TEMPERATURE DATA]      [PRECIPITATION DATA]       SYMBOLS USED IN COLUMN 16

AVERAGE MONTHLY: 40.9   TOTAL FOR MONTH:   1.37    1 = FOG OR MIST
DPTR FM NORMAL:   7.1   DPTR FM NORMAL:   -0.74    2 = FOG REDUCING VISIBILITY
HIGHEST:    75 ON 24    GRTST 24HR  0.65 ON  9- 9      TO 1/4 MILE OR LESS
LOWEST:     19 ON 10, 9                            3 = THUNDER
                        SNOW, ICE PELLETS, HAIL    4 = ICE PELLETS
                        TOTAL MONTH:    M          5 = HAIL
                        GRTST 24HR    M  ON   M    6 = FREEZING RAIN OR DRIZZLE
                        GRTST DEPTH:  M  ON   M    7 = DUSTSTORM OR SANDSTORM:
                                                       VSBY 1/2 MILE OR LESS
                                                   8 = SMOKE OR HAZE
[NO. OF DAYS WITH]      [WEATHER - DAYS WITH]      9 = BLOWING SNOW
                                                   X = TORNADO
MAX 32 OR BELOW:   1    0.01 INCH OR MORE:   4
MAX 90 OR ABOVE:   0    0.10 INCH OR MORE:   4
MIN 32 OR BELOW:  17    0.50 INCH OR MORE:   1
MIN  0 OR BELOW:   0    1.00 INCH OR MORE:   0

[HDD (BASE 65) ]
TOTAL THIS MO.   621    CLEAR  (SCALE 0-3)   8
DPTR FM NORMAL  -190    PTCLDY (SCALE 4-7)  16
TOTAL FM JUL 1  3183    CLOUDY (SCALE 8-10)  2
DPTR FM NORMAL  -574

[CDD (BASE 65) ]
TOTAL THIS MO.     0
DPTR FM NORMAL     0    [PRESSURE DATA]
TOTAL FM JAN 1     0    HIGHEST SLP  0.00 ON 21
DPTR FM NORMAL     0    LOWEST  SLP  0.00 ON 21

[REMARKS]
