000
CXUS54 KTSA 240840
CF6TUL
PRELIMINARY LOCAL CLIMATOLOGICAL DATA (WS FORM: F-6)

                                          STATION:   TULSA OKLAHOMA
                                          MONTH:     JULY
                                          YEAR:      2016
                                          LATITUDE:   36 12 N
                                          LONGITUDE:  95 54 W

  TEMPERATURE IN F:       :PCPN:    SNOW:  WIND      :SUNSHINE: SKY     :PK WND
================================================================================
1   2   3   4   5  6A  6B    7    8   9   10  11  12  13   14  15   16   17  18
                                     12Z  AVG MX 2MIN
DY MAX MIN AVG DEP HDD CDD  WTR  SNW DPTH SPD SPD DIR MIN PSBL S-S WX    SPD DR
================================================================================

 1  88  73  81   0   0  16 0.08  0.0    0  4.3 13 320   M    M   9        15 320
 2  98  72  85   3   0  20 0.00  0.0    0 11.2 22 170   M    M   7        30 170
 3  90  72  81  -1   0  16 0.54  0.0    0 10.1 23 180   M    M   8 13     27 170
 4  93  72  83   1   0  18 0.00  0.0    0  6.8 15 180   M    M   6        17 170
 5  98  79  89   7   0  24 0.00  0.0    0 12.8 22 170   M    M   5        26 170
 6  97  76  87   5   0  22    T  0.0    0 15.2 25 190   M    M   4 3      32 190
 7  96  82  89   7   0  24 0.00  0.0    0 17.1 29 190   M    M   5        36 170
 8  89  73  81  -1   0  16 0.08  0.0    0  7.7 30 260   M    M   8 3      39 270
 9  91  75  83   1   0  18    T  0.0    0 10.7 22 160   M    M   7 3      27 160
10  96  73  85   2   0  20 0.00  0.0    0 11.0 21 170   M    M   1        29 170
11  95  76  86   3   0  21 0.00  0.0    0 16.8 29 170   M    M   3        37 180
12  94  77  86   3   0  21 0.17  0.0    0 15.5 28 170   M    M   6 13     35 170
13  97  80  89   6   0  24 0.00  0.0    0 15.9 29 180   M    M   4 3      38 170
14  91  67  79  -4   0  14 1.12  0.0    0  9.1 41 310   M    M   7 13     53 320
15  89  70  80  -3   0  15    T  0.0    0  7.0 21 170   M    M   6 3      28 140
16  92  73  83   0   0  18 0.00  0.0    0  7.7 16 160   M    M   7        19 140
17  96  78  87   4   0  22 0.00  0.0    0 12.7 22 170   M    M   1        31 190
18  96  79  88   5   0  23 0.00  0.0    0  9.3 18 180   M    M   1        23 180
19  97  78  88   5   0  23 0.00  0.0    0  7.9 14 170   M    M   4        19 170
20  98  79  89   6   0  24 0.00  0.0    0  9.9 16 170   M    M   1        22 190
21  99  80  90   7   0  25 0.00  0.0    0  9.2 20 170   M    M   1        25 170
22 101  80  91   8   0  26 0.00  0.0    0  8.5 18 180   M    M   0        23 160
23 100  79  90   6   0  25 0.00  0.0    0  8.3 20 180   M    M   1        26 190
================================================================================
SM 2181 1743         0 475  1.99     0.0 244.7          M      102
================================================================================
AV 94.8 75.8                              10.6 FASTST   M    M   4    MAX(MPH)
                                 MISC ---->  # 41 310               # 53  320
================================================================================
NOTES:
# LAST OF SEVERAL OCCURRENCES

COLUMN 17 PEAK WIND IN M.P.H.

PRELIMINARY LOCAL CLIMATOLOGICAL DATA (WS FORM: F-6) , PAGE 2

                                          STATION:  TULSA OKLAHOMA
                                          MONTH:    JULY
                                          YEAR:     2016
                                          LATITUDE:   36 12 N
                                          LONGITUDE:  95 54 W

[TEMPERATURE DATA]      [PRECIPITATION DATA]       SYMBOLS USED IN COLUMN 16

AVERAGE MONTHLY: 85.3   TOTAL FOR MONTH:   1.99    1 = FOG OR MIST
DPTR FM NORMAL:   2.7   DPTR FM NORMAL:   -0.61    2 = FOG REDUCING VISIBILITY
HIGHEST:   101 ON 22    GRTST 24HR  1.12 ON 14-14      TO 1/4 MILE OR LESS
LOWEST:     67 ON 14                               3 = THUNDER
                        SNOW, ICE PELLETS, HAIL    4 = ICE PELLETS
                        TOTAL MONTH:   0.0 INCH    5 = HAIL
                        GRTST 24HR     0.0         6 = FREEZING RAIN OR DRIZZLE
                        GRTST DEPTH:   0           7 = DUSTSTORM OR SANDSTORM:
                                                       VSBY 1/2 MILE OR LESS
                                                   8 = SMOKE OR HAZE
[NO. OF DAYS WITH]      [WEATHER - DAYS WITH]      9 = BLOWING SNOW
                                                   X = TORNADO
MAX 32 OR BELOW:   0    0.01 INCH OR MORE:   5
MAX 90 OR ABOVE:  20    0.10 INCH OR MORE:   3
MIN 32 OR BELOW:   0    0.50 INCH OR MORE:   2
MIN  0 OR BELOW:   0    1.00 INCH OR MORE:   1

[HDD (BASE 65) ]
TOTAL THIS MO.     0    CLEAR  (SCALE 0-3)   7
DPTR FM NORMAL     0    PTCLDY (SCALE 4-7)  14
TOTAL FM JUL 1     0    CLOUDY (SCALE 8-10)  2
DPTR FM NORMAL     0

[CDD (BASE 65) ]
TOTAL THIS MO.   475
DPTR FM NORMAL    71    [PRESSURE DATA]
TOTAL FM JAN 1  1212    HIGHEST SLP M ON M
DPTR FM NORMAL   195    LOWEST  SLP 29.68 ON  7

[REMARKS]
