000
CXUS54 KTSA 230940
CF6TUL
PRELIMINARY LOCAL CLIMATOLOGICAL DATA (WS FORM: F-6)

                                          STATION:   TULSA OKLAHOMA
                                          MONTH:     FEBRUARY
                                          YEAR:      2017
                                          LATITUDE:   36 12 N
                                          LONGITUDE:  95 54 W

  TEMPERATURE IN F:       :PCPN:    SNOW:  WIND      :SUNSHINE: SKY     :PK WND
================================================================================
1   2   3   4   5  6A  6B    7    8   9   10  11  12  13   14  15   16   17  18
                                     12Z  AVG MX 2MIN
DY MAX MIN AVG DEP HDD CDD  WTR  SNW DPTH SPD SPD DIR MIN PSBL S-S WX    SPD DR
================================================================================

 1  59  36  48   9  17   0 0.00  0.0    0 13.8 23  20   M    M   8        32  20
 2  41  31  36  -3  29   0 0.00  0.0    0 13.7 24  10   M    M  10        31  10
 3  42  28  35  -4  30   0 0.00  0.0    0  8.9 16  10   M    M   9        21 350
 4  49  24  37  -3  28   0 0.00  0.0    0 11.5 23 180   M    M   7        29 170
 5  64  30  47   7  18   0 0.00  0.0    0  6.6 15 140   M    M   4 12     19 150
 6  76  49  63  23   2   0    T  0.0    0 14.3 28 180   M    M   8 1      36 190
 7  75  45  60  20   5   0 0.00  0.0    0  5.8 22 190   M    M   7        30 190
 8  50  28  39  -1  26   0 0.00  0.0    0 15.9 29 350   M    M   6 18     37 330
 9  50  22  36  -5  29   0 0.00  0.0    0  8.4 17 180   M    M   6        21  10
10  74  44  59  18   6   0 0.00  0.0    0 16.8 30 190   M    M   8        37 210
11  86  58  72  31   0   7 0.00  0.0    0 14.1 25 190   M    M   3        34 190
12  66  45  56  15   9   0 0.00  0.0    0 15.2 26 350   M    M   6        35 350
13  54  36  45   3  20   0 0.55  0.0    0  5.0 10 350   M    M   8 1      13 130
14  46  37  42   0  23   0 0.29  0.0    0  6.4 15 270   M    M  10 1      17 280
15  58  33  46   4  19   0 0.00  0.0    0  7.5 17  10   M    M   2        21 360
16  70  34  52  10  13   0 0.00  0.0    0  9.9 21 190   M    M   0        26 180
17  66  37  52   9  13   0 0.00  0.0    0 10.5 21 160   M    M   5        26 170
18  65  48  57  14   8   0 0.00  0.0    0  5.9 12 140   M    M   8        15 140
19  73  43  58  15   7   0    T  0.0    0  9.2 21 170   M    M   8 1      26 150
20  66  50  58  14   7   0 0.34  0.0    0  9.0 20 140   M    M   9 13     26 140
21  74  44  59  15   6   0 0.00  0.0    0  6.9 20 350   M    M   3 12     24 330
22  82  42  62  18   3   0 0.00  0.0    0  7.1 15 170   M    M   4        21 180
================================================================================
SM 1386  844       318   7  1.18     0.0 222.4          M      139
================================================================================
AV 63.0 38.4                              10.1 FASTST   M    M   6    MAX(MPH)
                                 MISC ---->  # 30 190               # 37  330
================================================================================
NOTES:
# LAST OF SEVERAL OCCURRENCES

COLUMN 17 PEAK WIND IN M.P.H.

PRELIMINARY LOCAL CLIMATOLOGICAL DATA (WS FORM: F-6) , PAGE 2

                                          STATION:  TULSA OKLAHOMA
                                          MONTH:    FEBRUARY
                                          YEAR:     2017
                                          LATITUDE:   36 12 N
                                          LONGITUDE:  95 54 W

[TEMPERATURE DATA]      [PRECIPITATION DATA]       SYMBOLS USED IN COLUMN 16

AVERAGE MONTHLY: 50.7   TOTAL FOR MONTH:   1.18    1 = FOG OR MIST
DPTR FM NORMAL:   9.3   DPTR FM NORMAL:   -0.20    2 = FOG REDUCING VISIBILITY
HIGHEST:    86 ON 11    GRTST 24HR  0.83 ON 13-14      TO 1/4 MILE OR LESS
LOWEST:     22 ON  9                               3 = THUNDER
                        SNOW, ICE PELLETS, HAIL    4 = ICE PELLETS
                        TOTAL MONTH:   0.0 INCH    5 = HAIL
                        GRTST 24HR     0.0         6 = FREEZING RAIN OR DRIZZLE
                        GRTST DEPTH:   0           7 = DUSTSTORM OR SANDSTORM:
                                                       VSBY 1/2 MILE OR LESS
                                                   8 = SMOKE OR HAZE
[NO. OF DAYS WITH]      [WEATHER - DAYS WITH]      9 = BLOWING SNOW
                                                   X = TORNADO
MAX 32 OR BELOW:   0    0.01 INCH OR MORE:   3
MAX 90 OR ABOVE:   0    0.10 INCH OR MORE:   3
MIN 32 OR BELOW:   6    0.50 INCH OR MORE:   1
MIN  0 OR BELOW:   0    1.00 INCH OR MORE:   0

[HDD (BASE 65) ]
TOTAL THIS MO.   318    CLEAR  (SCALE 0-3)   3
DPTR FM NORMAL  -202    PTCLDY (SCALE 4-7)  14
TOTAL FM JUL 1  2146    CLOUDY (SCALE 8-10)  5
DPTR FM NORMAL  -647

[CDD (BASE 65) ]
TOTAL THIS MO.     7
DPTR FM NORMAL     7    [PRESSURE DATA]
TOTAL FM JAN 1     7    HIGHEST SLP M ON M
DPTR FM NORMAL     7    LOWEST  SLP 29.47 ON  7

[REMARKS]
