000
CXUS55 KTWC 250855
CF6TUS
PRELIMINARY LOCAL CLIMATOLOGICAL DATA (WS FORM: F-6)

                                          STATION:   TUCSON AZ
                                          MONTH:     DECEMBER
                                          YEAR:      2014
                                          LATITUDE:   32  7 N
                                          LONGITUDE: 110 56 W

  TEMPERATURE IN F:       :PCPN:    SNOW:  WIND      :SUNSHINE: SKY     :PK WND
================================================================================
1   2   3   4   5  6A  6B    7    8   9   10  11  12  13   14  15   16   17  18
                                     12Z  AVG MX 2MIN
DY MAX MIN AVG DEP HDD CDD  WTR  SNW DPTH SPD SPD DIR MIN PSBL S-S WX    SPD DR
================================================================================

 1  72  43  58   4   7   0 0.00  0.0    0  5.4 15 150   M    M   0        22 150
 2  73  46  60   6   5   0    T    M    0  4.6 17 130   M    M   4        20 140
 3  79  56  68  14   0   3    T  0.0    0  4.7 12 160   M    M   6        14 200
 4  64  51  58   5   7   0 0.69  0.0    0  4.7 15 320   M    M   M 1      18 320
 5  70  46  58   5   7   0 0.00  0.0    0  5.6 14 130   M    M   0        18 130
 6  69  51  60   7   5   0 0.00  0.0    0  4.9 16 120   M    M   1        20 120
 7  74  44  59   6   6   0 0.00  0.0    0  3.8  9  10   M    M   0        12  10
 8  74  51  63  11   2   0 0.00  0.0    0  7.0 18 130   M    M   0        24 120
 9  74  51  63  11   2   0 0.00  0.0    0  4.9 12 290   M    M   0        17 260
10  76  47  62  10   3   0 0.00  0.0    0  4.8 12 340   M    M   0        14 340
11  76  48  62  10   3   0 0.00  0.0    0  6.7 14 160   M    M   0        24 240
12  78  48  63  11   2   0 0.00  0.0    0  7.7 22 180   M    M   0        27 190
13  62  43  53   1  12   0 0.44    M    0  6.0 18 350   M    M   6 1      24 360
14  59  38  49  -3  16   0 0.00  0.0    0  4.2 10 330   M    M   0        13 330
15  68  39  54   2  11   0 0.00  0.0    0  4.7 13 140   M    M   0        15 190
16  67  45  56   5   9   0 0.00  0.0    0  3.1 12 190   M    M   0        20 180
17  57  47  52   1  13   0 0.33    M    0  5.5 16 170   M    M   9 1      20 180
18  58  43  51   0  14   0 0.01    M    0  6.0 15 340   M    M   5 1      20 300
19  61  37  49  -2  16   0 0.00  0.0    0  4.3  9 350   M    M   0        13 360
20  63  38  51   0  14   0 0.00  0.0    0  4.2 15 140   M    M   0        17 140
21  64  40  52   1  13   0 0.00  0.0    0  3.8 12 170   M    M   0        13 150
22  65  41  53   2  12   0 0.00  0.0    0  4.7 12 270   M    M   0        15 230
23  61  41  51   0  14   0 0.00  0.0    0  7.1 20 330   M    M   0 8      25 330
24  67  32  50  -1  15   0 0.00  0.0    0  5.7 18 120   M    M   0        24 120
================================================================================
SM 1631 1066       208   3  1.47     0.0 124.1          M       31
================================================================================
AV 68.0 44.4                               5.2 FASTST   M    M   1    MAX(MPH)
                                 MISC ---->  # 22 180               # 27  190
================================================================================
NOTES:
# LAST OF SEVERAL OCCURRENCES

COLUMN 17 PEAK WIND IN M.P.H.

PRELIMINARY LOCAL CLIMATOLOGICAL DATA (WS FORM: F-6) , PAGE 2

                                          STATION:  TUCSON AZ
                                          MONTH:    DECEMBER
                                          YEAR:     2014
                                          LATITUDE:   32  7 N
                                          LONGITUDE: 110 56 W

[TEMPERATURE DATA]      [PRECIPITATION DATA]       SYMBOLS USED IN COLUMN 16

AVERAGE MONTHLY: 56.2   TOTAL FOR MONTH:   1.47    1 = FOG OR MIST
DPTR FM NORMAL:   4.1   DPTR FM NORMAL:    0.75    2 = FOG REDUCING VISIBILITY
HIGHEST:    79 ON  3    GRTST 24HR  0.69 ON  4- 4      TO 1/4 MILE OR LESS
LOWEST:     32 ON 24                               3 = THUNDER
                        SNOW, ICE PELLETS, HAIL    4 = ICE PELLETS
                        TOTAL MONTH:   0.0 INCH    5 = HAIL
                        GRTST 24HR     0.0         6 = FREEZING RAIN OR DRIZZLE
                        GRTST DEPTH:   0           7 = DUSTSTORM OR SANDSTORM:
                                                       VSBY 1/2 MILE OR LESS
                                                   8 = SMOKE OR HAZE
[NO. OF DAYS WITH]      [WEATHER - DAYS WITH]      9 = BLOWING SNOW
                                                   X = TORNADO
MAX 32 OR BELOW:   0    0.01 INCH OR MORE:   4
MAX 90 OR ABOVE:   0    0.10 INCH OR MORE:   3
MIN 32 OR BELOW:   1    0.50 INCH OR MORE:   1
MIN  0 OR BELOW:   0    1.00 INCH OR MORE:   0

[HDD (BASE 65) ]
TOTAL THIS MO.   208    CLEAR  (SCALE 0-3)  18
DPTR FM NORMAL  -102    PTCLDY (SCALE 4-7)   4
TOTAL FM JUL 1   344    CLOUDY (SCALE 8-10)  1
DPTR FM NORMAL  -172

[CDD (BASE 65) ]
TOTAL THIS MO.     3
DPTR FM NORMAL     3    [PRESSURE DATA]
TOTAL FM JAN 1  3619    HIGHEST SLP M ON M
DPTR FM NORMAL   473    LOWEST  SLP 29.80 ON 24

[REMARKS]
