000
CXUS55 KREV 010901
CF6TVL

PRELIMINARY LOCAL CLIMATOLOGICAL DATA (WS FORM: F-6)

                                          STATION:   SOUTH LAKE TAHOE CA
                                          MONTH:     APRIL
                                          YEAR:      2016
                                          LATITUDE:   38 53 N
                                          LONGITUDE: 119 60 W

  TEMPERATURE IN F:       :PCPN:    SNOW:  WIND      :SUNSHINE: SKY     :PK WND
================================================================================
1   2   3   4   5  6A  6B    7    8   9   10  11  12  13   14  15   16   17  18
                                     12Z  AVG MX 2MIN
DY MAX MIN AVG DEP HDD CDD  WTR  SNW DPTH SPD SPD DIR MIN PSBL S-S WX    SPD DR
================================================================================

 1  61  28  45   7  20   0 0.00  0.0    0  3.6 12  30   M    M   M        16  30
 2  61  29  45   7  20   0 0.00  0.0    0  4.3 17 190   M    M   M        22 200
 3  61  29  45   7  20   0 0.00  0.0    0  4.4 15 190   M    M   M        21 210
 4  62  31  47   9  18   0 0.00  0.0    0  3.8 16 190   M    M   M        27 200
 5  61  26  44   6  21   0 0.00  0.0    0  3.6 13 160   M    M   M        17 160
 6  67  27  47   9  18   0 0.00  0.0    0  3.4 14  40   M    M   M        20  60
 7  69  29  49  10  16   0 0.00  0.0    0  3.5 15  60   M    M   M        20  50
 8  60  36  48   9  17   0    T  0.0    0  4.1 15 190   M    M   M        19  80
 9  46  36  41   2  24   0 0.88  0.0    0  4.1 12 180   M    M   M 1      14 190
10  48  36  42   3  23   0 0.03  0.0    0  1.1  8  40   M    M   M 1      10  30
11  54  37  46   7  19   0 0.00  0.0    0  5.2 16 190   M    M   M        20 190
12  56  31  44   4  21   0    T  0.0    0  7.7 20 190   M    M   M        25 180
13  52  33  43   3  22   0 0.00  0.0    0  9.3 26 190   M    M   M        42 190
14  44  28  36  -4  29   0 0.04  0.5    T 11.2 32 190   M    M   M 1      48 190
15  48  27  38  -2  27   0    T    T    0  7.8 22  30   M    M   M        36  40
16  58  29  44   4  21   0 0.00  0.0    0  5.1 17  40   M    M   M        24  50
17  65  25  45   5  20   0 0.00  0.0    0  3.9 17  50   M    M   M        23  60
18  68  27  48   7  17   0 0.00  0.0    0  3.5 12  40   M    M   M        16  30
19  68  30  49   8  16   0 0.00  0.0    0  3.6 12 200   M    M   M        17 200
20  65  29  47   6  18   0 0.00  0.0    0  5.5 23 180   M    M   M        30 200
21  64  33  49   8  16   0 0.00  0.0    0  8.1 26 180   M    M   M        37 200
22  48  28  38  -4  27   0 0.96  6.0    0 12.6 22 190   M    M   M 12     39 200
23  48  18  33  -9  32   0 0.00  0.0    6  3.5 15 180   M    M   M 12     19 190
24  50  29  40  -2  25   0 0.01    T    T  2.8 15 200   M    M   M 13     24 190
25  42  26  34  -8  31   0 0.10  0.3    0  3.0 10  10   M    M   M 12     21  10
26  53  26  40  -3  25   0    T    T    0  3.6 13 200   M    M   M 1      18 330
27  49  33  41  -2  24   0 0.27  1.8    0  3.0 14 200   M    M   M 123    20 200
28  51  31  41  -2  24   0 0.00  0.0    T  2.3 15  30   M    M   M 12     20  20
29  54  29  42  -2  23   0 0.38  2.2    0  5.7 20 190   M    M   M 1      27  20
30  49  32  41  -3  24   0 0.01  0.0    2  6.0 17  30   M    M   M        23  30
================================================================================
SM 1682  888       658   0  2.68    10.8 149.3          M        M
================================================================================
AV 56.1 29.6                               5.0 FASTST   M    M -NAN   MAX(MPH)
                                 MISC ---->  # 32 190               # 48  190
================================================================================
NOTES:
# LAST OF SEVERAL OCCURRENCES

COLUMN 17 PEAK WIND IN M.P.H.

PRELIMINARY LOCAL CLIMATOLOGICAL DATA (WS FORM: F-6) , PAGE 2

                                          STATION:  SOUTH LAKE TAHOE CA
                                          MONTH:    APRIL
                                          YEAR:     2016
                                          LATITUDE:   38 53 N
                                          LONGITUDE: 119 60 W

[TEMPERATURE DATA]      [PRECIPITATION DATA]       SYMBOLS USED IN COLUMN 16

AVERAGE MONTHLY: 42.8   TOTAL FOR MONTH:   2.68    1 = FOG OR MIST
DPTR FM NORMAL:   2.4   DPTR FM NORMAL:    1.64    2 = FOG REDUCING VISIBILITY
HIGHEST:    69 ON  7    GRTST 24HR  0.96 ON 22-22      TO 1/4 MILE OR LESS
LOWEST:     18 ON 23                               3 = THUNDER
                        SNOW, ICE PELLETS, HAIL    4 = ICE PELLETS
                        TOTAL MONTH:  10.8 INCHES  5 = HAIL
                        GRTST 24HR   6.0 ON 22-22  6 = FREEZING RAIN OR DRIZZLE
                        GRTST DEPTH:   6 ON 23     7 = DUSTSTORM OR SANDSTORM:
                                                       VSBY 1/2 MILE OR LESS
                                                   8 = SMOKE OR HAZE
[NO. OF DAYS WITH]      [WEATHER - DAYS WITH]      9 = BLOWING SNOW
                                                   X = TORNADO
MAX 32 OR BELOW:   0    0.01 INCH OR MORE:   9
MAX 90 OR ABOVE:   0    0.10 INCH OR MORE:   5
MIN 32 OR BELOW:  23    0.50 INCH OR MORE:   2
MIN  0 OR BELOW:   0    1.00 INCH OR MORE:   0

[HDD (BASE 65) ]
TOTAL THIS MO.   658    CLEAR  (SCALE 0-3)   0
DPTR FM NORMAL   -80    PTCLDY (SCALE 4-7)   0
TOTAL FM JUL 1  6144    CLOUDY (SCALE 8-10)  0
DPTR FM NORMAL  -746

[CDD (BASE 65) ]
TOTAL THIS MO.     0
DPTR FM NORMAL     0    [PRESSURE DATA]
TOTAL FM JAN 1     0    HIGHEST SLP M ON M
DPTR FM NORMAL     0    LOWEST  SLP 29.73 ON 21

[REMARKS]

THE AVERAGE TEMPERATURE FOR APRIL 2016 AT SOUTH LAKE TAHOE WAS 42.8
DEGREES WHICH IS 2.4 DEGREES ABOVE NORMAL. THE HIGHEST TEMPERATURE
FOR APRIL WAS 69 DEGREES WHICH OCCURRED ON THE 7TH. THE LOWEST
TEMPERATURE FOR THE MONTH WAS 18 DEGREES WHICH WAS RECORDED ON THE
23RD.

FOR APRIL 2016 A TOTAL OF 2.68 INCHES OF PRECIPITATION WAS RECORDED
AT SOUTH LAKE TAHOE. THIS IS 1.64 INCHES ABOVE NORMAL.

A TOTAL OF 10.8 INCHES OF SNOWFALL WAS REPORTED AT SOUTH LAKE TAHOE
FOR THE MONTH OF APRIL 2016.

THE AVERAGE WIND SPEED FOR THE MONTH WAS 5.0 MPH. THE PEAK WIND GUST
FOR THE MONTH WAS 48 MPH FROM THE SOUTH WHICH OCCURRED ON THE 14TH.

#FINAL-04-16#
