000
CXUS55 KREV 010900
CF6TVL

PRELIMINARY LOCAL CLIMATOLOGICAL DATA (WS FORM: F-6)

                                          STATION:   SOUTH LAKE TAHOE CA
                                          MONTH:     AUGUST
                                          YEAR:      2015
                                          LATITUDE:   38 53 N
                                          LONGITUDE: 119 60 W

  TEMPERATURE IN F:       :PCPN:    SNOW:  WIND      :SUNSHINE: SKY     :PK WND
================================================================================
1   2   3   4   5  6A  6B    7    8   9   10  11  12  13   14  15   16   17  18
                                     12Z  AVG MX 2MIN
DY MAX MIN AVG DEP HDD CDD  WTR  SNW DPTH SPD SPD DIR MIN PSBL S-S WX    SPD DR
================================================================================

 1  82  51  67   5   0   2 0.00  0.0    0  3.2 10 190   M    M   M        14 190
 2  82  52  67   5   0   2 0.10  0.0    0  1.4 10  40   M    M   M 13     15  30
 3  82  44  63   1   2   0 0.00  0.0    0  3.3 16 190   M    M   M        24 190
 4  80  43  62   0   3   0    T  0.0    0  4.3 15 180   M    M   M        19 200
 5  79  42  61  -1   4   0 0.00  0.0    0  5.3 21 200   M    M   M 8      30 180
 6  77  39  58  -4   7   0 0.00  0.0    0  3.2 13  30   M    M   M 8      16  30
 7  70  45  58  -4   7   0 0.01  0.0    0  3.8 17  50   M    M   M 3      25  40
 8  77  39  58  -3   7   0 0.00  0.0    0  3.8 14  30   M    M   M        18  40
 9  82  41  62   1   3   0 0.00  0.0    0  4.6 15 190   M    M   M 3      19  20
10  81  46  64   3   1   0 0.00  0.0    0  5.7 18 190   M    M   M 8      28 180
11  79  40  60  -1   5   0 0.00  0.0    0  6.1 22 190   M    M   M        28 190
12  83  39  61   0   4   0 0.00  0.0    0  7.3 24 190   M    M   M        33 180
13  85  40  63   2   2   0 0.00  0.0    0  8.5 30 190   M    M   M 8      40 190
14  82  46  64   3   1   0 0.00  0.0    0  7.6 28 190   M    M   M        36 200
15  87  41  64   3   1   0 0.00  0.0    0  3.7 16 190   M    M   M        20 190
16  88  44  66   6   0   1 0.00  0.0    0  4.4 16 190   M    M   M        21 190
17  89  42  66   6   0   1 0.00  0.0    0  3.8 15 190   M    M   M        20 190
18  89  43  66   6   0   1 0.00  0.0    0  4.1 15  30   M    M   M 8      19  40
19  87  45  66   6   0   1 0.00  0.0    0  5.3 16 190   M    M   M        22 200
20  88  38  63   3   2   0 0.00  0.0    0  5.1 16 180   M    M   M        24  20
21  85  38  62   2   3   0 0.00  0.0    0  5.5 17 190   M    M   M 8      30 190
22  86  39  63   3   2   0 0.00  0.0    0  5.1 16 190   M    M   M        23 180
23  84  42  63   4   2   0 0.00  0.0    0  5.5 20 190   M    M   M        27 180
24  85  44  65   6   0   0 0.00  0.0    0  3.6 18 190   M    M   M        27 190
25  85  40  63   4   2   0 0.00  0.0    0  4.4 17 190   M    M   M        25 200
26  82  48  65   6   0   0 0.00  0.0    0  5.8 23 190   M    M   M        30 180
27  85  45  65   6   0   0 0.00  0.0    0  4.3 21 190   M    M   0        27 190
28  83  45  64   6   1   0 0.00  0.0    0  4.8 12 200   M    M   0        23  99
29  74  60  67   9   0   2 0.00  0.0    0 11.9 21 200   M    M   M        44 200
30  75  43  59   1   6   0 0.00  0.0    0  7.8 18 190   M    M   M        26 180
31  81  35  58   0   7   0 0.00  0.0    0  5.5 16 200   M    M   M        21 190
================================================================================
SM 2554 1339        72  10  0.11     0.0 158.7          M        0
================================================================================
AV 82.4 43.2                               5.1 FASTST   M    M   0    MAX(MPH)
                                 MISC ---->  # 30 190                 44  200
================================================================================
NOTES:
# LAST OF SEVERAL OCCURRENCES

COLUMN 17 PEAK WIND IN M.P.H.

PRELIMINARY LOCAL CLIMATOLOGICAL DATA (WS FORM: F-6) , PAGE 2

                                          STATION:  SOUTH LAKE TAHOE CA
                                          MONTH:    AUGUST
                                          YEAR:     2015
                                          LATITUDE:   38 53 N
                                          LONGITUDE: 119 60 W

[TEMPERATURE DATA]      [PRECIPITATION DATA]       SYMBOLS USED IN COLUMN 16

AVERAGE MONTHLY: 62.8   TOTAL FOR MONTH:   0.11    1 = FOG OR MIST
DPTR FM NORMAL:   2.5   DPTR FM NORMAL:   -0.34    2 = FOG REDUCING VISIBILITY
HIGHEST:    89 ON 18,17 GRTST 24HR  0.10 ON  2- 2      TO 1/4 MILE OR LESS
LOWEST:     35 ON 31                               3 = THUNDER
                        SNOW, ICE PELLETS, HAIL    4 = ICE PELLETS
                        TOTAL MONTH:   0.0 INCH    5 = HAIL
                        GRTST 24HR     0.0         6 = FREEZING RAIN OR DRIZZLE
                        GRTST DEPTH:   0           7 = DUSTSTORM OR SANDSTORM:
                                                       VSBY 1/2 MILE OR LESS
                                                   8 = SMOKE OR HAZE
[NO. OF DAYS WITH]      [WEATHER - DAYS WITH]      9 = BLOWING SNOW
                                                   X = TORNADO
MAX 32 OR BELOW:   0    0.01 INCH OR MORE:   2
MAX 90 OR ABOVE:   0    0.10 INCH OR MORE:   1
MIN 32 OR BELOW:   0    0.50 INCH OR MORE:   0
MIN  0 OR BELOW:   0    1.00 INCH OR MORE:   0

[HDD (BASE 65) ]
TOTAL THIS MO.    72    CLEAR  (SCALE 0-3)   2
DPTR FM NORMAL   -86    PTCLDY (SCALE 4-7)   0
TOTAL FM JUL 1   177    CLOUDY (SCALE 8-10)  0
DPTR FM NORMAL  -119

[CDD (BASE 65) ]
TOTAL THIS MO.    10
DPTR FM NORMAL    -1    [PRESSURE DATA]
TOTAL FM JAN 1    71    HIGHEST SLP M ON M
DPTR FM NORMAL    41    LOWEST  SLP 29.87 ON  7

[REMARKS]

THE AVERAGE TEMPERATURE FOR AUGUST 2015 AT SOUTH LAKE TAHOE WAS 62.8
DEGREES WHICH IS 2.5 DEGREES ABOVE NORMAL.  THE HIGHEST TEMPERATURE
FOR AUGUST WAS 89 DEGREES WHICH OCCURRED ON BOTH THE 17TH AND THE
18TH.  THE LOWEST TEMPERATURE FOR THE MONTH WAS 35 DEGREES WHICH WAS
RECORDED ON THE 31ST.

FOR AUGUST 2015 A TOTAL OF 0.11 INCH OF PRECIPITATION WAS RECORDED
AT SOUTH LAKE TAHOE.  THIS IS 0.34 INCH BELOW NORMAL.

THE AVERAGE WIND SPEED FOR THE MONTH WAS 5.1 MPH.  THE PEAK WIND
GUST FOR THE MONTH WAS 44 MPH FROM THE SOUTH WHICH OCCURRED ON THE
29TH.

#FINAL-08-15#
