000
CXUS54 KMRX 271000
CF6TYS
PRELIMINARY LOCAL CLIMATOLOGICAL DATA (WS FORM: F-6)

                                          STATION:   KNOXVILLE    ASOS
                                          MONTH:     FEBRUARY
                                          YEAR:      2015
                                          LATITUDE:   35 49 N
                                          LONGITUDE:  83 59 W

  TEMPERATURE IN F:       :PCPN:    SNOW:  WIND      :SUNSHINE: SKY     :PK WND
================================================================================
1   2   3   4   5  6A  6B    7    8   9   10  11  12  13   14  15   16   17  18
                                     12Z  AVG MX 2MIN
DY MAX MIN AVG DEP HDD CDD  WTR  SNW DPTH SPD SPD DIR MIN PSBL S-S WX    SPD DR
================================================================================

 1  57  35  46   7  19   0 0.48  0.0    0  5.9 26 260   M    M  10 13     39 260
 2  54  27  41   1  24   0 0.17    T    0 12.0 26 280   M    M   M 13     37 290
 3  44  21  33  -7  32   0 0.00  0.0    0  2.3  9 260   M    M   4        13 260
 4  52  22  37  -3  28   0 0.00  0.0    0  4.0 15 260   M    M   8        18 260
 5  41  24  33  -7  32   0 0.00  0.0    0  8.6 20 360   M    M   5        24  10
 6  46  15  31  -9  34   0 0.00  0.0    0  4.5 14 200   M    M   3        17 200
 7  61  25  43   3  22   0 0.00  0.0    0 10.8 25 240   M    M   1        31 240
 8  63  46  55  14  10   0    T  0.0    0 16.1 29 230   M    M   6        36 220
 9  59  38  49   8  16   0 0.09  0.0    0  9.7 20 340   M    M  10 13     25 330
10  45  29  37  -4  28   0    T    T    0  9.8 17 360   M    M   9 1      22 360
11  53  25  39  -2  26   0 0.00  0.0    0  5.1 12 240   M    M   1 1      14 220
12  40  23  32 -10  33   0    T    T    0 12.1 28 280   M    M   5        34 260
13  37  20  29 -13  36   0 0.00  0.0    0  6.1 16  20   M    M   6        22  20
14  47  21  34  -8  31   0 0.00  0.0    0 16.1 35 280   M    M   8        49 270
15  28  10  19 -23  46   0 0.00  0.0    0 11.4 20  40   M    M   4        27  30
16  32  24  28 -15  37   0 1.22  0.7    1  7.0 15  50   M    M  10 146    18  40
17  31  17  24 -19  41   0 0.01    T    0  7.2 16 350   M    M   8 168    22 340
18  28  13  21 -22  44   0    T    T    0 12.4 26 260   M    M   6 1      34 260
19  16   4  10 -33  55   0 0.00  0.0    0  9.2 20 240   M    M   M 8      27 270
20  24   3  14 -30  51   0 0.02    T    0  2.9  8  40   M    M   M 1      10  40
21  40  23  32 -12  33   0 1.04    T    0  4.6 15 280   M    M   M 146    17 280
22  42  34  38  -6  27   0 0.05  0.0    0  5.3 13 360   M    M   M 18     17  10
23  35  28  32 -12  33   0    T  0.0    0 10.1 17  10   M    M  10 18     22  10
24  31  24  28 -17  37   0 0.27  3.0    2  5.0 12  50   M    M   8 18     14  50
25  34  14  24 -21  41   0 0.26  4.3    6  4.7 15  50   M    M   8 12     18  50
26  37  27  32 -13  33   0 0.14  0.2    3  3.2 10 220   M    M   9 12     11 220
================================================================================
SM 1077  592       849   0  3.75     8.2 206.1          M      139
================================================================================
AV 41.4 22.8                               7.9 FASTST   M    M   7    MAX(MPH)
                                 MISC ---->  # 35 280               # 49  270
================================================================================
NOTES:
# LAST OF SEVERAL OCCURRENCES

COLUMN 17 PEAK WIND IN M.P.H.

PRELIMINARY LOCAL CLIMATOLOGICAL DATA (WS FORM: F-6) , PAGE 2

                                          STATION:  KNOXVILLE    ASOS
                                          MONTH:    FEBRUARY
                                          YEAR:     2015
                                          LATITUDE:   35 49 N
                                          LONGITUDE:  83 59 W

[TEMPERATURE DATA]      [PRECIPITATION DATA]       SYMBOLS USED IN COLUMN 16

AVERAGE MONTHLY: 32.1   TOTAL FOR MONTH:   3.75    1 = FOG OR MIST
DPTR FM NORMAL: -10.0   DPTR FM NORMAL:   -0.21    2 = FOG REDUCING VISIBILITY
HIGHEST:    63 ON  8    GRTST 24HR  1.23 ON 16-17      TO 1/4 MILE OR LESS
LOWEST:      3 ON 20                               3 = THUNDER
                        SNOW, ICE PELLETS, HAIL    4 = ICE PELLETS
                        TOTAL MONTH:   8.2 INCHES  5 = HAIL
                        GRTST 24HR   4.3 ON   M    6 = FREEZING RAIN OR DRIZZLE
                        GRTST DEPTH:   6 ON 25     7 = DUSTSTORM OR SANDSTORM:
                                                       VSBY 1/2 MILE OR LESS
                                                   8 = SMOKE OR HAZE
[NO. OF DAYS WITH]      [WEATHER - DAYS WITH]      9 = BLOWING SNOW
                                                   X = TORNADO
MAX 32 OR BELOW:   7    0.01 INCH OR MORE:  11
MAX 90 OR ABOVE:   0    0.10 INCH OR MORE:   7
MIN 32 OR BELOW:  22    0.50 INCH OR MORE:   2
MIN  0 OR BELOW:   0    1.00 INCH OR MORE:   2

[HDD (BASE 65) ]
TOTAL THIS MO.   849    CLEAR  (SCALE 0-3)   3
DPTR FM NORMAL   253    PTCLDY (SCALE 4-7)  10
TOTAL FM JUL 1  3200    CLOUDY (SCALE 8-10)  8
DPTR FM NORMAL   342

[CDD (BASE 65) ]
TOTAL THIS MO.     0
DPTR FM NORMAL     0    [PRESSURE DATA]
TOTAL FM JAN 1     0    HIGHEST SLP M ON M
DPTR FM NORMAL     0    LOWEST  SLP 29.66 ON  1

[REMARKS]
