000
CXUS54 KMRX 291000
CF6TYS
PRELIMINARY LOCAL CLIMATOLOGICAL DATA (WS FORM: F-6)

                                          STATION:   KNOXVILLE    ASOS
                                          MONTH:     MAY
                                          YEAR:      2016
                                          LATITUDE:   35 49 N
                                          LONGITUDE:  83 59 W

  TEMPERATURE IN F:       :PCPN:    SNOW:  WIND      :SUNSHINE: SKY     :PK WND
================================================================================
1   2   3   4   5  6A  6B    7    8   9   10  11  12  13   14  15   16   17  18
                                     12Z  AVG MX 2MIN
DY MAX MIN AVG DEP HDD CDD  WTR  SNW DPTH SPD SPD DIR MIN PSBL S-S WX    SPD DR
================================================================================

 1  81  62  72   9   0   7 0.19  0.0    0  7.9 28 240   M    M   8 123    40 250
 2  79  61  70   7   0   5 0.27  0.0    0  6.1 18 280   M    M   8 13     25 260
 3  72  59  66   2   0   1 0.13  0.0    0  5.8 16 270   M    M   8 1      22 280
 4  68  48  58  -6   7   0 0.06  0.0    0  7.6 25 330   M    M   7        30 330
 5  57  45  51 -13  14   0 0.10    M    M  6.9 20 340   M    M   8 1      25 330
 6  70  45  58  -6   7   0 0.00  0.0    0  7.7 18 320   M    M   5        25 330
 7  83  48  66   1   0   1 0.00  0.0    0 11.1 24 240   M    M   2        28 230
 8  83  63  73   8   0   8 0.00  0.0    0  9.8 21 240   M    M   6        25 240
 9  81  62  72   7   0   7    T  0.0    0  6.0 15 230   M    M   9        19 220
10  84  62  73   7   0   8    T  0.0    0  9.2 23 230   M    M   7 8      29 230
11  82  67  75   9   0  10 0.76  0.0    0  7.8 23 240   M    M   8 13     27 250
12  85  67  76  10   0  11 0.66  0.0    0  4.9 15 220   M    M   7 13     40 240
13  75  58  67   1   0   2 0.00  0.0    0  6.1 14 360   M    M   6        18 250
14  73  49  61  -6   4   0 0.00  0.0    0 11.2 26 280   M    M   3        33 260
15  65  42  54 -13  11   0 0.00  0.0    0  5.0 14  30   M    M   3        20 310
16  70  42  56 -11   9   0 0.00  0.0    0  5.8 13  40   M    M   7        17 360
17  77  56  67   0   0   2 0.04  0.0    0  4.9 12  30   M    M   8        15  20
18  75  55  65  -3   0   0    T  0.0    0  8.4 18 310   M    M   8        25 280
19  77  57  67  -1   0   2 0.00  0.0    0  9.5 17  40   M    M   7        21  40
20  71  58  65  -3   0   0 0.39  0.0    0  6.3 13 240   M    M   9 1      15 240
21  75  62  69   1   0   4 0.08  0.0    0  8.9 18 280   M    M   8 13     24 280
22  76  56  66  -3   0   1 0.00  0.0    0  7.6 18  50   M    M   4        25  20
23  77  52  65  -4   0   0 0.00  0.0    0  4.4 15  60   M    M   2        18  30
24  82  51  67  -2   0   2 0.00  0.0    0  3.5 13 250   M    M   3        17 240
25  85  57  71   1   0   6 0.00  0.0    M  4.5 17 250   M    M   6        20 250
26  84  64  74   4   0   9 0.08  0.0    0  4.4 16 100   M    M   6 1      13 130
27  84  63  74   4   0   9 1.22  0.0    0  4.2 25 120   M    M   6 13     35  40
28  85  64  75   5   0  10 0.00  0.0    0  3.2 10 210   M    M   8 12     13 210
================================================================================
SM 2156 1575        52 105  3.98     0.0 188.7          M      177
================================================================================
AV 77.0 56.2                               6.7 FASTST   M    M   6    MAX(MPH)
                                 MISC ---->  # 28 240               # 40  250
================================================================================
NOTES:
# LAST OF SEVERAL OCCURRENCES

COLUMN 17 PEAK WIND IN M.P.H.

PRELIMINARY LOCAL CLIMATOLOGICAL DATA (WS FORM: F-6) , PAGE 2

                                          STATION:  KNOXVILLE    ASOS
                                          MONTH:    MAY
                                          YEAR:     2016
                                          LATITUDE:   35 49 N
                                          LONGITUDE:  83 59 W

[TEMPERATURE DATA]      [PRECIPITATION DATA]       SYMBOLS USED IN COLUMN 16

AVERAGE MONTHLY: 66.6   TOTAL FOR MONTH:   3.98    1 = FOG OR MIST
DPTR FM NORMAL:  -0.1   DPTR FM NORMAL:   -0.11    2 = FOG REDUCING VISIBILITY
HIGHEST:    85 ON 28,25 GRTST 24HR  1.22 ON 27-27      TO 1/4 MILE OR LESS
LOWEST:     42 ON 16,15                            3 = THUNDER
                        SNOW, ICE PELLETS, HAIL    4 = ICE PELLETS
                        TOTAL MONTH:   0.0 INCH    5 = HAIL
                        GRTST 24HR     0.0         6 = FREEZING RAIN OR DRIZZLE
                        GRTST DEPTH:   0           7 = DUSTSTORM OR SANDSTORM:
                                                       VSBY 1/2 MILE OR LESS
                                                   8 = SMOKE OR HAZE
[NO. OF DAYS WITH]      [WEATHER - DAYS WITH]      9 = BLOWING SNOW
                                                   X = TORNADO
MAX 32 OR BELOW:   0    0.01 INCH OR MORE:  12
MAX 90 OR ABOVE:   0    0.10 INCH OR MORE:   8
MIN 32 OR BELOW:   0    0.50 INCH OR MORE:   3
MIN  0 OR BELOW:   0    1.00 INCH OR MORE:   1

[HDD (BASE 65) ]
TOTAL THIS MO.    52    CLEAR  (SCALE 0-3)   4
DPTR FM NORMAL    -5    PTCLDY (SCALE 4-7)  19
TOTAL FM JUL 1  2955    CLOUDY (SCALE 8-10)  5
DPTR FM NORMAL  -677

[CDD (BASE 65) ]
TOTAL THIS MO.   105
DPTR FM NORMAL     0    [PRESSURE DATA]
TOTAL FM JAN 1   178    HIGHEST SLP M ON M
DPTR FM NORMAL    36    LOWEST  SLP 29.66 ON  4

[REMARKS]
