000
CXUS55 KPQR 171230
CF6UAO
PRELIMINARY LOCAL CLIMATOLOGICAL DATA (WS FORM: F-6)

                                          STATION:   AURORA STATE OR
                                          MONTH:     APRIL
                                          YEAR:      2014
                                          LATITUDE:   45 15 N
                                          LONGITUDE: 122 46 W

  TEMPERATURE IN F:       :PCPN:    SNOW:  WIND      :SUNSHINE: SKY     :PK WND
================================================================================
1   2   3   4   5  6A  6B    7    8   9   10  11  12  13   14  15   16   17  18
                                     12Z  AVG MX 2MIN
DY MAX MIN AVG DEP HDD CDD  WTR  SNW DPTH SPD SPD DIR MIN PSBL S-S WX    SPD DR
================================================================================

 1  53  43  48  -2  17   0 0.06    M    0  3.5 15 180   M    M   8        23 180
 2  60  39  50   0  15   0 0.00  0.0    0  2.8 10 220   M    M   5 12     17  30
 3  57  42  50   0  15   0 0.29    M    0  7.8 23 200   M    M   6 1      33 190
 4  58  44  51   1  14   0 0.02    M    0  5.6 14 190   M    M   9 1      19 180
 5  54  47  51   1  14   0 0.23    M    0 10.0 21 180   M    M  10 1      27 200
 6  64  47  56   6   9   0 0.01    M    0  6.4 14 200   M    M   6        19 210
 7  71  44  58   8   7   0 0.00    M    M  3.7  8 240   M    M   2 1      12 240
 8  68  45  57   7   8   0 0.13    M    M  3.2 10 180   M    M   6 1      15 260
 9  63  43  53   2  12   0 0.11    M    0  6.4 12  50   M    M   1 1      18  50
10  66  38  52   1  13   0 0.00  0.0    0  4.4 12 360   M    M   0        14 360
11  68  42  55   4  10   0 0.00  0.0    0  5.9 16 340   M    M   0        21 350
12  64  42  53   2  12   0 0.00  0.0    0  5.4 14  10   M    M   4        16  40
13  73  41  57   6   8   0 0.00  0.0    0 10.3 20  10   M    M   0        24 360
14  70  38  54   3  11   0 0.00  0.0    0  4.5 15 340   M    M   0        20 230
15  59  46  53   2  12   0    T    M    0  3.3  9 250   M    M   8        13 250
16  59  47  53   1  12   0 0.05    M    0  5.0 14 180   M    M  10        18 180
================================================================================
SM 1007  688       189   0  0.90     0.0  88.2          M       75
================================================================================
AV 62.9 43.0                               5.5 FASTST   M    M   5    MAX(MPH)
                                 MISC ---->  # 23 200               # 33  190
================================================================================
NOTES:
# LAST OF SEVERAL OCCURRENCES

COLUMN 17 PEAK WIND IN M.P.H.

PRELIMINARY LOCAL CLIMATOLOGICAL DATA (WS FORM: F-6) , PAGE 2

                                          STATION:  AURORA STATE OR
                                          MONTH:    APRIL
                                          YEAR:     2014
                                          LATITUDE:   45 15 N
                                          LONGITUDE: 122 46 W

[TEMPERATURE DATA]      [PRECIPITATION DATA]       SYMBOLS USED IN COLUMN 16

AVERAGE MONTHLY: 53.0   TOTAL FOR MONTH:   0.90    1 = FOG OR MIST
DPTR FM NORMAL:   2.4   DPTR FM NORMAL:   -0.96    2 = FOG REDUCING VISIBILITY
HIGHEST:    73 ON 13    GRTST 24HR  0.31 ON  3- 4      TO 1/4 MILE OR LESS
LOWEST:     38 ON 14,10                            3 = THUNDER
                        SNOW, ICE PELLETS, HAIL    4 = ICE PELLETS
                        TOTAL MONTH:   0.0 INCH    5 = HAIL
                        GRTST 24HR     0.0         6 = FREEZING RAIN OR DRIZZLE
                        GRTST DEPTH:   0           7 = DUSTSTORM OR SANDSTORM:
                                                       VSBY 1/2 MILE OR LESS
                                                   8 = SMOKE OR HAZE
[NO. OF DAYS WITH]      [WEATHER - DAYS WITH]      9 = BLOWING SNOW
                                                   X = TORNADO
MAX 32 OR BELOW:   0    0.01 INCH OR MORE:   8
MAX 90 OR ABOVE:   0    0.10 INCH OR MORE:   4
MIN 32 OR BELOW:   0    0.50 INCH OR MORE:   0
MIN  0 OR BELOW:   0    1.00 INCH OR MORE:   0

[HDD (BASE 65) ]
TOTAL THIS MO.   189    CLEAR  (SCALE 0-3)   6
DPTR FM NORMAL   -42    PTCLDY (SCALE 4-7)   5
TOTAL FM JUL 1  4140    CLOUDY (SCALE 8-10)  5
DPTR FM NORMAL   221

[CDD (BASE 65) ]
TOTAL THIS MO.     0
DPTR FM NORMAL     0    [PRESSURE DATA]
TOTAL FM JAN 1     0    HIGHEST SLP M ON M
DPTR FM NORMAL     0    LOWEST  SLP 29.74 ON  1

[REMARKS]
