000
CXUS56 KEKA 291314
CF6UKI
PRELIMINARY LOCAL CLIMATOLOGICAL DATA (WS FORM: F-6)

                                          STATION:   UKIAH CA
                                          MONTH:     SEPTEMBER
                                          YEAR:      2014
                                          LATITUDE:   39  7 N
                                          LONGITUDE: 123 12 W

  TEMPERATURE IN F:       :PCPN:    SNOW:  WIND      :SUNSHINE: SKY     :PK WND
================================================================================
1   2   3   4   5  6A  6B    7    8   9   10  11  12  13   14  15   16   17  18
                                     12Z  AVG MX 2MIN
DY MAX MIN AVG DEP HDD CDD  WTR  SNW DPTH SPD SPD DIR MIN PSBL S-S WX    SPD DR
================================================================================

 1 100  56  78   7   0  13 0.00  0.0    0  2.5 16 330   M    M   0        21 340
 2  94  57  76   5   0  11 0.00  0.0    0  4.7 17 140   M    M   0 8      24 150
 3  98  53  76   5   0  11 0.00  0.0    0  3.1 14 270   M    M   1 2      19 260
 4  98  53  76   6   0  11 0.00  0.0    0  3.1 17 310   M    M   0        24 320
 5  90  55  73   3   0   8 0.00  0.0    0  6.9 16 140   M    M   2        25 140
 6  90  52  71   1   0   6 0.00  0.0    0  5.8 18 140   M    M   1 28     24 130
 7  91  46  69  -1   0   4 0.00  0.0    0  3.5 14 150   M    M   0        21 140
 8  89  50  70   0   0   5 0.00  0.0    0  3.8 14  20   M    M   1 2      19  20
 9  96  48  72   2   0   7 0.00  0.0    0  2.3 14 310   M    M   0        19 300
10 101  51  76   6   0  11 0.00  0.0    0  2.3 16 330   M    M   0        21 290
11 101  53  77   8   0  12 0.00  0.0    0  2.7 14 280   M    M   0        19 270
12 101  51  76   7   0  11 0.00  0.0    0  2.2 16 220   M    M   0        26 280
13 101  57  79  10   0  14 0.00  0.0    0  2.2 15 250   M    M   0        19 290
14 100  54  77   8   0  12 0.00  0.0    0  2.6 16 320   M    M   0        20 250
15  90  52  71   2   0   6 0.00  0.0    0  4.4 16 130   M    M   0        20 130
16  91  50  71   3   0   6 0.00  0.0    0  2.0 14 340   M    M   0        17 340
17  84  55  70   2   0   5    T  0.0    0  7.5 16 140   M    M   4 1      25 130
18  76  62  69   1   0   4 0.07  0.0    0  4.6 16 150   M    M   7 1      22 150
19  91  63  77   9   0  12 0.00  0.0    0  3.3 13 330   M    M   4        19 360
20  89  55  72   4   0   7 0.00  0.0    0  4.1 14 140   M    M   2 2      19 120
21  88  57  73   6   0   8 0.00  0.0    0  3.9 13 130   M    M   2 1      16 140
22  88  53  71   4   0   6 0.00  0.0    0  3.8 13 180   M    M   0        18 220
23  86  52  69   2   0   4 0.00  0.0    0  3.6 13 260   M    M   1        18 200
24  73  59  66  -1   0   1 0.32  0.0    0  4.6 14 150   M    M  10 1      19 140
25  69  54  62  -4   3   0 0.07  0.0    0  1.7 10 340   M    M   5 1      13  40
26  75  51  63  -3   2   0 0.22  0.0    0  3.3 30 330   M    M   5 3      40 340
27  79  51  65  -1   0   0 0.00  0.0    0  3.0 14 340   M    M   0        19 320
28  80  51  66   0   0   1 0.00  0.0    0  1.4 13  90   M    M   2        17  80
================================================================================
SM 2509 1501         5 196  0.68     0.0  98.9          M       47
================================================================================
AV 89.6 53.6                               3.5 FASTST   M    M   2    MAX(MPH)
                                 MISC ---->  # 30 330               # 40  340
================================================================================
NOTES:
# LAST OF SEVERAL OCCURRENCES

COLUMN 17 PEAK WIND IN M.P.H.

PRELIMINARY LOCAL CLIMATOLOGICAL DATA (WS FORM: F-6) , PAGE 2

                                          STATION:  UKIAH CA
                                          MONTH:    SEPTEMBER
                                          YEAR:     2014
                                          LATITUDE:   39  7 N
                                          LONGITUDE: 123 12 W

[TEMPERATURE DATA]      [PRECIPITATION DATA]       SYMBOLS USED IN COLUMN 16

AVERAGE MONTHLY: 71.6   TOTAL FOR MONTH:   0.68    1 = FOG OR MIST
DPTR FM NORMAL:   3.0   DPTR FM NORMAL:    0.26    2 = FOG REDUCING VISIBILITY
HIGHEST:   101 ON 13,12 GRTST 24HR  0.38 ON 24-25      TO 1/4 MILE OR LESS
LOWEST:     46 ON  7                               3 = THUNDER
                        SNOW, ICE PELLETS, HAIL    4 = ICE PELLETS
                        TOTAL MONTH:   0.0 INCH    5 = HAIL
                        GRTST 24HR     0.0         6 = FREEZING RAIN OR DRIZZLE
                        GRTST DEPTH:   0           7 = DUSTSTORM OR SANDSTORM:
                                                       VSBY 1/2 MILE OR LESS
                                                   8 = SMOKE OR HAZE
[NO. OF DAYS WITH]      [WEATHER - DAYS WITH]      9 = BLOWING SNOW
                                                   X = TORNADO
MAX 32 OR BELOW:   0    0.01 INCH OR MORE:   4
MAX 90 OR ABOVE:  16    0.10 INCH OR MORE:   2
MIN 32 OR BELOW:   0    0.50 INCH OR MORE:   0
MIN  0 OR BELOW:   0    1.00 INCH OR MORE:   0

[HDD (BASE 65) ]
TOTAL THIS MO.     5    CLEAR  (SCALE 0-3)  22
DPTR FM NORMAL   -18    PTCLDY (SCALE 4-7)   5
TOTAL FM JUL 1     5    CLOUDY (SCALE 8-10)  1
DPTR FM NORMAL   -21

[CDD (BASE 65) ]
TOTAL THIS MO.   196
DPTR FM NORMAL    70    [PRESSURE DATA]
TOTAL FM JAN 1  1196    HIGHEST SLP M ON M
DPTR FM NORMAL   387    LOWEST  SLP 29.70 ON 17

[REMARKS]
