000
CXUS53 KUNR 280945
CF6UNR
PRELIMINARY LOCAL CLIMATOLOGICAL DATA (WS FORM: F-6)

                                          STATION:   EAST RAPID CITY SD
                                          MONTH:     FEBRUARY
                                          YEAR:      2015
                                          LATITUDE:   44  4 N
                                          LONGITUDE: 103 13 W

  TEMPERATURE IN F:       :PCPN:    SNOW:  WIND      :SUNSHINE: SKY     :PK WND
================================================================================
1   2   3   4   5  6A  6B    7    8   9   10  11  12  13   14  15   16   17  18
                                     12Z  AVG MX 2MIN
DY MAX MIN AVG DEP HDD CDD  WTR  SNW DPTH SPD SPD DIR MIN PSBL S-S WX    SPD DR
================================================================================

 1  14  -2   6 -21  59   0    T  0.1    1  9.8 17  10   M    M   M        24  10
 2  37   2  20  -7  45   0    T    T    0  7.8 29  10   M    M   M        39  10
 3  46  14  30   3  35   0    T  0.3    T 10.2 24  10   M    M   M        32  10
 4  21   6  14 -13  51   0    T    T    T 11.7 24  10   M    M   M        32  10
 5  52  14  33   6  32   0 0.00  0.0    0  5.6 14 140   M    M   M        17 150
 6  73  50  62  35   3   0 0.00  0.0    0  8.1 21 150   M    M   M        29 150
 7  69  52  61  34   4   0 0.00  0.0    0 10.5 32 300   M    M   M        45 300
 8  61  44  53  26  12   0 0.00  0.0    0 10.6 26 330   M    M   M        38 330
 9  56  30  43  16  22   0    T  0.0    0  7.8 23 300   M    M   M        36 300
10  54  25  40  13  25   0 0.01  0.0    0 14.1 28 330   M    M   M        43 360
11  34  16  25  -3  40   0 0.00  0.0    0  8.2 20  10   M    M   M        24  10
12  55  15  35   7  30   0    T    T    0  9.5 23 320   M    M   M 1      33 320
13  61  39  50  22  15   0 0.00  0.0    0  7.0 22 320   M    M   M        29 330
14  42  15  29   1  36   0    T    T    0  9.8 18 160   M    M   M 1      25 160
15  42  18  30   2  35   0 0.00  0.0    0  7.4 24 350   M    M   M        36 360
16  36  27  32   4  33   0 0.12  2.3    T 12.1 31 330   M    M   M        53 340
17  27   8  18 -10  47   0 0.07  1.8    2 16.9 36 330   M    M   M        49 330
18  25   7  16 -13  49   0 0.00  0.0    1  5.1 13 160   M    M   M        16 160
19  53  19  36   7  29   0 0.00  0.0    T  8.0 25  10   M    M   M        31 320
20  47  34  41  12  24   0    T    T    0  9.8 30 320   M    M   M        43 310
21  35   9  22  -7  43   0 0.04  0.9    T 15.0 25 330   M    M   M        38 350
22  15   0   8 -22  57   0 0.01  0.4    1  4.7 18  10   M    M   M        25  10
23  44   4  24  -6  41   0 0.00  0.0    0  6.8 28 320   M    M   M        37 330
24  56  36  46  16  19   0 0.00  0.0    0  8.7 28 320   M    M   M        39 320
25  46   7  27  -3  38   0 0.14  2.7    0 17.3 30 360   M    M   M        49 360
26   8  -2   3 -28  62   0    T  0.1    2  9.3 21  10   M    M   M        25  10
27  22  -5   9 -22  56   0 0.00  0.0    2 11.2 26 160   M    M   M        41 170
================================================================================
SM 1131  482       942   0  0.39     8.6 263.0          M        M
================================================================================
AV 41.9 17.9                               9.7 FASTST   M    M   4    MAX(MPH)
                                 MISC ---->  # 36 330               # 53  340
================================================================================
NOTES:
# LAST OF SEVERAL OCCURRENCES

COLUMN 17 PEAK WIND IN M.P.H.

PRELIMINARY LOCAL CLIMATOLOGICAL DATA (WS FORM: F-6) , PAGE 2

                                          STATION:  EAST RAPID CITY SD
                                          MONTH:    FEBRUARY
                                          YEAR:     2015
                                          LATITUDE:   44  4 N
                                          LONGITUDE: 103 13 W

[TEMPERATURE DATA]      [PRECIPITATION DATA]       SYMBOLS USED IN COLUMN 16

AVERAGE MONTHLY: 29.9   TOTAL FOR MONTH:   0.39    1 = FOG OR MIST
DPTR FM NORMAL:   1.6   DPTR FM NORMAL:   -0.07    2 = FOG REDUCING VISIBILITY
HIGHEST:    73 ON  6    GRTST 24HR  0.14 ON 25-25      TO 1/4 MILE OR LESS
LOWEST:     -5 ON 27                               3 = THUNDER
                        SNOW, ICE PELLETS, HAIL    4 = ICE PELLETS
                        TOTAL MONTH:   8.6 INCHES  5 = HAIL
                        GRTST 24HR   2.7 ON   M    6 = FREEZING RAIN OR DRIZZLE
                        GRTST DEPTH:   2 ON 27,26  7 = DUSTSTORM OR SANDSTORM:
                                                       VSBY 1/2 MILE OR LESS
                                                   8 = SMOKE OR HAZE
[NO. OF DAYS WITH]      [WEATHER - DAYS WITH]      9 = BLOWING SNOW
                                                   X = TORNADO
MAX 32 OR BELOW:   7    0.01 INCH OR MORE:   6
MAX 90 OR ABOVE:   0    0.10 INCH OR MORE:   2
MIN 32 OR BELOW:  21    0.50 INCH OR MORE:   0
MIN  0 OR BELOW:   4    1.00 INCH OR MORE:   0

[HDD (BASE 65) ]
TOTAL THIS MO.   942    CLEAR  (SCALE 0-3)   0
DPTR FM NORMAL   -50    PTCLDY (SCALE 4-7)   0
TOTAL FM JUL 1  4646    CLOUDY (SCALE 8-10)  0
DPTR FM NORMAL  -274

[CDD (BASE 65) ]
TOTAL THIS MO.     0
DPTR FM NORMAL     0    [PRESSURE DATA]
TOTAL FM JAN 1     0    HIGHEST SLP M ON M
DPTR FM NORMAL     0    LOWEST  SLP 29.50 ON  7

[REMARKS]
