000
CXUS54 KEWX 240910
CF6UVA
PRELIMINARY LOCAL CLIMATOLOGICAL DATA (WS FORM: F-6)

                                          STATION:   UVALDE
                                          MONTH:     JUNE
                                          YEAR:      2017
                                          LATITUDE:   29 12 N
                                          LONGITUDE:  99 44 W

  TEMPERATURE IN F:       :PCPN:    SNOW:  WIND      :SUNSHINE: SKY     :PK WND
================================================================================
1   2   3   4   5  6A  6B    7    8   9   10  11  12  13   14  15   16   17  18
                                     12Z  AVG MX 2MIN
DY MAX MIN AVG DEP HDD CDD  WTR  SNW DPTH SPD SPD DIR MIN PSBL S-S WX    SPD DR
================================================================================

 1  86  65  76   M   0  11 0.00    M    M  2.3  8  70   M    M   5 1       M  M
 2  83  66  75   M   0  10 0.19    M    M  3.0 16 270   M    M   3 3      22 270
 3  85  64  75   M   0  10 0.16    M    M  1.0  9 120   M    M   3 3       M  M
 4  89  65  77   M   0  12 0.00    M    M  1.8 12 260   M    M   2 3       M  M
 5  91  64  78   M   0  13 0.12    M    M  2.4 13  60   M    M   2 3      22  60
 6  91  66  79   M   0  14 0.00    M    M  3.0 10  40   M    M   2         M  M
 7  93  64  79   M   0  14 0.00    M    M  0.0  M   M   M    M   1         M  M
 8  93  65  79   M   0  14 0.00    M    M  1.3  7 110   M    M   0         M  M
 9  93  69  81   M   0  16 0.00    M    M  6.0 15 120   M    M   1        25 120
10  92  70  81   M   0  16 0.00    M    M  8.1 16 120   M    M   4        21 120
11  91  70  81   M   0  16 0.00    M    M  8.9 15 130   M    M   4        22 110
12  92  67  80   M   0  15 0.00    M    M  6.0 13 120   M    M   2        17  90
13  94  72  83   M   0  18 0.00    M    M  7.9 16 110   M    M   4 1      23 120
14  93  75  84   M   0  19 0.00    M    M  9.4 15 120   M    M   6 8      20 140
15  97  74  86   M   0  21 0.00    M    M  8.7 14 150   M    M   3 1      21 120
16  98  73  86   M   0  21 0.00    M    M  6.8 16 140   M    M   3        18 140
17 101  72  87   M   0  22 0.00    M    M  6.3 13 120   M    M   2 1      20 150
18 100  73  87   M   0  22 0.00    M    M  7.9 14 120   M    M   2        18 120
19  93  73  83   M   0  18 0.00    M    M  6.3 15 120   M    M   3        16 120
20  97  72  85   M   0  20 0.00    M    M  1.7 12  70   M    M   3        17  60
21  97  72  85   M   0  20 0.00    M    M  1.3  6  70   M    M   1         M  M
22 100  64  82   M   0  17 0.00    M    M  2.1  7 100   M    M   0         M  M
23 102  74  88   M   0  23 0.00  0.0    0  7.6 13 100   M    M   0        23 140
================================================================================
SM 2151 1589         0 382  0.47     0.0 109.8          M       56
================================================================================
AV 93.5 69.1                               4.8 FASTST   M    M   2    MAX(MPH)
                                 MISC ---->  # 16 270               # 25  120
================================================================================
NOTES:
# LAST OF SEVERAL OCCURRENCES

COLUMN 17 PEAK WIND IN M.P.H.

PRELIMINARY LOCAL CLIMATOLOGICAL DATA (WS FORM: F-6) , PAGE 2

                                          STATION:  UVALDE
                                          MONTH:    JUNE
                                          YEAR:     2017
                                          LATITUDE:   29 12 N
                                          LONGITUDE:  99 44 W

[TEMPERATURE DATA]      [PRECIPITATION DATA]       SYMBOLS USED IN COLUMN 16

AVERAGE MONTHLY: 81.3   TOTAL FOR MONTH:   0.47    1 = FOG OR MIST
DPTR FM NORMAL:     M   DPTR FM NORMAL:       M    2 = FOG REDUCING VISIBILITY
HIGHEST:   102 ON 23    GRTST 24HR  0.19 ON  2- 2      TO 1/4 MILE OR LESS
LOWEST:     64 ON 22, 7                            3 = THUNDER
                        SNOW, ICE PELLETS, HAIL    4 = ICE PELLETS
                        TOTAL MONTH:   0.0 INCH    5 = HAIL
                        GRTST 24HR     0.0         6 = FREEZING RAIN OR DRIZZLE
                        GRTST DEPTH:   0           7 = DUSTSTORM OR SANDSTORM:
                                                       VSBY 1/2 MILE OR LESS
                                                   8 = SMOKE OR HAZE
[NO. OF DAYS WITH]      [WEATHER - DAYS WITH]      9 = BLOWING SNOW
                                                   X = TORNADO
MAX 32 OR BELOW:   0    0.01 INCH OR MORE:   3
MAX 90 OR ABOVE:  19    0.10 INCH OR MORE:   3
MIN 32 OR BELOW:   0    0.50 INCH OR MORE:   0
MIN  0 OR BELOW:   0    1.00 INCH OR MORE:   0

[HDD (BASE 65) ]
TOTAL THIS MO.     0    CLEAR  (SCALE 0-3)  17
DPTR FM NORMAL     M    PTCLDY (SCALE 4-7)   6
TOTAL FM JUL 1   864    CLOUDY (SCALE 8-10)  0
DPTR FM NORMAL     M

[CDD (BASE 65) ]
TOTAL THIS MO.   382
DPTR FM NORMAL     M    [PRESSURE DATA]
TOTAL FM JAN 1  1039    HIGHEST SLP M ON M
DPTR FM NORMAL     M    LOWEST  SLP M ON M

[REMARKS]
