000
CXUS54 KCRP 291300
CF6VCT
PRELIMINARY LOCAL CLIMATOLOGICAL DATA (WS FORM: F-6)

                                          STATION:   VICTORIA
                                          MONTH:     MAY
                                          YEAR:      2017
                                          LATITUDE:   28 51 N
                                          LONGITUDE:  96 55 W

  TEMPERATURE IN F:       :PCPN:    SNOW:  WIND      :SUNSHINE: SKY     :PK WND
================================================================================
1   2   3   4   5  6A  6B    7    8   9   10  11  12  13   14  15   16   17  18
                                     12Z  AVG MX 2MIN
DY MAX MIN AVG DEP HDD CDD  WTR  SNW DPTH SPD SPD DIR MIN PSBL S-S WX    SPD DR
================================================================================

 1  87  54  71  -3   0   6 0.00  0.0    0  9.1 21 170   M    M   0        25 150
 2  87  61  74   0   0   9 0.09  0.0    0 11.0 21 120   M    M   2 1      28 110
 3  88  66  77   3   0  12 0.14  0.0    0 12.4 35  10   M    M   8 138    42  10
 4  80  53  67  -7   0   2 0.00  0.0    0 10.8 26 320   M    M   1        35 320
 5  84  49  67  -7   0   2 0.00  0.0    0  7.4 17 320   M    M   0        23  20
 6  87  52  70  -5   0   5 0.00  0.0    0  6.2 16 160   M    M   0        19 160
 7  84  59  72  -3   0   7 0.00  0.0    0  9.4 21 110   M    M   1 18     29 130
 8  84  65  75   0   0  10 0.00  0.0    0 11.7 23 140   M    M   6        30 120
 9  84  67  76   1   0  11    T  0.0    0 12.6 26 150   M    M   7 1      31 160
10  86  72  79   3   0  14 0.00  0.0    0 15.1 25 150   M    M   9 1      31 140
11  89  74  82   6   0  17    T  0.0    0 13.0 25 150   M    M   8 18     31 150
12  90  67  79   3   0  14 0.03  0.0    0  8.6 21 350   M    M   4 12     26 350
13  91  58  75  -1   0  10 0.00  0.0    0  6.6 14  20   M    M   0        18 360
14  87  63  75  -1   0  10 0.00  0.0    0  8.8 20 130   M    M   1 1      25 100
15  89  65  77   0   0  12 0.00  0.0    0 11.0 22 120   M    M   2 18     28 120
16  86  69  78   1   0  13 0.00  0.0    0 15.8 28 140   M    M   5        34 130
17  82  73  78   1   0  13    T  0.0    0 12.7 21 150   M    M   9 8      26 150
18  90  78  84   7   0  19    T  0.0    0 16.4 28 140   M    M   9 18     34 150
19  90  76  83   5   0  18 0.00  0.0    0 17.1 26 140   M    M   8        33 140
20  93  75  84   6   0  19 0.00  0.0    0  9.3 18 140   M    M   4 1      23 110
21  91  73  82   4   0  17 0.60  0.0    0  8.9 28 120   M    M   7 138    33 110
22  86  69  78   0   0  13 1.86  0.0    0  8.8 20 310   M    M   7 13     23 310
23  89  65  77  -1   0  12 0.00  0.0    0  8.0 39 330   M    M   5 3      49 320
24  86  55  71  -8   0   6 0.00  0.0    0  8.7 17 330   M    M   0        23 300
25  89  63  76  -3   0  11 0.00  0.0    0 14.6 25 170   M    M   1        32 170
26  89  78  84   5   0  19 0.00  0.0    0 14.2 23 160   M    M  10 8      28 180
27  91  79  85   6   0  20 0.00  0.0    0 14.0 24 150   M    M   7 18     29 170
28  91  78  85   6   0  20 0.00  0.0    0 10.0 24 150   M    M   7 138    29 140
================================================================================
SM 2450 1856         0 341  2.72     0.0 312.2          M      128
================================================================================
AV 87.5 66.3                              11.2 FASTST   M    M   5    MAX(MPH)
                                 MISC ---->  # 39 330               # 49  320
================================================================================
NOTES:
# LAST OF SEVERAL OCCURRENCES

COLUMN 17 PEAK WIND IN M.P.H.

PRELIMINARY LOCAL CLIMATOLOGICAL DATA (WS FORM: F-6) , PAGE 2

                                          STATION:  VICTORIA
                                          MONTH:    MAY
                                          YEAR:     2017
                                          LATITUDE:   28 51 N
                                          LONGITUDE:  96 55 W

[TEMPERATURE DATA]      [PRECIPITATION DATA]       SYMBOLS USED IN COLUMN 16

AVERAGE MONTHLY: 76.9   TOTAL FOR MONTH:   2.72    1 = FOG OR MIST
DPTR FM NORMAL:   0.4   DPTR FM NORMAL:   -1.96    2 = FOG REDUCING VISIBILITY
HIGHEST:    93 ON 20    GRTST 24HR  1.86 ON 22-22      TO 1/4 MILE OR LESS
LOWEST:     49 ON  5                               3 = THUNDER
                        SNOW, ICE PELLETS, HAIL    4 = ICE PELLETS
                        TOTAL MONTH:   0.0 INCH    5 = HAIL
                        GRTST 24HR     0.0         6 = FREEZING RAIN OR DRIZZLE
                        GRTST DEPTH:   0           7 = DUSTSTORM OR SANDSTORM:
                                                       VSBY 1/2 MILE OR LESS
                                                   8 = SMOKE OR HAZE
[NO. OF DAYS WITH]      [WEATHER - DAYS WITH]      9 = BLOWING SNOW
                                                   X = TORNADO
MAX 32 OR BELOW:   0    0.01 INCH OR MORE:   5
MAX 90 OR ABOVE:   8    0.10 INCH OR MORE:   3
MIN 32 OR BELOW:   0    0.50 INCH OR MORE:   2
MIN  0 OR BELOW:   0    1.00 INCH OR MORE:   1

[HDD (BASE 65) ]
TOTAL THIS MO.     0    CLEAR  (SCALE 0-3)  11
DPTR FM NORMAL     0    PTCLDY (SCALE 4-7)  12
TOTAL FM JUL 1   567    CLOUDY (SCALE 8-10)  5
DPTR FM NORMAL  -681

[CDD (BASE 65) ]
TOTAL THIS MO.   341
DPTR FM NORMAL    16    [PRESSURE DATA]
TOTAL FM JAN 1   967    HIGHEST SLP M ON M
DPTR FM NORMAL   353    LOWEST  SLP 29.65 ON 17

[REMARKS]
