000
CXUS54 KCRP 301300
CF6VCT
PRELIMINARY LOCAL CLIMATOLOGICAL DATA (WS FORM: F-6)

                                          STATION:   VICTORIA
                                          MONTH:     MARCH
                                          YEAR:      2015
                                          LATITUDE:   28 51 N
                                          LONGITUDE:  96 55 W

  TEMPERATURE IN F:       :PCPN:    SNOW:  WIND      :SUNSHINE: SKY     :PK WND
================================================================================
1   2   3   4   5  6A  6B    7    8   9   10  11  12  13   14  15   16   17  18
                                     12Z  AVG MX 2MIN
DY MAX MIN AVG DEP HDD CDD  WTR  SNW DPTH SPD SPD DIR MIN PSBL S-S WX    SPD DR
================================================================================

 1  51  44  48 -12  17   0 0.10  0.0    0 10.4 16 350   M    M  10 1      20 350
 2  56  44  50 -10  15   0 0.00  0.0    0  8.8 16 350   M    M  10 1      19  10
 3  77  50  64   3   1   0 0.00  0.0    0 11.0 26 190   M    M   9 12     33 180
 4  77  39  58  -3   7   0    T  0.0    0 15.4 32 350   M    M   9 18     40 350
 5  52  36  44 -17  21   0 0.05    M    0 18.7 32  10   M    M   6 1      46  10
 6  56  31  44 -17  21   0 0.00  0.0    0  7.4 17  60   M    M   3        21  50
 7  62  44  53  -9  12   0 0.00  0.0    0  4.9 13 160   M    M  10        16  80
 8  54  50  52 -10  13   0 1.22  0.0    0  6.7 16 110   M    M  10 1      20 110
 9  63  54  59  -3   6   0 2.90  0.0    0  7.5 16 300   M    M  10 12     20 140
10  66  53  60  -2   5   0 0.00  0.0    0  8.5 14  10   M    M   7        17  20
11  60  53  57  -5   8   0    T  0.0    0 10.0 18  10   M    M  10 1      23  10
12  73  54  64   2   1   0 0.11  0.0    0  8.4 16 300   M    M  10 1      20 310
13  78  52  65   2   0   0 0.00  0.0    0  6.4 16 300   M    M   4 12     21 310
14  79  54  67   4   0   2 0.00  0.0    0  7.2 16 360   M    M   1        19 350
15  71  54  63   0   2   0    T  0.0    0  7.1 14  20   M    M   1        17  20
16  69  56  63   0   2   0 0.14  0.0    0  6.3 14  30   M    M   9 1      17  40
17  78  64  71   7   0   6 0.00  0.0    0  5.4 13 150   M    M   7 12     15 150
18  79  62  71   7   0   6 1.73  0.0    0  6.4 17 250   M    M   8 1      25 230
19  79  67  73   9   0   8 0.88  0.0    0  8.6 18 170   M    M   8 1      23 160
20  79  63  71   7   0   6 0.06  0.0    0  9.5 22 350   M    M  10 1      26 340
21  66  60  63  -1   2   0 1.09  0.0    0  9.0 16  50   M    M  10 1      21 360
22  77  59  68   3   0   3 0.00  0.0    0  6.6 14 340   M    M   7 1      20 320
23  81  56  69   4   0   4 0.00  0.0    0  4.5 13 170   M    M   0 1      15 170
24  78  56  67   2   0   2 0.00  0.0    0  8.0 18 160   M    M   3 12     21 170
25  80  58  69   4   0   4 0.00  0.0    0  9.4 22 170   M    M   7 12     27 160
26  70  53  62  -3   3   0 0.09  0.0    0 12.9 28 360   M    M   5 1      37 330
27  79  44  62  -4   3   0 0.00  0.0    0  7.7 17 290   M    M   0        20 280
28  82  53  68   2   0   3 0.00  0.0    0 11.8 23 180   M    M   0        29 190
29  80  56  68   2   0   3 0.00  0.0    0 14.8 29 180   M    M   1 1      37 180
================================================================================
SM 2052 1519       139  47  8.37     0.0 259.3          M      185
================================================================================
AV 70.8 52.4                               8.9 FASTST   M    M   6    MAX(MPH)
                                 MISC ---->  # 32 350               # 46   10
================================================================================
NOTES:
# LAST OF SEVERAL OCCURRENCES

COLUMN 17 PEAK WIND IN M.P.H.

PRELIMINARY LOCAL CLIMATOLOGICAL DATA (WS FORM: F-6) , PAGE 2

                                          STATION:  VICTORIA
                                          MONTH:    MARCH
                                          YEAR:     2015
                                          LATITUDE:   28 51 N
                                          LONGITUDE:  96 55 W

[TEMPERATURE DATA]      [PRECIPITATION DATA]       SYMBOLS USED IN COLUMN 16

AVERAGE MONTHLY: 61.6   TOTAL FOR MONTH:   8.37    1 = FOG OR MIST
DPTR FM NORMAL:  -1.6   DPTR FM NORMAL:    5.77    2 = FOG REDUCING VISIBILITY
HIGHEST:    82 ON 28    GRTST 24HR  2.90 ON  9- 9      TO 1/4 MILE OR LESS
LOWEST:     31 ON  6                               3 = THUNDER
                        SNOW, ICE PELLETS, HAIL    4 = ICE PELLETS
                        TOTAL MONTH:   0.0 INCH    5 = HAIL
                        GRTST 24HR     0.0         6 = FREEZING RAIN OR DRIZZLE
                        GRTST DEPTH:   0           7 = DUSTSTORM OR SANDSTORM:
                                                       VSBY 1/2 MILE OR LESS
                                                   8 = SMOKE OR HAZE
[NO. OF DAYS WITH]      [WEATHER - DAYS WITH]      9 = BLOWING SNOW
                                                   X = TORNADO
MAX 32 OR BELOW:   0    0.01 INCH OR MORE:  11
MAX 90 OR ABOVE:   0    0.10 INCH OR MORE:   8
MIN 32 OR BELOW:   1    0.50 INCH OR MORE:   5
MIN  0 OR BELOW:   0    1.00 INCH OR MORE:   4

[HDD (BASE 65) ]
TOTAL THIS MO.   139    CLEAR  (SCALE 0-3)   7
DPTR FM NORMAL    18    PTCLDY (SCALE 4-7)   9
TOTAL FM JUL 1  1219    CLOUDY (SCALE 8-10) 13
DPTR FM NORMAL     5

[CDD (BASE 65) ]
TOTAL THIS MO.    47
DPTR FM NORMAL   -19    [PRESSURE DATA]
TOTAL FM JAN 1    62    HIGHEST SLP M ON M
DPTR FM NORMAL   -42    LOWEST  SLP 29.72 ON  4

[REMARKS]
