000
CXUS55 KVEF 170940
CF6VGT
PRELIMINARY LOCAL CLIMATOLOGICAL DATA (WS FORM: F-6)

                                          STATION:   NORTH_LAS_VEGAS NV
                                          MONTH:     DECEMBER
                                          YEAR:      2014
                                          LATITUDE:   36 12 N
                                          LONGITUDE: 115 12 W

  TEMPERATURE IN F:       :PCPN:    SNOW:  WIND      :SUNSHINE: SKY     :PK WND
================================================================================
1   2   3   4   5  6A  6B    7    8   9   10  11  12  13   14  15   16   17  18
                                     12Z  AVG MX 2MIN
DY MAX MIN AVG DEP HDD CDD  WTR  SNW DPTH SPD SPD DIR MIN PSBL S-S WX    SPD DR
================================================================================

 1  63  45  54   4  11   0 0.00  0.0    0  3.2  8 130   M    M   0        11 140
 2  58  47  53   3  12   0 0.29    M    0  4.0 10 340   M    M   5 1      12 350
 3  53  50  52   3  13   0    T  0.0    0  5.0  9 120   M    M  10 1      11 140
 4  59  50  55   6  10   0 0.02  0.0    0  2.1  7 110   M    M   6 1       8 110
 5  61  51  56   8   9   0 0.00  0.0    0  1.8  8  80   M    M   7 1       9  80
 6  67  52  60  12   5   0    T  0.0    0  3.9 10 350   M    M   3        14 340
 7  65  46  56   8   9   0 0.00  0.0    0  3.8 12 350   M    M   0        15 340
 8  66  48  57   9   8   0 0.00  0.0    0  3.2 12 330   M    M   0        13 340
 9  68  43  56   9   9   0 0.00  0.0    0  4.4 14 320   M    M   0 8      17 320
10  66  44  55   8  10   0 0.00  0.0    0  3.9 12 310   M    M   0        13 310
11  62  47  55   8  10   0 0.00  0.0    0  3.0  9  90   M    M   0        11  90
12  61  44  53   6  12   0 0.07    M    0  8.4 22 170   M    M   4        30 180
13  59  42  51   5  14   0 0.00  0.0    0 12.7 25 320   M    M   3        33 320
14  55  40  48   2  17   0 0.00  0.0    0  6.0 15 330   M    M   0        19 330
15  52  37  45  -1  20   0 0.00  0.0    0  3.5  9 110   M    M   0        12 190
16  55  41  48   2  17   0 0.01    M    0  2.8  9 140   M    M   6        14 140
================================================================================
SM  970  727       186   0  0.39     0.0  71.7          M       44
================================================================================
AV 60.6 45.4                               4.5 FASTST   M    M   3    MAX(MPH)
                                 MISC ---->  # 25 320               # 33  320
================================================================================
NOTES:
# LAST OF SEVERAL OCCURRENCES

COLUMN 17 PEAK WIND IN M.P.H.

PRELIMINARY LOCAL CLIMATOLOGICAL DATA (WS FORM: F-6) , PAGE 2

                                          STATION:  NORTH_LAS_VEGAS NV
                                          MONTH:    DECEMBER
                                          YEAR:     2014
                                          LATITUDE:   36 12 N
                                          LONGITUDE: 115 12 W

[TEMPERATURE DATA]      [PRECIPITATION DATA]       SYMBOLS USED IN COLUMN 16

AVERAGE MONTHLY: 53.0   TOTAL FOR MONTH:   0.39    1 = FOG OR MIST
DPTR FM NORMAL:   5.4   DPTR FM NORMAL:    0.21    2 = FOG REDUCING VISIBILITY
HIGHEST:    68 ON  9    GRTST 24HR  0.29 ON  2- 2      TO 1/4 MILE OR LESS
LOWEST:     37 ON 15                               3 = THUNDER
                        SNOW, ICE PELLETS, HAIL    4 = ICE PELLETS
                        TOTAL MONTH:   0.0 INCH    5 = HAIL
                        GRTST 24HR     0.0         6 = FREEZING RAIN OR DRIZZLE
                        GRTST DEPTH:   0           7 = DUSTSTORM OR SANDSTORM:
                                                       VSBY 1/2 MILE OR LESS
                                                   8 = SMOKE OR HAZE
[NO. OF DAYS WITH]      [WEATHER - DAYS WITH]      9 = BLOWING SNOW
                                                   X = TORNADO
MAX 32 OR BELOW:   0    0.01 INCH OR MORE:   4
MAX 90 OR ABOVE:   0    0.10 INCH OR MORE:   1
MIN 32 OR BELOW:   0    0.50 INCH OR MORE:   0
MIN  0 OR BELOW:   0    1.00 INCH OR MORE:   0

[HDD (BASE 65) ]
TOTAL THIS MO.   186    CLEAR  (SCALE 0-3)   9
DPTR FM NORMAL   -91    PTCLDY (SCALE 4-7)   6
TOTAL FM JUL 1   397    CLOUDY (SCALE 8-10)  1
DPTR FM NORMAL  -193

[CDD (BASE 65) ]
TOTAL THIS MO.     0
DPTR FM NORMAL     0    [PRESSURE DATA]
TOTAL FM JAN 1  3601    HIGHEST SLP M ON M
DPTR FM NORMAL   307    LOWEST  SLP 29.82 ON 12

[REMARKS]
