000
CXUS53 KSGF 170710
CF6VIH
PRELIMINARY LOCAL CLIMATOLOGICAL DATA (WS FORM: F-6)
STATION: VICHY-ROLLA MO
MONTH: APRIL
YEAR: 2024
LATITUDE: 38 7 N
LONGITUDE: 91 46 W
TEMPERATURE IN F: :PCPN: SNOW: WIND :SUNSHINE: SKY :PK WND
================================================================================
1 2 3 4 5 6A 6B 7 8 9 10 11 12 13 14 15 16 17 18
12Z AVG MX 2MIN
DY MAX MIN AVG DEP HDD CDD WTR SNW DPTH SPD SPD DIR MIN PSBL S-S WX SPD DR
================================================================================
1 77 61 69 18 0 4 M M M M M M M M 6 13 M M
2 77 40 59 8 6 0 M M M M M M M M 8 13 M M
3 50 36 43 -9 22 0 T M M 15.3 30 290 M M 9 46 290
4 54 36 45 -7 20 0 0.00 M M 11.5 26 300 M M 2 40 280
5 59 29 44 -8 21 0 0.00 M M 4.6 16 90 M M 0 22 100
6 66 38 52 -1 13 0 0.00 M M 14.3 21 140 M M 0 32 140
7 73 50 62 9 3 0 0.02 M M 16.1 30 250 M M 2 43 250
8 76 40 58 4 7 0 0.00 M M 9.1 22 190 M M 0 29 180
9 68 48 58 4 7 0 T M M 4.8 13 310 M M 7 18 320
10 58 50 54 0 11 0 0.44 M M 8.0 20 40 M M 10 18 27 40
11 64 49 57 3 8 0 0.02 M M 15.3 32 290 M M 4 44 290
12 66 41 54 -1 11 0 M M M 12.3 24 280 M M 0 39 320
13 82 40 61 6 4 0 0.00 M M 10.7 22 210 M M 0 29 220
14 85 60 73 18 0 8 0.00 M M 9.9 23 220 M M 0 34 230
15 85 58 72 16 0 7 0.00 M M 8.1 23 170 M M 2 32 160
16 78 66 72 16 0 7 0.03 M M 18.1 35 200 M M 3 3 47 180
================================================================================
SM 1118 742 133 26 0.51 M 158.1 M 53
================================================================================
AV 69.9 46.4 11.3 FASTST M M 3 MAX(MPH)
MISC ----> 35 200 47 180
================================================================================
NOTES:
# LAST OF SEVERAL OCCURRENCES
COLUMN 17 PEAK WIND IN M.P.H.
PRELIMINARY LOCAL CLIMATOLOGICAL DATA (WS FORM: F-6) , PAGE 2
STATION: VICHY-ROLLA MO
MONTH: APRIL
YEAR: 2024
LATITUDE: 38 7 N
LONGITUDE: 91 46 W
[TEMPERATURE DATA] [PRECIPITATION DATA] SYMBOLS USED IN COLUMN 16
AVERAGE MONTHLY: 58.1 TOTAL FOR MONTH: 0.51 1 = FOG OR MIST
DPTR FM NORMAL: 4.6 DPTR FM NORMAL: -1.80 2 = FOG REDUCING VISIBILITY
HIGHEST: 85 ON 15,14 GRTST 24HR 0.46 ON 10-11 TO 1/4 MILE OR LESS
LOWEST: 29 ON 5 3 = THUNDER
SNOW, ICE PELLETS, HAIL 4 = ICE PELLETS
TOTAL MONTH: M 5 = HAIL
GRTST 24HR M ON M 6 = FREEZING RAIN OR DRIZZLE
GRTST DEPTH: M ON M 7 = DUSTSTORM OR SANDSTORM:
VSBY 1/2 MILE OR LESS
8 = SMOKE OR HAZE
[NO. OF DAYS WITH] [WEATHER - DAYS WITH] 9 = BLOWING SNOW
X = TORNADO
MAX 32 OR BELOW: 0 0.01 INCH OR MORE: 4
MAX 90 OR ABOVE: 0 0.10 INCH OR MORE: 1
MIN 32 OR BELOW: 1 0.50 INCH OR MORE: 0
MIN 0 OR BELOW: 0 1.00 INCH OR MORE: 0
[HDD (BASE 65) ]
TOTAL THIS MO. 133 CLEAR (SCALE 0-3) 10
DPTR FM NORMAL -59 PTCLDY (SCALE 4-7) 3
TOTAL FM JUL 1 3616 CLOUDY (SCALE 8-10) 3
DPTR FM NORMAL -879
[CDD (BASE 65) ]
TOTAL THIS MO. 26
DPTR FM NORMAL 16 [PRESSURE DATA]
TOTAL FM JAN 1 35 HIGHEST SLP M ON M
DPTR FM NORMAL 20 LOWEST SLP 29.48 ON 2
[REMARKS]