000
CXUS53 KSGF 290800
CF6VIH
PRELIMINARY LOCAL CLIMATOLOGICAL DATA (WS FORM: F-6)

                                          STATION:   VICHY-ROLLA MO
                                          MONTH:     MARCH
                                          YEAR:      2015
                                          LATITUDE:   38  7 N
                                          LONGITUDE:  91 46 W

  TEMPERATURE IN F:       :PCPN:    SNOW:  WIND      :SUNSHINE: SKY     :PK WND
================================================================================
1   2   3   4   5  6A  6B    7    8   9   10  11  12  13   14  15   16   17  18
                                     12Z  AVG MX 2MIN
DY MAX MIN AVG DEP HDD CDD  WTR  SNW DPTH SPD SPD DIR MIN PSBL S-S WX    SPD DR
================================================================================

 1  30  11  21 -19  44   0    T    M    M  3.6 10 320   M    M   9 18     14 310
 2  35   7  21 -19  44   0 0.00    M    M  7.6 20 160   M    M   3 128    25 160
 3  47  33  40  -1  25   0 0.07    M    M 12.5 24 190   M    M  10 1      30 190
 4  35  17  26 -15  39   0 0.09    M    M 11.7 22 360   M    M   9 1      27  10
 5  29  16  23 -19  42   0 0.00    M    M  7.8 17 310   M    M   0        25 310
 6  51  16  34  -8  31   0 0.00    M    M 13.7 24 220   M    M   0        29 210
 7  65  33  49   7  16   0 0.00    M    M 11.3 22 230   M    M   0        27 250
 8  63  32  48   5  17   0 0.00    M    M  9.2 20 170   M    M   0        23 160
 9  58  34  46   3  19   0 0.05    M    M  7.2 15 170   M    M   3 12     18 180
10  55  41  48   5  17   0 0.30    M    M  5.1  9 210   M    M   7 1      11 350
11  72  35  54  10  11   0 0.00    M    M  5.3 13  20   M    M   1 12     16  20
12  67  39  53   9  12   0 0.03    M    M  7.6 15 100   M    M   3 18     20 100
13  53  49  51   7  14   0 0.79    M    M  8.4 17  30   M    M  10 1      21  30
14  61  38  50   5  15   0 0.04    M    M  6.3 15  10   M    M   3 12     20  10
15  70  34  52   7  13   0 0.00    M    M  7.2 14 220   M    M   0        18 200
16  76  44  60  15   5   0 0.00    M    M 12.2 21 210   M    M   0        26 220
17  59  41  50   4  15   0 0.00    M    M 12.2 23  30   M    M   2        29  40
18  42  36  39  -7  26   0 0.10    M    M 10.1 18 100   M    M   6 1      23 100
19  44  34  39  -7  26   0 0.03    M    M  5.6 14 110   M    M  10 12     17 100
20  56  37  47   0  18   0    T    M    M  6.9 13 300   M    M   6 1      17 300
21  70  41  56   9   9   0 0.00    M    M  7.8 13 100   M    M   0        17 100
22  70  47  59  12   6   0 0.00    M    M  8.4 13 130   M    M   0        16 100
23  69  40  55   7  10   0 0.00  0.0    0 12.5 21 230   M    M   3        28 260
24  57  34  46  -2  19   0 0.49    M    0 13.5 25 110   M    M   8 138    31 100
25  65  42  54   6  11   0 0.94    M    0   M   M   M   M    M   7 138     M  M
26  50  37  44  -5  21   0 0.07    M    M   M   M   M   M    M   5 1       M  M
27  42  30  36 -13  29   0 0.02    M    M  6.1 17 340   M    M   6 1      24 350
28  46  31  39 -10  26   0    T    M    M  8.3 15 160   M    M   6        20 150
================================================================================
SM 1537  929       580   0  3.02     0.0 228.1          M      117
================================================================================
AV 54.9 33.2                               8.8 FASTST   M    M   4    MAX(MPH)
                                 MISC ---->  # 25 110               # 31  100
================================================================================
NOTES:
# LAST OF SEVERAL OCCURRENCES

COLUMN 17 PEAK WIND IN M.P.H.

PRELIMINARY LOCAL CLIMATOLOGICAL DATA (WS FORM: F-6) , PAGE 2

                                          STATION:  VICHY-ROLLA MO
                                          MONTH:    MARCH
                                          YEAR:     2015
                                          LATITUDE:   38  7 N
                                          LONGITUDE:  91 46 W

[TEMPERATURE DATA]      [PRECIPITATION DATA]       SYMBOLS USED IN COLUMN 16

AVERAGE MONTHLY: 44.0   TOTAL FOR MONTH:   3.02    1 = FOG OR MIST
DPTR FM NORMAL:  -0.8   DPTR FM NORMAL:    0.02    2 = FOG REDUCING VISIBILITY
HIGHEST:    76 ON 16    GRTST 24HR  0.94 ON 25-25      TO 1/4 MILE OR LESS
LOWEST:      7 ON  2                               3 = THUNDER
                        SNOW, ICE PELLETS, HAIL    4 = ICE PELLETS
                        TOTAL MONTH:   0.0 INCH    5 = HAIL
                        GRTST 24HR     0.0         6 = FREEZING RAIN OR DRIZZLE
                        GRTST DEPTH:   0           7 = DUSTSTORM OR SANDSTORM:
                                                       VSBY 1/2 MILE OR LESS
                                                   8 = SMOKE OR HAZE
[NO. OF DAYS WITH]      [WEATHER - DAYS WITH]      9 = BLOWING SNOW
                                                   X = TORNADO
MAX 32 OR BELOW:   2    0.01 INCH OR MORE:  13
MAX 90 OR ABOVE:   0    0.10 INCH OR MORE:   5
MIN 32 OR BELOW:   8    0.50 INCH OR MORE:   2
MIN  0 OR BELOW:   0    1.00 INCH OR MORE:   0

[HDD (BASE 65) ]
TOTAL THIS MO.   580    CLEAR  (SCALE 0-3)  14
DPTR FM NORMAL    12    PTCLDY (SCALE 4-7)   9
TOTAL FM JUL 1  4697    CLOUDY (SCALE 8-10)  5
DPTR FM NORMAL   339

[CDD (BASE 65) ]
TOTAL THIS MO.     0
DPTR FM NORMAL     0    [PRESSURE DATA]
TOTAL FM JAN 1     0    HIGHEST SLP M ON M
DPTR FM NORMAL     0    LOWEST  SLP 29.60 ON 24

[REMARKS]
