000
CXUS53 KSGF 230800
CF6VIH
PRELIMINARY LOCAL CLIMATOLOGICAL DATA (WS FORM: F-6)

                                          STATION:   VICHY-ROLLA MO
                                          MONTH:     MAY
                                          YEAR:      2015
                                          LATITUDE:   38  7 N
                                          LONGITUDE:  91 46 W

  TEMPERATURE IN F:       :PCPN:    SNOW:  WIND      :SUNSHINE: SKY     :PK WND
================================================================================
1   2   3   4   5  6A  6B    7    8   9   10  11  12  13   14  15   16   17  18
                                     12Z  AVG MX 2MIN
DY MAX MIN AVG DEP HDD CDD  WTR  SNW DPTH SPD SPD DIR MIN PSBL S-S WX    SPD DR
================================================================================

 1  71  34  53  -7  12   0 0.00    M    M  3.7 10 130   M    M   0 8      12 130
 2  78  52  65   5   0   0 0.00    M    M  9.4 15 210   M    M   3        19 210
 3  82  59  71  11   0   6 0.00    M    M 11.7 21 210   M    M   1        27 160
 4  82  62  72  11   0   7 0.00    M    M 10.4 17 220   M    M   2        23 210
 5  81  59  70   9   0   5 0.01    M    M 10.1 20 150   M    M   3        25 150
 6  82  61  72  11   0   7    T    M    M 12.5 25 180   M    M   2        32 180
 7  81  63  72  10   0   7    T  0.0    0 11.9 30 270   M    M   4 13     37 260
 8  72  59  66   4   0   1 1.02    M    M  5.5 17 280   M    M   6 13     20 270
 9  70  59  65   3   0   0 0.93    M    M  6.4 15  20   M    M   8 123    18  20
10  77  63  70   8   0   5 0.29    M    M  9.2 22 230   M    M   4 13     29 240
11  68  46  57  -5   8   0 0.26    M    M 12.2 23 240   M    M   5 1      29 230
12  68  45  57  -6   8   0 0.00    M    M  7.4 20 320   M    M   0        27 290
13  72  45  59  -4   6   0 0.00    M    M  9.0 18 110   M    M   2        22 100
14  77  54  66   3   0   1 0.21    M    M 14.0 25 180   M    M   7 1      32 190
15  78  62  70   6   0   5 0.02    M    M  9.7 21 170   M    M   2 38     26 170
16  78  66  72   8   0   7 0.04    M    M 11.8 21 170   M    M   6 1      28 160
17  76  61  69   5   0   4 0.24    M    M 12.2 30 270   M    M   4 13     40 250
18  80  54  67   3   0   2 0.00    M    M  8.5 17 340   M    M   2 1      22 340
19  66  46  56  -9   9   0 0.00    M    M  7.6 13  80   M    M   0        18  20
20  53  45  49 -16  16   0 0.25    M    M 10.0 16  20   M    M   9 1      22  90
21  63  44  54 -11  11   0 0.00    M    M  7.2 16 340   M    M   5 1      23 330
22  69  42  56  -9   9   0    T    M    M  5.6 12 240   M    M   2        13 220
================================================================================
SM 1624 1181        79  57  3.27     0.0 206.0          M       77
================================================================================
AV 73.8 53.7                               9.4 FASTST   M    M   4    MAX(MPH)
                                 MISC ---->  # 30 270               # 40  250
================================================================================
NOTES:
# LAST OF SEVERAL OCCURRENCES

COLUMN 17 PEAK WIND IN M.P.H.

PRELIMINARY LOCAL CLIMATOLOGICAL DATA (WS FORM: F-6) , PAGE 2

                                          STATION:  VICHY-ROLLA MO
                                          MONTH:    MAY
                                          YEAR:     2015
                                          LATITUDE:   38  7 N
                                          LONGITUDE:  91 46 W

[TEMPERATURE DATA]      [PRECIPITATION DATA]       SYMBOLS USED IN COLUMN 16

AVERAGE MONTHLY: 63.8   TOTAL FOR MONTH:   3.27    1 = FOG OR MIST
DPTR FM NORMAL:   1.1   DPTR FM NORMAL:   -0.31    2 = FOG REDUCING VISIBILITY
HIGHEST:    82 ON  6, 4 GRTST 24HR  1.03 ON  8- 9      TO 1/4 MILE OR LESS
LOWEST:     34 ON  1                               3 = THUNDER
                        SNOW, ICE PELLETS, HAIL    4 = ICE PELLETS
                        TOTAL MONTH:   0.0 INCH    5 = HAIL
                        GRTST 24HR     0.0         6 = FREEZING RAIN OR DRIZZLE
                        GRTST DEPTH:   0           7 = DUSTSTORM OR SANDSTORM:
                                                       VSBY 1/2 MILE OR LESS
                                                   8 = SMOKE OR HAZE
[NO. OF DAYS WITH]      [WEATHER - DAYS WITH]      9 = BLOWING SNOW
                                                   X = TORNADO
MAX 32 OR BELOW:   0    0.01 INCH OR MORE:  10
MAX 90 OR ABOVE:   0    0.10 INCH OR MORE:   7
MIN 32 OR BELOW:   0    0.50 INCH OR MORE:   2
MIN  0 OR BELOW:   0    1.00 INCH OR MORE:   1

[HDD (BASE 65) ]
TOTAL THIS MO.    79    CLEAR  (SCALE 0-3)  11
DPTR FM NORMAL   -19    PTCLDY (SCALE 4-7)  10
TOTAL FM JUL 1  5034    CLOUDY (SCALE 8-10)  1
DPTR FM NORMAL   218

[CDD (BASE 65) ]
TOTAL THIS MO.    57
DPTR FM NORMAL    11    [PRESSURE DATA]
TOTAL FM JAN 1    70    HIGHEST SLP M ON M
DPTR FM NORMAL    -2    LOWEST  SLP 29.78 ON M

[REMARKS]
