000
CXUS52 KTAE 250800
CF6VLD
PRELIMINARY LOCAL CLIMATOLOGICAL DATA (WS FORM: F-6)

                                          STATION:   VALDOSTA
                                          MONTH:     NOVEMBER
                                          YEAR:      2014
                                          LATITUDE:   30 46 N
                                          LONGITUDE:  83 17 W

  TEMPERATURE IN F:       :PCPN:    SNOW:  WIND      :SUNSHINE: SKY     :PK WND
================================================================================
1   2   3   4   5  6A  6B    7    8   9   10  11  12  13   14  15   16   17  18
                                     12Z  AVG MX 2MIN
DY MAX MIN AVG DEP HDD CDD  WTR  SNW DPTH SPD SPD DIR MIN PSBL S-S WX    SPD DR
================================================================================

 1  57  39  48 -16  17   0 0.00  0.0    0  6.8 16 310   M    M   1        31 310
 2  63  34  49 -15  16   0 0.00  0.0    0  2.5 12 360   M    M   0        18  10
 3  69  31  50 -13  15   0 0.00  0.0    0  1.7  9 100   M    M   1        14 100
 4  76  39  58  -5   7   0 0.00  0.0    0  2.1 12 170   M    M   1        16 150
 5  80  52  66   3   0   1 0.00  0.0    0  2.3  9 160   M    M   3 8      13 170
 6  82  56  69   7   0   4 0.00  0.0    0  1.5  8 220   M    M   5 8      16 270
 7  66  40  53  -9  12   0 0.00  0.0    0  3.6 17  20   M    M   0 1      22 360
 8  64  40  52 -10  13   0 0.00  0.0    0  0.1  6  20   M    M   3 1      10 130
 9  72  45  59  -3   6   0 0.00  0.0    0  2.0 10  10   M    M   0        14  20
10  77  40  59  -2   6   0 0.00  0.0    0  1.8 12  20   M    M   2 12     15  30
11  78  40  59  -2   6   0 0.00  0.0    0  2.4 13  10   M    M   1 1      24  20
12  79  42  61   0   4   0 0.00  0.0    0  0.7  9  10   M    M   3 1      13 360
13  72  46  59  -1   6   0 0.00  0.0    0  2.3  9 320   M    M   5 18     15 330
14  56  35  46 -14  19   0 0.00  0.0    0  3.6 13  10   M    M   1        18  10
15  64  37  51  -9  14   0 0.00  0.0    0  5.4 13  60   M    M   1        17  50
16  76  44  60   0   5   0 0.00  0.0    0  5.2 15 180   M    M   6        22 180
17  71  45  58  -1   7   0 0.52    M    0  6.9 17 190   M    M   7 1      23 190
18  49  27  38 -21  27   0 0.00  0.0    0  3.8 16  10   M    M   1        25  10
19  52  27  40 -19  25   0 0.00  0.0    0  2.9  8  10   M    M   0        17  30
20  65  25  45 -14  20   0 0.00  0.0    0  0.9  8  10   M    M   0        12 310
21  71  32  52  -6  13   0 0.00  0.0    0  4.1 16  30   M    M   0 1      21  60
22  68  48  58   0   7   0 0.95  0.0    0  8.7 17  60   M    M   7 13     24  70
23  76  62  69  11   0   4 1.23  0.0    0  7.5 22 190   M    M  10 13     30 190
24  75  65  70  12   0   5 0.86  0.0    0  5.2 13 190   M    M  10 138    19 200
================================================================================
SM 1658  991       245  14  3.56     0.0  84.0          M       68
================================================================================
AV 69.1 41.3                               3.5 FASTST   M    M   3    MAX(MPH)
                                 MISC ---->  # 22 190               # 31  310
================================================================================
NOTES:
# LAST OF SEVERAL OCCURRENCES

COLUMN 17 PEAK WIND IN M.P.H.

PRELIMINARY LOCAL CLIMATOLOGICAL DATA (WS FORM: F-6) , PAGE 2

                                          STATION:  VALDOSTA
                                          MONTH:    NOVEMBER
                                          YEAR:     2014
                                          LATITUDE:   30 46 N
                                          LONGITUDE:  83 17 W

[TEMPERATURE DATA]      [PRECIPITATION DATA]       SYMBOLS USED IN COLUMN 16

AVERAGE MONTHLY: 55.2   TOTAL FOR MONTH:   3.56    1 = FOG OR MIST
DPTR FM NORMAL:  -5.5   DPTR FM NORMAL:    1.63    2 = FOG REDUCING VISIBILITY
HIGHEST:    82 ON  6    GRTST 24HR  1.72 ON 22-23      TO 1/4 MILE OR LESS
LOWEST:     25 ON 20                               3 = THUNDER
                        SNOW, ICE PELLETS, HAIL    4 = ICE PELLETS
                        TOTAL MONTH:   0.0 INCH    5 = HAIL
                        GRTST 24HR     0.0         6 = FREEZING RAIN OR DRIZZLE
                        GRTST DEPTH:   0           7 = DUSTSTORM OR SANDSTORM:
                                                       VSBY 1/2 MILE OR LESS
                                                   8 = SMOKE OR HAZE
[NO. OF DAYS WITH]      [WEATHER - DAYS WITH]      9 = BLOWING SNOW
                                                   X = TORNADO
MAX 32 OR BELOW:   0    0.01 INCH OR MORE:   4
MAX 90 OR ABOVE:   0    0.10 INCH OR MORE:   4
MIN 32 OR BELOW:   5    0.50 INCH OR MORE:   4
MIN  0 OR BELOW:   0    1.00 INCH OR MORE:   1

[HDD (BASE 65) ]
TOTAL THIS MO.   245    CLEAR  (SCALE 0-3)  16
DPTR FM NORMAL   110    PTCLDY (SCALE 4-7)   6
TOTAL FM JUL 1   281    CLOUDY (SCALE 8-10)  2
DPTR FM NORMAL   103

[CDD (BASE 65) ]
TOTAL THIS MO.    14
DPTR FM NORMAL   -19    [PRESSURE DATA]
TOTAL FM JAN 1  2919    HIGHEST SLP M ON M
DPTR FM NORMAL   505    LOWEST  SLP 29.69 ON 23

[REMARKS]
