000
CXUS52 KTAE 280800
CF6VLD
PRELIMINARY LOCAL CLIMATOLOGICAL DATA (WS FORM: F-6)

                                          STATION:   VALDOSTA
                                          MONTH:     MARCH
                                          YEAR:      2015
                                          LATITUDE:   30 46 N
                                          LONGITUDE:  83 17 W

  TEMPERATURE IN F:       :PCPN:    SNOW:  WIND      :SUNSHINE: SKY     :PK WND
================================================================================
1   2   3   4   5  6A  6B    7    8   9   10  11  12  13   14  15   16   17  18
                                     12Z  AVG MX 2MIN
DY MAX MIN AVG DEP HDD CDD  WTR  SNW DPTH SPD SPD DIR MIN PSBL S-S WX    SPD DR
================================================================================

 1  59  45  52  -5  13   0 0.01  0.0    0  5.8 10  10   M    M  10 1      14  40
 2  74  52  63   5   2   0 0.00  0.0    0  2.0  9 360   M    M   6 12     12 360
 3  83  52  68  10   0   3 0.00  0.0    0  2.9 13 170   M    M   3 1      17 220
 4  83  57  70  12   0   5 0.00  0.0    0  6.4 17 190   M    M   5 1      26 180
 5  81  51  66   8   0   1 0.33  0.0    0  6.4 15 180   M    M   9 18     22 220
 6  52  40  46 -12  19   0    T  0.0    0  8.9 17  10   M    M   8 1      20  10
 7  66  37  52  -7  13   0 0.00  0.0    0  4.0 13  50   M    M   1 1      16  50
 8  75  36  56  -3   9   0 0.00  0.0    0  2.4 10  50   M    M   0 1      14  40
 9  80  46  63   4   2   0 0.00  0.0    0  3.4 12 150   M    M   5        15 140
10  86  58  72  13   0   7 0.00  0.0    0  5.6 17 180   M    M   2 1      25 190
11  86  56  71  12   0   6 0.00  0.0    0  3.7 13 190   M    M   4 1      19 190
12  82  60  71  11   0   6 0.63  0.0    0  6.0 20  70   M    M   6 12     26  80
13  74  60  67   7   0   2 0.01  0.0    0  7.4 14  40   M    M   9 1      20  50
14  81  64  73  13   0   8 0.27  0.0    0  4.8 14 190   M    M   6 1      24 190
15  80  57  69   9   0   4 0.00  0.0    0  2.0 15  20   M    M   0 1      17  20
16  85  51  68   8   0   3    T  0.0    M  0.8  7 300   M    M   1 1      12 290
17  86  52  69   9   0   4    T  0.0    0  2.1 13 320   M    M   0        23 290
18  80  59  70  10   0   5 0.00  0.0    0  6.8 14 120   M    M   3        20 100
19  80  61  71  10   0   6    T  0.0    0  3.8  9 150   M    M   9 1      13 140
20  83  66  75  14   0  10    T  0.0    0  2.0 12 360   M    M   7 128    16  10
21  85  64  75  14   0  10 0.02  0.0    0  2.2  8  10   M    M   5 12     12 360
22  75  62  69   8   0   4 0.88  0.0    0  2.1  8 170   M    M   6 1      11 110
23  69  58  64   3   1   0 0.02  0.0    0  6.0 16 360   M    M   9 1      19  40
24  70  57  64   3   1   0 0.00  0.0    0  5.1 10  50   M    M  10 1      13  40
25  79  58  69   7   0   4 0.00  0.0    0  2.5  9  20   M    M   6 1      13 330
26  75  57  66   4   0   1 0.32  0.0    0  3.6 15 160   M    M   6 1      19 160
27  70  48  59  -3   6   0 0.01    M    0  3.6 14 330   M    M   7 1      23 320
================================================================================
SM 2079 1464        66  89  2.50     0.0 112.3          M      143
================================================================================
AV 77.0 54.2                               4.2 FASTST   M    M   5    MAX(MPH)
                                 MISC ---->  # 20  70               # 26  180
================================================================================
NOTES:
# LAST OF SEVERAL OCCURRENCES

COLUMN 17 PEAK WIND IN M.P.H.

PRELIMINARY LOCAL CLIMATOLOGICAL DATA (WS FORM: F-6) , PAGE 2

                                          STATION:  VALDOSTA
                                          MONTH:    MARCH
                                          YEAR:     2015
                                          LATITUDE:   30 46 N
                                          LONGITUDE:  83 17 W

[TEMPERATURE DATA]      [PRECIPITATION DATA]       SYMBOLS USED IN COLUMN 16

AVERAGE MONTHLY: 65.6   TOTAL FOR MONTH:   2.50    1 = FOG OR MIST
DPTR FM NORMAL:   5.8   DPTR FM NORMAL:   -1.76    2 = FOG REDUCING VISIBILITY
HIGHEST:    86 ON 17,11 GRTST 24HR  0.88 ON 22-22      TO 1/4 MILE OR LESS
LOWEST:     36 ON  8                               3 = THUNDER
                        SNOW, ICE PELLETS, HAIL    4 = ICE PELLETS
                        TOTAL MONTH:   0.0 INCH    5 = HAIL
                        GRTST 24HR     0.0         6 = FREEZING RAIN OR DRIZZLE
                        GRTST DEPTH:   0           7 = DUSTSTORM OR SANDSTORM:
                                                       VSBY 1/2 MILE OR LESS
                                                   8 = SMOKE OR HAZE
[NO. OF DAYS WITH]      [WEATHER - DAYS WITH]      9 = BLOWING SNOW
                                                   X = TORNADO
MAX 32 OR BELOW:   0    0.01 INCH OR MORE:  10
MAX 90 OR ABOVE:   0    0.10 INCH OR MORE:   5
MIN 32 OR BELOW:   0    0.50 INCH OR MORE:   2
MIN  0 OR BELOW:   0    1.00 INCH OR MORE:   0

[HDD (BASE 65) ]
TOTAL THIS MO.    66    CLEAR  (SCALE 0-3)   7
DPTR FM NORMAL  -104    PTCLDY (SCALE 4-7)  14
TOTAL FM JUL 1  1550    CLOUDY (SCALE 8-10)  6
DPTR FM NORMAL     0

[CDD (BASE 65) ]
TOTAL THIS MO.    89
DPTR FM NORMAL    62    [PRESSURE DATA]
TOTAL FM JAN 1    93    HIGHEST SLP M ON M
DPTR FM NORMAL    56    LOWEST  SLP 29.78 ON 27

[REMARKS]
