000
CXUS52 KFFC 201110
CF6VPC
PRELIMINARY LOCAL CLIMATOLOGICAL DATA (WS FORM: F-6)

                                          STATION:   CARTERSVILLE
                                          MONTH:     OCTOBER
                                          YEAR:      2017
                                          LATITUDE:   34  7 N
                                          LONGITUDE:  84 51 W

  TEMPERATURE IN F:       :PCPN:    SNOW:  WIND      :SUNSHINE: SKY     :PK WND
================================================================================
1   2   3   4   5  6A  6B    7    8   9   10  11  12  13   14  15   16   17  18
                                     12Z  AVG MX 2MIN
DY MAX MIN AVG DEP HDD CDD  WTR  SNW DPTH SPD SPD DIR MIN PSBL S-S WX    SPD DR
================================================================================

 1  74  54  64  -1   1   0 0.00  0.0    0  6.0 16  90   M    M   0        25 130
 2  78  59  69   4   0   4 0.00  0.0    0  5.3 14 100   M    M   4        24 100
 3  80  55  68   3   0   3 0.00  0.0    0  3.4 14  50   M    M   1        21  60
 4  81  52  67   3   0   2 0.00  0.0    0  2.9 13  80   M    M   0        17 110
 5  83  49  66   2   0   1 0.00  0.0    0  1.9 10 360   M    M   0 1      14  50
 6  84  53  69   5   0   4 0.00  0.0    0  2.0 10 140   M    M   2        16  60
 7  85  64  75  12   0  10 0.03  0.0    0  4.2 10 130   M    M   6        15 140
 8  76  71  74  11   0   9 1.45  0.0    0  8.1 17 170   M    M   8 1      27 130
 9  84  73  79  16   0  14 0.03  0.0    0  1.4 13 160   M    M   9 1      15 160
10  87  67  77  15   0  12 0.00  0.0    0  2.0 13 180   M    M   5 1      16 210
11  85  66  76  14   0  11 0.05  0.0    0  0.3  6 210   M    M   4 18      9 210
12  84  58  71   9   0   6 0.00  0.0    0  0.4  7  10   M    M   4 12      9 360
13  84  56  70   9   0   5    T  0.0    0  4.2 13 140   M    M   3 1      17 120
14  75  61  68   7   0   3 0.00  0.0    0  1.5  8 190   M    M   8 1      11 170
15  83  60  72  11   0   7 0.54  0.0    0  1.8 10 360   M    M   7 18     15 340
16  68  48  58  -2   7   0 0.21    M    0  6.9 20  10   M    M   4 1      27  20
17  69  40  55  -5  10   0 0.00  0.0    0  2.0 12 100   M    M   0        17  80
18  72  39  56  -4   9   0 0.00  0.0    0  2.2 10 120   M    M   0        15 120
19  76  40  58  -2   7   0 0.00  0.0    0  1.2  7 350   M    M   0        12 250
================================================================================
SM 1508 1065        34  91  2.31     0.0  57.7          M       65
================================================================================
AV 79.4 56.1                               3.0 FASTST   M    M   3    MAX(MPH)
                                 MISC ---->  # 20  10               # 27  130
================================================================================
NOTES:
# LAST OF SEVERAL OCCURRENCES

COLUMN 17 PEAK WIND IN M.P.H.

PRELIMINARY LOCAL CLIMATOLOGICAL DATA (WS FORM: F-6) , PAGE 2

                                          STATION:  CARTERSVILLE
                                          MONTH:    OCTOBER
                                          YEAR:     2017
                                          LATITUDE:   34  7 N
                                          LONGITUDE:  84 51 W

[TEMPERATURE DATA]      [PRECIPITATION DATA]       SYMBOLS USED IN COLUMN 16

AVERAGE MONTHLY: 67.7   TOTAL FOR MONTH:   2.31    1 = FOG OR MIST
DPTR FM NORMAL:   5.3   DPTR FM NORMAL:    0.18    2 = FOG REDUCING VISIBILITY
HIGHEST:    87 ON 10    GRTST 24HR  1.45 ON  8- 8      TO 1/4 MILE OR LESS
LOWEST:     39 ON 18                               3 = THUNDER
                        SNOW, ICE PELLETS, HAIL    4 = ICE PELLETS
                        TOTAL MONTH:   0.0 INCH    5 = HAIL
                        GRTST 24HR     0.0         6 = FREEZING RAIN OR DRIZZLE
                        GRTST DEPTH:   0           7 = DUSTSTORM OR SANDSTORM:
                                                       VSBY 1/2 MILE OR LESS
                                                   8 = SMOKE OR HAZE
[NO. OF DAYS WITH]      [WEATHER - DAYS WITH]      9 = BLOWING SNOW
                                                   X = TORNADO
MAX 32 OR BELOW:   0    0.01 INCH OR MORE:   6
MAX 90 OR ABOVE:   0    0.10 INCH OR MORE:   3
MIN 32 OR BELOW:   0    0.50 INCH OR MORE:   2
MIN  0 OR BELOW:   0    1.00 INCH OR MORE:   1

[HDD (BASE 65) ]
TOTAL THIS MO.    34    CLEAR  (SCALE 0-3)   8
DPTR FM NORMAL   -45    PTCLDY (SCALE 4-7)   9
TOTAL FM JUL 1    48    CLOUDY (SCALE 8-10)  2
DPTR FM NORMAL   -49

[CDD (BASE 65) ]
TOTAL THIS MO.    91
DPTR FM NORMAL    62    [PRESSURE DATA]
TOTAL FM JAN 1  1669    HIGHEST SLP M ON M
DPTR FM NORMAL   168    LOWEST  SLP 29.76 ON  8

[REMARKS]
