000
CXUS55 KLBF 231200
CF6VTN
PRELIMINARY LOCAL CLIMATOLOGICAL DATA (WS FORM: F-6)

                                          STATION:   VALENTINE
                                          MONTH:     AUGUST
                                          YEAR:      2017
                                          LATITUDE:   42 52 N
                                          LONGITUDE: 100 33 W

  TEMPERATURE IN F:       :PCPN:    SNOW:  WIND      :SUNSHINE: SKY     :PK WND
================================================================================
1   2   3   4   5  6A  6B    7    8   9   10  11  12  13   14  15   16   17  18
                                     12Z  AVG MX 2MIN
DY MAX MIN AVG DEP HDD CDD  WTR  SNW DPTH SPD SPD DIR MIN PSBL S-S WX    SPD DR
================================================================================

 1  92  59  76   1   0  11 0.00  0.0    0  7.0 35  10   M    M   0 3      44  10
 2  84  59  72  -3   0   7 0.02  0.0    0  8.1 26 330   M    M   3 3      35 330
 3  72  47  60 -15   5   0 0.00  0.0    0 10.2 22 330   M    M   5        28  40
 4  84  42  63 -12   2   0 0.00  0.0    0 10.4 23 160   M    M   2 1      29 170
 5  80  62  71  -4   0   6 0.12  0.0    0  8.9 21  10   M    M   5 3      27  30
 6  81  57  69  -6   0   4 0.22  0.0    0  5.0 20 360   M    M   6 123    22 360
 7  79  52  66  -8   0   1 0.00  0.0    0  6.5 15 110   M    M   3 12     19  20
 8  86  58  72  -2   0   7 0.55  0.0    0 10.8 28 170   M    M   2 13     37 300
 9  86  59  73  -1   0   8    T  0.0    0  9.0 17 310   M    M   1 18     23 330
10  77  53  65  -9   0   0 0.00  0.0    0  6.3 14 330   M    M   2        17 340
11  83  48  66  -8   0   1 0.00  0.0    0  7.8 16 150   M    M   1        21 150
12  87  59  73  -1   0   8 0.03  0.0    0 14.1 25  80   M    M   3 3      31 220
13  83  61  72  -2   0   7 0.00  0.0    0  7.7 18 170   M    M   3        23 170
14  85  59  72  -2   0   7 0.03  0.0    0  9.9 20 230   M    M   2 3      25 100
15  81  63  72  -1   0   7 0.56  0.0    0  9.8 32 360   M    M   6 13     39 350
16  76  54  65  -8   0   0 0.37  0.0    0  9.4 17 340   M    M   7 1      23 320
17  92  50  71  -2   0   6 0.20  0.0    0  9.4 41 330   M    M   1 3      52 320
18  88  56  72  -1   0   7 0.00  0.0    0  9.0 17 350   M    M   0        22 350
19  98  63  81   8   0  16 0.00  0.0    0  9.4 20 190   M    M   0        26 200
20  88  63  76   4   0  11 0.00  0.0    0 12.7 24  70   M    M   1        30  60
21  82  62  72   0   0   7    T  0.0    0  8.3 22  20   M    M   6 128    26  30
22  83  48  66  -6   0   1 0.00  0.0    0  5.8 14 170   M    M   0        18 160
================================================================================
SM 1847 1234         7 122  2.10     0.0 195.5          M       59
================================================================================
AV 84.0 56.1                               8.9 FASTST   M    M   3    MAX(MPH)
                                 MISC ---->  # 41 330               # 52  320
================================================================================
NOTES:
# LAST OF SEVERAL OCCURRENCES

COLUMN 17 PEAK WIND IN M.P.H.

PRELIMINARY LOCAL CLIMATOLOGICAL DATA (WS FORM: F-6) , PAGE 2

                                          STATION:  VALENTINE
                                          MONTH:    AUGUST
                                          YEAR:     2017
                                          LATITUDE:   42 52 N
                                          LONGITUDE: 100 33 W

[TEMPERATURE DATA]      [PRECIPITATION DATA]       SYMBOLS USED IN COLUMN 16

AVERAGE MONTHLY: 70.0   TOTAL FOR MONTH:   2.10    1 = FOG OR MIST
DPTR FM NORMAL:  -3.8   DPTR FM NORMAL:    0.39    2 = FOG REDUCING VISIBILITY
HIGHEST:    98 ON 19    GRTST 24HR  0.56 ON 15-15      TO 1/4 MILE OR LESS
LOWEST:     42 ON  4                               3 = THUNDER
                        SNOW, ICE PELLETS, HAIL    4 = ICE PELLETS
                        TOTAL MONTH:   0.0 INCH    5 = HAIL
                        GRTST 24HR     0.0         6 = FREEZING RAIN OR DRIZZLE
                        GRTST DEPTH:   0           7 = DUSTSTORM OR SANDSTORM:
                                                       VSBY 1/2 MILE OR LESS
                                                   8 = SMOKE OR HAZE
[NO. OF DAYS WITH]      [WEATHER - DAYS WITH]      9 = BLOWING SNOW
                                                   X = TORNADO
MAX 32 OR BELOW:   0    0.01 INCH OR MORE:   9
MAX 90 OR ABOVE:   3    0.10 INCH OR MORE:   6
MIN 32 OR BELOW:   0    0.50 INCH OR MORE:   2
MIN  0 OR BELOW:   0    1.00 INCH OR MORE:   0

[HDD (BASE 65) ]
TOTAL THIS MO.     7    CLEAR  (SCALE 0-3)  16
DPTR FM NORMAL     4    PTCLDY (SCALE 4-7)   6
TOTAL FM JUL 1     7    CLOUDY (SCALE 8-10)  0
DPTR FM NORMAL    -4

[CDD (BASE 65) ]
TOTAL THIS MO.   122
DPTR FM NORMAL   -78    [PRESSURE DATA]
TOTAL FM JAN 1   853    HIGHEST SLP M ON M
DPTR FM NORMAL   178    LOWEST  SLP 29.63 ON 15

[REMARKS]
