000
CXUS56 KPQR 171200
CF6VUO
PRELIMINARY LOCAL CLIMATOLOGICAL DATA (WS FORM: F-6)

                                          STATION:   VANCOUVER WA
                                          MONTH:     NOVEMBER
                                          YEAR:      2017
                                          LATITUDE:   45 37 N
                                          LONGITUDE: 122 39 W

  TEMPERATURE IN F:       :PCPN:    SNOW:  WIND      :SUNSHINE: SKY     :PK WND
================================================================================
1   2   3   4   5  6A  6B    7    8   9   10  11  12  13   14  15   16   17  18
                                     12Z  AVG MX 2MIN
DY MAX MIN AVG DEP HDD CDD  WTR  SNW DPTH SPD SPD DIR MIN PSBL S-S WX    SPD DR
================================================================================

 1  58  43  51   1  14   0    T    M    M  3.5 14 280   M    M   8        18 280
 2  55  45  50   1  15   0 0.12    M    M  4.7 23 260   M    M  10 18     34 260
 3  50  42  46  -3  19   0    T    M    0  3.4  9 260   M    M   9        14 220
 4  48  39  44  -5  21   0 0.08    M    0  4.0 13 170   M    M   9        23 210
 5  50  35  43  -6  22   0 0.10    M    0  5.8 15 290   M    M   7        22 190
 6  50  35  43  -6  22   0 0.00  0.0    0  3.4 12 100   M    M   7        15  90
 7  48  42  45  -3  20   0 0.00  0.0    0  8.6 21 110   M    M   1        27 110
 8  49  42  46  -2  19   0 0.35    M    0  7.7 20 110   M    M   8 1      29  80
 9  55  40  48   0  17   0 0.25    M    0  6.6 20 110   M    M   8 1      26 110
10  51  39  45  -3  20   0 0.39    M    0  2.7  8 110   M    M  10 1      14 110
11  51  40  46  -2  19   0 0.08    M    M  8.1 15 110   M    M   9 1      18 120
12  54  49  52   5  13   0 0.18    M    0  8.6 18 100   M    M  10 1      26 110
13  56  47  52   5  13   0 0.35    M    0  8.9 20 180   M    M   8 1      31 160
14  58  47  53   6  12   0 0.01    M    0  8.3 17 180   M    M   8        25 160
15  56  44  50   3  15   0 0.90    M    0  8.1 17 180   M    M  10 1      30 190
16  49  43  46   0  19   0 0.21    M    0  5.3 14 190   M    M  10 1      24 190
================================================================================
SM  838  672       280   0  3.02     0.0  97.7          M      132
================================================================================
AV 52.4 42.0                               6.1 FASTST   M    M   8    MAX(MPH)
                                 MISC ---->  # 23 260               # 34  260
================================================================================
NOTES:
# LAST OF SEVERAL OCCURRENCES

COLUMN 17 PEAK WIND IN M.P.H.

PRELIMINARY LOCAL CLIMATOLOGICAL DATA (WS FORM: F-6) , PAGE 2

                                          STATION:  VANCOUVER WA
                                          MONTH:    NOVEMBER
                                          YEAR:     2017
                                          LATITUDE:   45 37 N
                                          LONGITUDE: 122 39 W

[TEMPERATURE DATA]      [PRECIPITATION DATA]       SYMBOLS USED IN COLUMN 16

AVERAGE MONTHLY: 47.2   TOTAL FOR MONTH:   3.02    1 = FOG OR MIST
DPTR FM NORMAL:  -0.9   DPTR FM NORMAL:    0.09    2 = FOG REDUCING VISIBILITY
HIGHEST:    58 ON 14, 1 GRTST 24HR  0.90 ON 15-15      TO 1/4 MILE OR LESS
LOWEST:     35 ON  6, 5                            3 = THUNDER
                        SNOW, ICE PELLETS, HAIL    4 = ICE PELLETS
                        TOTAL MONTH:   0.0 INCH    5 = HAIL
                        GRTST 24HR     0.0         6 = FREEZING RAIN OR DRIZZLE
                        GRTST DEPTH:   0           7 = DUSTSTORM OR SANDSTORM:
                                                       VSBY 1/2 MILE OR LESS
                                                   8 = SMOKE OR HAZE
[NO. OF DAYS WITH]      [WEATHER - DAYS WITH]      9 = BLOWING SNOW
                                                   X = TORNADO
MAX 32 OR BELOW:   0    0.01 INCH OR MORE:  12
MAX 90 OR ABOVE:   0    0.10 INCH OR MORE:   9
MIN 32 OR BELOW:   0    0.50 INCH OR MORE:   1
MIN  0 OR BELOW:   0    1.00 INCH OR MORE:   0

[HDD (BASE 65) ]
TOTAL THIS MO.   280    CLEAR  (SCALE 0-3)   1
DPTR FM NORMAL     9    PTCLDY (SCALE 4-7)   5
TOTAL FM JUL 1   715    CLOUDY (SCALE 8-10) 10
DPTR FM NORMAL   -28

[CDD (BASE 65) ]
TOTAL THIS MO.     0
DPTR FM NORMAL     0    [PRESSURE DATA]
TOTAL FM JAN 1   639    HIGHEST SLP M ON M
DPTR FM NORMAL   265    LOWEST  SLP 29.58 ON 15

[REMARKS]
