000
CXUS51 KAKQ 201010
CF6WAL
PRELIMINARY LOCAL CLIMATOLOGICAL DATA (WS FORM: F-6)

                                          STATION:   WALLOPS ISLAND VA
                                          MONTH:     APRIL
                                          YEAR:      2014
                                          LATITUDE:   37 55 N
                                          LONGITUDE:  75 28 W

  TEMPERATURE IN F:       :PCPN:    SNOW:  WIND      :SUNSHINE: SKY     :PK WND
================================================================================
1   2   3   4   5  6A  6B    7    8   9   10  11  12  13   14  15   16   17  18
                                     12Z  AVG MX 2MIN
DY MAX MIN AVG DEP HDD CDD  WTR  SNW DPTH SPD SPD DIR MIN PSBL S-S WX    SPD DR
================================================================================

 1  52  37  45  -5  20   0 0.00  0.0    0  7.8 14 200   M    M   2        17 200
 2  69  44  57   7   8   0 0.00  0.0    0  7.2 18  70   M    M   2        23  70
 3  62  48  55   5  10   0 0.00  0.0    0  7.3 18  80   M    M   5        23  80
 4  62  50  56   6   9   0    T  0.0    0 10.3 20  70   M    M   7 18     23  40
 5  65  47  56   5   9   0 0.13  0.0    0 10.3 20 340   M    M   3 12     27 330
 6  53  35  44  -7  21   0 0.00  0.0    0  5.8 16  80   M    M   0        20  80
 7  59  40  50  -1  15   0 1.08  0.0    0  9.2 23 140   M    M   8 12     32 140
 8  68  52  60   8   5   0 0.01  0.0    0  9.7 18 260   M    M   7 12     26 240
 9  67  45  56   4   9   0 0.00  0.0    0  7.5 21 330   M    M   2        30 330
10  64  44  54   2  11   0 0.00  0.0    0 10.4 18 210   M    M   1        25 230
11  74  52  63  10   2   0 0.00  0.0    0 11.9 23 210   M    M   1        28 210
12  70  54  62   9   3   0 0.00  0.0    0  8.0 17  80   M    M   0        20 160
13  73  54  64  11   1   0 0.00  0.0    0 14.4 23 210   M    M   0 1      29 220
14  71  56  64  10   1   0 0.00  0.0    0 16.5 24 210   M    M   4 1      32 200
15  64  38  51  -3  14   0 0.94  0.0    0 17.8 30 340   M    M  10 12     40 330
16  52  34  43 -11  22   0 0.04  0.0    0 13.1 23  80   M    M   1        33 340
17  52  41  47  -7  18   0 0.00  0.0    0 18.0 26  60   M    M   4        31  60
18  53  37  45 -10  20   0 0.00  0.0    0  9.0 18  60   M    M   7        22  50
19  60  45  53  -2  12   0 0.00  0.0    0  9.0 21  70   M    M   3        24  80
================================================================================
SM 1190  853       210   0  2.20     0.0 203.2          M       67
================================================================================
AV 62.6 44.9                              10.7 FASTST   M    M   4    MAX(MPH)
                                 MISC ---->  # 30 340               # 40  330
================================================================================
NOTES:
# LAST OF SEVERAL OCCURRENCES

COLUMN 17 PEAK WIND IN M.P.H.

PRELIMINARY LOCAL CLIMATOLOGICAL DATA (WS FORM: F-6) , PAGE 2

                                          STATION:  WALLOPS ISLAND VA
                                          MONTH:    APRIL
                                          YEAR:     2014
                                          LATITUDE:   37 55 N
                                          LONGITUDE:  75 28 W

[TEMPERATURE DATA]      [PRECIPITATION DATA]       SYMBOLS USED IN COLUMN 16

AVERAGE MONTHLY: 53.8   TOTAL FOR MONTH:   2.20    1 = FOG OR MIST
DPTR FM NORMAL:   1.4   DPTR FM NORMAL:    0.13    2 = FOG REDUCING VISIBILITY
HIGHEST:    74 ON 11    GRTST 24HR  1.09 ON  7- 8      TO 1/4 MILE OR LESS
LOWEST:     34 ON 16                               3 = THUNDER
                        SNOW, ICE PELLETS, HAIL    4 = ICE PELLETS
                        TOTAL MONTH:   0.0 INCH    5 = HAIL
                        GRTST 24HR     0.0         6 = FREEZING RAIN OR DRIZZLE
                        GRTST DEPTH:   0           7 = DUSTSTORM OR SANDSTORM:
                                                       VSBY 1/2 MILE OR LESS
                                                   8 = SMOKE OR HAZE
[NO. OF DAYS WITH]      [WEATHER - DAYS WITH]      9 = BLOWING SNOW
                                                   X = TORNADO
MAX 32 OR BELOW:   0    0.01 INCH OR MORE:   5
MAX 90 OR ABOVE:   0    0.10 INCH OR MORE:   3
MIN 32 OR BELOW:   0    0.50 INCH OR MORE:   2
MIN  0 OR BELOW:   0    1.00 INCH OR MORE:   1

[HDD (BASE 65) ]
TOTAL THIS MO.   210    CLEAR  (SCALE 0-3)  11
DPTR FM NORMAL   -36    PTCLDY (SCALE 4-7)   7
TOTAL FM JUL 1  3873    CLOUDY (SCALE 8-10)  1
DPTR FM NORMAL   -72

[CDD (BASE 65) ]
TOTAL THIS MO.     0
DPTR FM NORMAL     0    [PRESSURE DATA]
TOTAL FM JAN 1     0    HIGHEST SLP M ON M
DPTR FM NORMAL    -1    LOWEST  SLP 29.54 ON  8

[REMARKS]
