310
CXUS51 KAKQ 271010
CF6WAL
PRELIMINARY LOCAL CLIMATOLOGICAL DATA (WS FORM: F-6)

                                          STATION:   WALLOPS ISLAND VA
                                          MONTH:     APRIL
                                          YEAR:      2017
                                          LATITUDE:   37 55 N
                                          LONGITUDE:  75 28 W

  TEMPERATURE IN F:       :PCPN:    SNOW:  WIND      :SUNSHINE: SKY     :PK WND
================================================================================
1   2   3   4   5  6A  6B    7    8   9   10  11  12  13   14  15   16   17  18
                                     12Z  AVG MX 2MIN
DY MAX MIN AVG DEP HDD CDD  WTR  SNW DPTH SPD SPD DIR MIN PSBL S-S WX    SPD DR
================================================================================

 1  58  48  53   3  12   0 0.02  0.0    0 12.7 25 310   M    M   9 1      32 310
 2  58  45  52   2  13   0 0.00  0.0    0  8.1 16 160   M    M   3        19 180
 3  64  41  53   3  12   0 0.14  0.0    0 10.5 23 170   M    M   3 1      32 150
 4  79  54  67  17   0   2 0.01  0.0    0 11.4 26 200   M    M   4 1      38 230
 5  73  52  63  12   2   0 0.00  0.0    0  8.6 17 120   M    M   3        25 120
 6  70  54  62  11   3   0 0.12  0.0    0 15.5 32 150   M    M   7 13     44 140
 7  55  44  50  -1  15   0 0.00  0.0    0 16.2 26 280   M    M   7        35 300
 8  61  39  50  -2  15   0 0.00  0.0    0 10.2 24 300   M    M   1        33 310
 9  62  37  50  -2  15   0 0.00  0.0    0  8.1 15 180   M    M   0        18 170
10  74  45  60   8   5   0 0.00  0.0    0 12.6 23 190   M    M   1        29 200
11  72  53  63  10   2   0 0.00  0.0    0 13.9 25 190   M    M   2        31 190
12  80  54  67  14   0   2 0.00  0.0    0  6.5 14 270   M    M   3        20 250
13  61  48  55   2  10   0 0.00  0.0    0  8.5 23  50   M    M   2        28  60
14  63  43  53  -1  12   0 0.00  0.0    0  5.0 13 130   M    M   3        16 140
15  66  52  59   5   6   0    T  0.0    0 13.0 23 190   M    M   6        30 190
16  85  58  72  18   0   7 0.00  0.0    0 12.4 23 250   M    M   0        35 230
17  81  56  69  15   0   4 0.01  0.0    0  7.5 18 250   M    M   4 1      26 250
18  62  51  57   2   8   0 0.00  0.0    0 13.7 26  60   M    M   2 1      33  50
19  63  50  57   2   8   0 0.00  0.0    0  9.5 16  80   M    M   6        22 110
20  77  58  68  13   0   3    T  0.0    0  7.9 16 270   M    M   6        24 230
21  82  56  69  13   0   4 0.52  0.0    0  8.6 17 260   M    M   4 13     26 260
22  61  52  57   1   8   0 0.11  0.0    0 10.4 18  50   M    M   9 1      23  40
23  58  49  54  -2  11   0 0.02    M    0 12.2 21  50   M    M   7 1      25  50
24  55  51  53  -3  12   0 0.83  0.0    0 21.1 30  50   M    M   9 1      37  50
25  66  55  61   4   4   0 0.40  0.0    0 12.2 28  80   M    M  10 1      36  70
26  67  56  62   5   3   0 0.04  0.0    0  6.9 14 300   M    M   8 1      22 280
================================================================================
SM 1753 1301       176  22  2.22     0.0 283.2          M      119
================================================================================
AV 67.4 50.0                              10.9 FASTST   M    M   5    MAX(MPH)
                                 MISC ---->  # 32 150               # 44  140
================================================================================
NOTES:
# LAST OF SEVERAL OCCURRENCES

COLUMN 17 PEAK WIND IN M.P.H.

PRELIMINARY LOCAL CLIMATOLOGICAL DATA (WS FORM: F-6) , PAGE 2

                                          STATION:  WALLOPS ISLAND VA
                                          MONTH:    APRIL
                                          YEAR:     2017
                                          LATITUDE:   37 55 N
                                          LONGITUDE:  75 28 W

[TEMPERATURE DATA]      [PRECIPITATION DATA]       SYMBOLS USED IN COLUMN 16

AVERAGE MONTHLY: 58.7   TOTAL FOR MONTH:   2.22    1 = FOG OR MIST
DPTR FM NORMAL:   5.4   DPTR FM NORMAL:   -0.50    2 = FOG REDUCING VISIBILITY
HIGHEST:    85 ON 16    GRTST 24HR  1.59 ON 31- 1      TO 1/4 MILE OR LESS
LOWEST:     37 ON  9                               3 = THUNDER
                        SNOW, ICE PELLETS, HAIL    4 = ICE PELLETS
                        TOTAL MONTH:   0.0 INCH    5 = HAIL
                        GRTST 24HR     0.0         6 = FREEZING RAIN OR DRIZZLE
                        GRTST DEPTH:   0           7 = DUSTSTORM OR SANDSTORM:
                                                       VSBY 1/2 MILE OR LESS
                                                   8 = SMOKE OR HAZE
[NO. OF DAYS WITH]      [WEATHER - DAYS WITH]      9 = BLOWING SNOW
                                                   X = TORNADO
MAX 32 OR BELOW:   0    0.01 INCH OR MORE:  11
MAX 90 OR ABOVE:   0    0.10 INCH OR MORE:   6
MIN 32 OR BELOW:   0    0.50 INCH OR MORE:   2
MIN  0 OR BELOW:   0    1.00 INCH OR MORE:   0

[HDD (BASE 65) ]
TOTAL THIS MO.   176    CLEAR  (SCALE 0-3)  11
DPTR FM NORMAL  -136    PTCLDY (SCALE 4-7)  10
TOTAL FM JUL 1  3366    CLOUDY (SCALE 8-10)  5
DPTR FM NORMAL  -645

[CDD (BASE 65) ]
TOTAL THIS MO.    22
DPTR FM NORMAL    18    [PRESSURE DATA]
TOTAL FM JAN 1    24    HIGHEST SLP M ON M
DPTR FM NORMAL    19    LOWEST  SLP 29.27 ON  6

[REMARKS]
