000
CXUS51 KAKQ 301010
CF6WAL
PRELIMINARY LOCAL CLIMATOLOGICAL DATA (WS FORM: F-6)

                                          STATION:   WALLOPS ISLAND VA
                                          MONTH:     JUNE
                                          YEAR:      2015
                                          LATITUDE:   37 55 N
                                          LONGITUDE:  75 28 W

  TEMPERATURE IN F:       :PCPN:    SNOW:  WIND      :SUNSHINE: SKY     :PK WND
================================================================================
1   2   3   4   5  6A  6B    7    8   9   10  11  12  13   14  15   16   17  18
                                     12Z  AVG MX 2MIN
DY MAX MIN AVG DEP HDD CDD  WTR  SNW DPTH SPD SPD DIR MIN PSBL S-S WX    SPD DR
================================================================================

 1  81  68  75   7   0  10    T  0.0    0 13.4 23 200   M    M   3 3      31 270
 2  76  59  68   0   0   3 0.06  0.0    0 13.5 24  40   M    M   8 13     30  50
 3  62  60  61  -7   4   0 0.05  0.0    0 19.2 25  40   M    M   9 1      34  40
 4  63  60  62  -7   3   0    T  0.0    0 16.6 24  40   M    M  10 1      31  40
 5  69  61  65  -4   0   0 0.01  0.0    0  7.4 15  70   M    M  10 1      17  70
 6  80  60  70   1   0   5 0.34  0.0    0  8.7 22  60   M    M   4 138    28  50
 7  73  55  64  -6   1   0 0.00  0.0    0  7.9 15 110   M    M   0        19 110
 8  76  62  69  -1   0   4 0.00  0.0    0 15.4 24 200   M    M   2        30 180
 9  85  69  77   7   0  12 0.08  0.0    0 10.6 18 250   M    M   3 1      24 260
10  80  65  73   2   0   8 0.00  0.0    0  5.5 12 140   M    M   1        15 150
11  88  67  78   7   0  13 0.00  0.0    0  9.0 20 190   M    M   0 1      23 190
12  88  73  81  10   0  16 0.00  0.0    0 10.6 24 200   M    M   0        30 200
13  93  75  84  12   0  19 0.00  0.0    0  7.8 17 340   M    M   0        24 280
14  82  72  77   5   0  12 0.24  0.0    0  6.8 15 280   M    M   1 13     22 280
15  93  72  83  11   0  18 0.38  0.0    0  7.7 25 300   M    M   4 13     35 310
16  94  73  84  12   0  19 0.02  0.0    0  7.7 14 250   M    M   2         M  M
17  82  71  77   4   0  12 0.00  0.0    0  9.5 18  60   M    M   5        23  60
18  87  70  79   6   0  14 0.25  0.0    0  7.4 15 140   M    M   4 1      18 290
19  88  74  81   8   0  16 0.00  0.0    0  7.8 18 330   M    M   2        25 310
20  84  73  79   5   0  14 0.03  0.0    0 10.6 36 210   M    M   2 13     46 210
21  89  73  81   7   0  16 0.80  0.0    0 11.2 26 250   M    M   3 13     38 280
22  90  76  83   9   0  18 0.00  0.0    0  8.5 16 180   M    M   1        21 170
23  95  73  84  10   0  19 0.15  0.0    0 11.3 28 330   M    M   4 13     38 320
24  84  68  76   1   0  11 0.01  0.0    0  4.7 13 310   M    M   4 3      17 320
25  86  66  76   1   0  11 0.08  0.0    0  7.0 18 180   M    M   4 13     22 190
26  79  69  74  -1   0   9 1.60  0.0    0  9.6 22 340   M    M   7 13     31 340
27  80  70  75   0   0  10 0.21  0.0    0 13.0 23 150   M    M   7 1      33 120
28  82  69  76   0   0  11    T  0.0    0  8.3 18 260   M    M   6        24 240
29  81  62  72  -4   0   7 0.00  0.0    0  6.4 14 170   M    M   1        17 310
================================================================================
SM 2390 1965         8 307  4.31     0.0 283.1          M      107
================================================================================
AV 82.4 67.8                               9.8 FASTST   M    M   4    MAX(MPH)
                                 MISC ---->  # 36 210               # 46  210
================================================================================
NOTES:
# LAST OF SEVERAL OCCURRENCES

COLUMN 17 PEAK WIND IN M.P.H.

PRELIMINARY LOCAL CLIMATOLOGICAL DATA (WS FORM: F-6) , PAGE 2

                                          STATION:  WALLOPS ISLAND VA
                                          MONTH:    JUNE
                                          YEAR:     2015
                                          LATITUDE:   37 55 N
                                          LONGITUDE:  75 28 W

[TEMPERATURE DATA]      [PRECIPITATION DATA]       SYMBOLS USED IN COLUMN 16

AVERAGE MONTHLY: 75.1   TOTAL FOR MONTH:   4.31    1 = FOG OR MIST
DPTR FM NORMAL:   3.1   DPTR FM NORMAL:    1.12    2 = FOG REDUCING VISIBILITY
HIGHEST:    95 ON 23    GRTST 24HR  1.68 ON 25-26      TO 1/4 MILE OR LESS
LOWEST:     55 ON  7                               3 = THUNDER
                        SNOW, ICE PELLETS, HAIL    4 = ICE PELLETS
                        TOTAL MONTH:   0.0 INCH    5 = HAIL
                        GRTST 24HR     0.0         6 = FREEZING RAIN OR DRIZZLE
                        GRTST DEPTH:   0           7 = DUSTSTORM OR SANDSTORM:
                                                       VSBY 1/2 MILE OR LESS
                                                   8 = SMOKE OR HAZE
[NO. OF DAYS WITH]      [WEATHER - DAYS WITH]      9 = BLOWING SNOW
                                                   X = TORNADO
MAX 32 OR BELOW:   0    0.01 INCH OR MORE:  16
MAX 90 OR ABOVE:   5    0.10 INCH OR MORE:   8
MIN 32 OR BELOW:   0    0.50 INCH OR MORE:   2
MIN  0 OR BELOW:   0    1.00 INCH OR MORE:   1

[HDD (BASE 65) ]
TOTAL THIS MO.     8    CLEAR  (SCALE 0-3)  14
DPTR FM NORMAL    -5    PTCLDY (SCALE 4-7)  12
TOTAL FM JUL 1  4415    CLOUDY (SCALE 8-10)  3
DPTR FM NORMAL   227

[CDD (BASE 65) ]
TOTAL THIS MO.   307
DPTR FM NORMAL    88    [PRESSURE DATA]
TOTAL FM JAN 1   422    HIGHEST SLP M ON M
DPTR FM NORMAL   131    LOWEST  SLP 29.68 ON 28

[REMARKS]
