000
CXUS56 KLKN 161009
CF6WMC
PRELIMINARY LOCAL CLIMATOLOGICAL DATA (WS FORM: F-6)

                                          STATION:   WINNEMUCCA AIRPORT NV
                                          MONTH:     JANUARY
                                          YEAR:      2017
                                          LATITUDE:   40 54 N
                                          LONGITUDE: 117 48 W

  TEMPERATURE IN F:       :PCPN:    SNOW:  WIND      :SUNSHINE: SKY     :PK WND
================================================================================
1   2   3   4   5  6A  6B    7    8   9   10  11  12  13   14  15   16   17  18
                                     12Z  AVG MX 2MIN
DY MAX MIN AVG DEP HDD CDD  WTR  SNW DPTH SPD SPD DIR MIN PSBL S-S WX    SPD DR
================================================================================

 1  30  10  20  -9  45   0 0.02  0.3    2  6.5 18 190   M    M   6 1      23 190
 2  32  19  26  -3  39   0 0.06  1.3    3  9.1 17 180   M    M   9 1      20 180
 3  36  23  30   1  35   0 0.03  0.9    4  7.4 18  40   M    M  10 1      26  40
 4  44  20  32   3  33   0 0.23  0.9    4 10.5 26 270   M    M  10 12     35 280
 5  21  -4   9 -20  56   0 0.00  0.0    2  8.6 18  20   M    M   5        24  10
 6  16  -7   5 -24  60   0 0.00  0.0    2  9.0 16  60   M    M   1        19  40
 7  30   9  20  -9  45   0 0.03    T    2 10.3 22  50   M    M  10 1      25  50
 8  45  29  37   8  28   0 0.42  0.2    2  9.5 24 200   M    M  10 16     31 200
 9  45  33  39  10  26   0 0.06    T    0 11.6 31 230   M    M   4 16     42 220
10  47  36  42  13  23   0 0.23    T    0 16.1 29 190   M    M  10 1      39 190
11  40  23  32   2  33   0 0.11  0.6    0  8.8 26 200   M    M   6 12     35 220
12  32  23  28  -2  37   0 0.00  0.0    1 13.2 24  30   M    M   5 1      30  30
13  36  20  28  -2  37   0 0.00  0.0    0  7.6 21  30   M    M   1        27  30
14  37  18  28  -2  37   0 0.00  0.0    0  5.8 15  20   M    M   0        18  10
15  29  23  26  -4  39   0 0.00  0.0    0  4.4 10  60   M    M  10        13  30
================================================================================
SM  520  275       573   0  1.19     4.2 138.4          M       97
================================================================================
AV 34.7 18.3                               9.2 FASTST   M    M   6    MAX(MPH)
                                 MISC ---->  # 31 230               # 42  220
================================================================================
NOTES:
# LAST OF SEVERAL OCCURRENCES

COLUMN 17 PEAK WIND IN M.P.H.

PRELIMINARY LOCAL CLIMATOLOGICAL DATA (WS FORM: F-6) , PAGE 2

                                          STATION:  WINNEMUCCA AIRPORT NV
                                          MONTH:    JANUARY
                                          YEAR:     2017
                                          LATITUDE:   40 54 N
                                          LONGITUDE: 117 48 W

[TEMPERATURE DATA]      [PRECIPITATION DATA]       SYMBOLS USED IN COLUMN 16

AVERAGE MONTHLY: 26.5   TOTAL FOR MONTH:   1.19    1 = FOG OR MIST
DPTR FM NORMAL:  -2.8   DPTR FM NORMAL:    0.73    2 = FOG REDUCING VISIBILITY
HIGHEST:    47 ON 10    GRTST 24HR  0.43 ON  8- 9      TO 1/4 MILE OR LESS
LOWEST:     -7 ON  6                               3 = THUNDER
                        SNOW, ICE PELLETS, HAIL    4 = ICE PELLETS
                        TOTAL MONTH:   4.2 INCHES  5 = HAIL
                        GRTST 24HR   1.3 ON   M    6 = FREEZING RAIN OR DRIZZLE
                        GRTST DEPTH:   4 ON  4, 3  7 = DUSTSTORM OR SANDSTORM:
                                                       VSBY 1/2 MILE OR LESS
                                                   8 = SMOKE OR HAZE
[NO. OF DAYS WITH]      [WEATHER - DAYS WITH]      9 = BLOWING SNOW
                                                   X = TORNADO
MAX 32 OR BELOW:   7    0.01 INCH OR MORE:   9
MAX 90 OR ABOVE:   0    0.10 INCH OR MORE:   4
MIN 32 OR BELOW:  13    0.50 INCH OR MORE:   0
MIN  0 OR BELOW:   2    1.00 INCH OR MORE:   0

[HDD (BASE 65) ]
TOTAL THIS MO.   573    CLEAR  (SCALE 0-3)   3
DPTR FM NORMAL    37    PTCLDY (SCALE 4-7)   5
TOTAL FM JUL 1  3108    CLOUDY (SCALE 8-10)  7
DPTR FM NORMAL  -101

[CDD (BASE 65) ]
TOTAL THIS MO.     0
DPTR FM NORMAL     0    [PRESSURE DATA]
TOTAL FM JAN 1     0    HIGHEST SLP M ON M
DPTR FM NORMAL     0    LOWEST  SLP 29.53 ON 10

[REMARKS]
