000
CXUS55 KRIW 290945
CF6WRL
PRELIMINARY LOCAL CLIMATOLOGICAL DATA (WS FORM: F-6)

                                          STATION:   WORLAND WY
                                          MONTH:     APRIL
                                          YEAR:      2017
                                          LATITUDE:   43 58 N
                                          LONGITUDE: 107 57 W

  TEMPERATURE IN F:       :PCPN:    SNOW:  WIND      :SUNSHINE: SKY     :PK WND
================================================================================
1   2   3   4   5  6A  6B    7    8   9   10  11  12  13   14  15   16   17  18
                                     12Z  AVG MX 2MIN
DY MAX MIN AVG DEP HDD CDD  WTR  SNW DPTH SPD SPD DIR MIN PSBL S-S WX    SPD DR
================================================================================

 1  57  39  48   6  17   0 0.00    M    M  5.6 14 150   M    M   4        18 160
 2  45  33  39  -3  26   0 0.43    M    M  7.2 17 360   M    M   7 1      23 360
 3  47  31  39  -3  26   0 0.24    M    M 10.7 26 330   M    M   7 12     32 320
 4  47  29  38  -4  27   0 0.00  0.0    M 10.1 20 330   M    M   5        24 310
 5  55  28  42  -1  23   0 0.00  0.0    M  6.9 13 140   M    M   2        15 120
 6  67  31  49   6  16   0 0.00  0.0  999  6.8 16 180   M    M   0        20 180
 7  73  37  55  12  10   0 0.00  0.0    M 13.3 36 230   M    M   1        44 230
 8  60  41  51   8  14   0 0.10    M    M 10.8 30 140   M    M   5        37 140
 9  42  33  38  -6  27   0 0.26    M    M 14.8 33 330   M    M   9        41 330
10  54  24  39  -5  26   0 0.00  0.0    M  5.3 15 150   M    M   0 8      19 160
11  60  28  44   0  21   0 0.00  0.0    M  5.2 16  60   M    M   2 28     24  60
12  67  35  51   7  14   0 0.00  0.0    M  7.6 17 130   M    M   1        27 130
13  80  37  59  14   6   0 0.00  0.0    M 10.3 31 200   M    M   0        37 190
14  63  42  53   8  12   0 0.00    M    M  8.3 21 240   M    M   3        29 230
15  56  27  42  -3  23   0 0.00    M    M  4.8 15 320   M    M   1        20 340
16  61  26  44  -2  21   0 0.00    M    M  4.3 13  50   M    M   0        16  30
17  72  33  53   7  12   0 0.00    M    M 12.1 35 250   M    M   1 8      40 270
18  63  35  49   3  16   0    T    M    M  3.3 14 170   M    M   3        16 170
19  60  36  48   2  17   0 0.19    M    M 10.3 29 340   M    M   5 1      37 340
20  64  31  48   1  17   0 0.00  0.0    M 10.1 30 130   M    M   1        37 130
21  50  39  45  -2  20   0 0.79    M    M 12.4 29 120   M    M   9 1      37 120
22  58  40  49   1  16   0 0.02    M    M  5.8 15 140   M    M   6        22 190
23  69  39  54   6  11   0 0.00  0.0    M  6.9 17 340   M    M   2 1      23 360
24  62  38  50   2  15   0 0.25    M    M  7.8 22 320   M    M   4 13     31 340
25  50  33  42  -6  23   0 0.16    M    M 16.9 31 330   M    M   6 1      39 340
26  57  29  43  -6  22   0 0.01    M    M  4.5 22 310   M    M   3 3      27 310
27  50  39  45  -4  20   0 0.01    M    M 14.7 31 330   M    M  10        37 320
28  45  31  38 -12  27   0 0.04    M    M 10.2 20 150   M    M  10 1      24 150
================================================================================
SM 1634  944       525   0  2.50     0.0 247.0          M      107
================================================================================
AV 58.4 33.7                               8.8 FASTST   M    M   4    MAX(MPH)
                                 MISC ---->  # 36 230               # 44  230
================================================================================
NOTES:
# LAST OF SEVERAL OCCURRENCES

COLUMN 17 PEAK WIND IN M.P.H.

PRELIMINARY LOCAL CLIMATOLOGICAL DATA (WS FORM: F-6) , PAGE 2

                                          STATION:  WORLAND WY
                                          MONTH:    APRIL
                                          YEAR:     2017
                                          LATITUDE:   43 58 N
                                          LONGITUDE: 107 57 W

[TEMPERATURE DATA]      [PRECIPITATION DATA]       SYMBOLS USED IN COLUMN 16

AVERAGE MONTHLY: 46.0   TOTAL FOR MONTH:   2.50    1 = FOG OR MIST
DPTR FM NORMAL:   0.7   DPTR FM NORMAL:    1.73    2 = FOG REDUCING VISIBILITY
HIGHEST:    80 ON 13    GRTST 24HR  0.79 ON 21-21      TO 1/4 MILE OR LESS
LOWEST:     24 ON 10                               3 = THUNDER
                        SNOW, ICE PELLETS, HAIL    4 = ICE PELLETS
                        TOTAL MONTH:   0.0 INCH    5 = HAIL
                        GRTST 24HR     0.0         6 = FREEZING RAIN OR DRIZZLE
                        GRTST DEPTH: 999 ON  6     7 = DUSTSTORM OR SANDSTORM:
                                                       VSBY 1/2 MILE OR LESS
                                                   8 = SMOKE OR HAZE
[NO. OF DAYS WITH]      [WEATHER - DAYS WITH]      9 = BLOWING SNOW
                                                   X = TORNADO
MAX 32 OR BELOW:   0    0.01 INCH OR MORE:  12
MAX 90 OR ABOVE:   0    0.10 INCH OR MORE:   8
MIN 32 OR BELOW:  11    0.50 INCH OR MORE:   1
MIN  0 OR BELOW:   0    1.00 INCH OR MORE:   0

[HDD (BASE 65) ]
TOTAL THIS MO.   525    CLEAR  (SCALE 0-3)  13
DPTR FM NORMAL   -26    PTCLDY (SCALE 4-7)  11
TOTAL FM JUL 1  7070    CLOUDY (SCALE 8-10)  4
DPTR FM NORMAL  -367

[CDD (BASE 65) ]
TOTAL THIS MO.     0
DPTR FM NORMAL     0    [PRESSURE DATA]
TOTAL FM JAN 1     0    HIGHEST SLP M ON M
DPTR FM NORMAL     0    LOWEST  SLP 29.54 ON 27

[REMARKS]
