000
CXUS56 KPDT 011832
CF6YKM
PRELIMINARY LOCAL CLIMATOLOGICAL DATA (WS FORM: F-6)

                                          STATION:   YAKIMA WA
                                          MONTH:     AUGUST
                                          YEAR:      2014
                                          LATITUDE:   46 34 N
                                          LONGITUDE: 120 32 W

  TEMPERATURE IN F:       :PCPN:    SNOW:  WIND      :SUNSHINE: SKY     :PK WND
================================================================================
1   2   3   4   5  6A  6B    7    8   9   10  11  12  13   14  15   16   17  18
                                     12Z  AVG MX 2MIN
DY MAX MIN AVG DEP HDD CDD  WTR  SNW DPTH SPD SPD DIR MIN PSBL S-S WX    SPD DR
================================================================================

 1  99  67  83  11   0  18 0.00  0.0    0  5.9 13 310   M    M   0        16 310
 2  97  61  79   7   0  14    T  0.0    0  6.0 12 290   M    M   0 3       M  M
 3  97  62  80   8   0  15    T  0.0    0  6.8 13 270   M    M   1        15 160
 4 102  63  83  11   0  18 0.00  0.0    0  6.8 18 330   M    M   1        24 330
 5 100  68  84  12   0  19 0.00  0.0    0  8.4 22 330   M    M   0        29 320
 6  96  67  82  10   0  17 0.00  0.0    0 10.6 23 320   M    M   0        30 320
 7  95  57  76   5   0  11 0.00  0.0    0  7.8 21 320   M    M   0 8      25 330
 8  91  64  78   7   0  13 0.00  0.0    0  8.4 24 320   M    M   0        38 260
 9  92  54  73   2   0   8 0.00  0.0    0  5.3 18 310   M    M   0        24 300
10  96  56  76   5   0  11 0.00  0.0    0  6.5 13 250   M    M   0        15 270
11 102  57  80   9   0  15    T  0.0    0  5.4 13 170   M    M   0 8      16 160
12  97  65  81  11   0  16 0.06  0.0    0  6.4 33 220   M    M   4 78     43 210
13  85  58  72   2   0   7 0.02  0.0    0  5.6 20 310   M    M   4        23 320
14  78  57  68  -2   0   3    T  0.0    0  4.3  9 280   M    M   4        10 310
15  81  58  70   0   0   5    T  0.0    0  4.6 10 320   M    M   4        13 160
16  89  57  73   3   0   8 0.00  0.0    0  5.3 14  20   M    M   1        16 330
17  93  58  76   7   0  11 0.00  0.0    0  4.8 15 320   M    M   1        17 330
18  95  59  77   8   0  12 0.00  0.0    0  4.5 13 150   M    M   0 8      15 150
19  95  63  79  10   0  14 0.18  0.0    0  8.6 20 310   M    M   1        31 290
20  88  56  72   3   0   7 0.00  0.0    0  8.0 24 330   M    M   0        32 330
21  84  49  67  -1   0   2 0.00  0.0    0  5.8 18 330   M    M   1        22 320
22  84  56  70   2   0   5 0.17  0.0    0  5.8 18 270   M    M   6 3      25 260
23  84  53  69   1   0   4 0.00  0.0    0  4.6 10 110   M    M   3        14 250
24  84  55  70   2   0   5 0.47  0.0    0  6.2 25 290   M    M   4 13     32 280
25  84  51  68   1   0   3 0.00  0.0    0  4.5  9 290   M    M   1        13 270
26  90  54  72   5   0   7 0.00  0.0    0  5.2  9 280   M    M   0        12  60
27  95  58  77  10   0  12 0.00  0.0    0  6.1 17 340   M    M   1        21 340
28  90  57  74   8   0   9 0.00  0.0    0  5.5 14 340   M    M   0        18 310
29  85  52  69   3   0   4 0.00  0.0    0  6.2 21 320   M    M   1        26 320
30  79  52  66   0   0   1 0.00  0.0    M  6.1 24 300   M    M   4        31 290
31  78  49  64  -2   1   0 0.00  0.0    0  5.9 18 280   M    M   1        22 290
================================================================================
SM 2805 1793         1 294  0.90     0.0 191.9          M       43
================================================================================
AV 90.5 57.8                               6.2 FASTST   M    M   1    MAX(MPH)
                                 MISC ---->  # 33 220               # 43  210
================================================================================
NOTES:
# LAST OF SEVERAL OCCURRENCES

COLUMN 17 PEAK WIND IN M.P.H.

PRELIMINARY LOCAL CLIMATOLOGICAL DATA (WS FORM: F-6) , PAGE 2

                                          STATION:  YAKIMA WA
                                          MONTH:    AUGUST
                                          YEAR:     2014
                                          LATITUDE:   46 34 N
                                          LONGITUDE: 120 32 W

[TEMPERATURE DATA]      [PRECIPITATION DATA]       SYMBOLS USED IN COLUMN 16

AVERAGE MONTHLY: 74.2   TOTAL FOR MONTH:   0.90    1 = FOG OR MIST
DPTR FM NORMAL:   4.9   DPTR FM NORMAL:    0.64    2 = FOG REDUCING VISIBILITY
HIGHEST:   102 ON 11, 4 GRTST 24HR  0.47 ON 24-24      TO 1/4 MILE OR LESS
LOWEST:     49 ON 31,21                            3 = THUNDER
                        SNOW, ICE PELLETS, HAIL    4 = ICE PELLETS
                        TOTAL MONTH:   0.0 INCH    5 = HAIL
                        GRTST 24HR     0.0         6 = FREEZING RAIN OR DRIZZLE
                        GRTST DEPTH:   0           7 = DUSTSTORM OR SANDSTORM:
                                                       VSBY 1/2 MILE OR LESS
                                                   8 = SMOKE OR HAZE
[NO. OF DAYS WITH]      [WEATHER - DAYS WITH]      9 = BLOWING SNOW
                                                   X = TORNADO
MAX 32 OR BELOW:   0    0.01 INCH OR MORE:   5
MAX 90 OR ABOVE:  18    0.10 INCH OR MORE:   3
MIN 32 OR BELOW:   0    0.50 INCH OR MORE:   0
MIN  0 OR BELOW:   0    1.00 INCH OR MORE:   0

[HDD (BASE 65) ]
TOTAL THIS MO.     1    CLEAR  (SCALE 0-3)  24
DPTR FM NORMAL   -26    PTCLDY (SCALE 4-7)   7
TOTAL FM JUL 1     6    CLOUDY (SCALE 8-10)  0
DPTR FM NORMAL   -42

[CDD (BASE 65) ]
TOTAL THIS MO.   294
DPTR FM NORMAL   134    [PRESSURE DATA]
TOTAL FM JAN 1   827    HIGHEST SLP 30.14 ON 23
DPTR FM NORMAL   387    LOWEST  SLP 29.63 ON 19

[REMARKS]
#FINAL-08-14#
