000
CXUS51 KPBZ 240804
CF6ZZV
PRELIMINARY LOCAL CLIMATOLOGICAL DATA (WS FORM: F-6)

                                          STATION:   ZANESVILLE OH
                                          MONTH:     APRIL
                                          YEAR:      2017
                                          LATITUDE:   39 56 N
                                          LONGITUDE:  81 54 W

  TEMPERATURE IN F:       :PCPN:    SNOW:  WIND      :SUNSHINE: SKY     :PK WND
================================================================================
1   2   3   4   5  6A  6B    7    8   9   10  11  12  13   14  15   16   17  18
                                     12Z  AVG MX 2MIN
DY MAX MIN AVG DEP HDD CDD  WTR  SNW DPTH SPD SPD DIR MIN PSBL S-S WX    SPD DR
================================================================================

 1  46  35  41  -5  24   0 0.04    M    0  6.8 14 310   M    M   9 1      17 300
 2  63  28  46  -1  19   0 0.00    M    M  3.2 13 100   M    M   1 12     17 110
 3  67  45  56   9   9   0 0.08    M    M  6.9 23 160   M    M   6 1      31 170
 4  63  48  56   8   9   0 0.18    M    M 13.3 28 270   M    M   9 1      37 250
 5  74  38  56   8   9   0 0.63    M    M  9.1 32 260   M    M   1 13     45 250
 6  59  35  47  -1  18   0 0.15    M    0 14.7 24 280   M    M   9 1      36 270
 7  49  32  41  -8  24   0 0.03    M    0 12.2 22 310   M    M   8 1      30 300
 8  60  27  44  -5  21   0 0.00  0.0    0  3.6 12 330   M    M   0        17 270
 9  75  33  54   5  11   0 0.00  0.0    0  7.5 18 180   M    M   0        23 180
10  81  53  67  17   0   2 0.00  0.0    0 10.1 23 240   M    M   1        34 270
11  65  54  60  10   5   0 0.29  0.0    0  5.7 20 270   M    M   6 13     26 270
12  66  48  57   7   8   0 0.00  0.0    0  5.3 14 330   M    M   1        17 320
13  65  45  55   4  10   0    T    M    0  6.5 12 110   M    M   2        16  80
14  75  47  61  10   4   0 0.00  0.0    0  1.2  7 250   M    M   4        10 200
15  80  49  65  14   0   0 0.00  0.0    0  5.1 18 280   M    M   3        27 280
16  77  62  70  18   0   5 0.02  0.0    0 10.1 21 210   M    M   6 3      31 230
17  70  51  61   9   4   0 0.09    M    M  4.0 13 320   M    M   2 1      16 330
18  76  43  60   8   5   0 0.00  0.0    0  4.7 15 150   M    M   0        20 110
19  76  62  69  16   0   4    T    M    M  8.2 16 200   M    M   8        20 200
20  82  58  70  17   0   5 0.22  0.0    0  8.0 22 250   M    M   3 138    31 250
21  67  50  59   6   6   0    T  0.0    0  9.7 16 310   M    M   4        21 300
22  55  44  50  -4  15   0 0.10    M    0  7.4 14  50   M    M   2 1      20  50
23  68  37  53  -1  12   0 0.00  0.0    0  6.8 16  70   M    M   0        22  50
================================================================================
SM 1559 1024       213  16  1.83     0.0 170.1          M       85
================================================================================
AV 67.8 44.5                               7.4 FASTST   M    M   4    MAX(MPH)
                                 MISC ---->  # 32 260               # 45  250
================================================================================
NOTES:
# LAST OF SEVERAL OCCURRENCES

COLUMN 17 PEAK WIND IN M.P.H.

PRELIMINARY LOCAL CLIMATOLOGICAL DATA (WS FORM: F-6) , PAGE 2

                                          STATION:  ZANESVILLE OH
                                          MONTH:    APRIL
                                          YEAR:     2017
                                          LATITUDE:   39 56 N
                                          LONGITUDE:  81 54 W

[TEMPERATURE DATA]      [PRECIPITATION DATA]       SYMBOLS USED IN COLUMN 16

AVERAGE MONTHLY: 56.2   TOTAL FOR MONTH:   1.83    1 = FOG OR MIST
DPTR FM NORMAL:   5.8   DPTR FM NORMAL:   -0.82    2 = FOG REDUCING VISIBILITY
HIGHEST:    82 ON 20    GRTST 24HR  1.06 ON 31- 1      TO 1/4 MILE OR LESS
LOWEST:     27 ON  8                               3 = THUNDER
                        SNOW, ICE PELLETS, HAIL    4 = ICE PELLETS
                        TOTAL MONTH:   0.0 INCH    5 = HAIL
                        GRTST 24HR     0.0         6 = FREEZING RAIN OR DRIZZLE
                        GRTST DEPTH:   0           7 = DUSTSTORM OR SANDSTORM:
                                                       VSBY 1/2 MILE OR LESS
                                                   8 = SMOKE OR HAZE
[NO. OF DAYS WITH]      [WEATHER - DAYS WITH]      9 = BLOWING SNOW
                                                   X = TORNADO
MAX 32 OR BELOW:   0    0.01 INCH OR MORE:  11
MAX 90 OR ABOVE:   0    0.10 INCH OR MORE:   6
MIN 32 OR BELOW:   3    0.50 INCH OR MORE:   1
MIN  0 OR BELOW:   0    1.00 INCH OR MORE:   0

[HDD (BASE 65) ]
TOTAL THIS MO.   213    CLEAR  (SCALE 0-3)  12
DPTR FM NORMAL  -128    PTCLDY (SCALE 4-7)   8
TOTAL FM JUL 1  4266    CLOUDY (SCALE 8-10)  3
DPTR FM NORMAL -1019

[CDD (BASE 65) ]
TOTAL THIS MO.    16
DPTR FM NORMAL    16    [PRESSURE DATA]
TOTAL FM JAN 1    19    HIGHEST SLP M ON M
DPTR FM NORMAL    18    LOWEST  SLP 29.28 ON  6

[REMARKS]
