000
CXUS56 KOTX 172119 CCA
CLAEAT

CLIMATE REPORT
NATIONAL WEATHER SERVICE SPOKANE, WA
1100 AM PST TUE JAN 2 2018

...................................

...THE WENATCHEE WA PANGBORN FIELD CLIMATE SUMMARY FOR THE YEAR OF 2017...

CLIMATE NORMAL PERIOD 1981 TO 2010
CLIMATE RECORD PERIOD 1959 TO 2018

WEATHER         OBSERVED          NORMAL  DEPART
                 VALUE   DATE(S)  VALUE   FROM
                                          NORMAL
................................................
TEMPERATURE (F)
RECORD
 HIGH             109   06/28/2015
                        08/04/1961
                        08/04/1961
 LOW              -21   12/30/1968
HIGHEST            99   08/11
                        07/07
                        07/06
LOWEST             -2   01/12
AVG. MAXIMUM     59.2              61.0    -1.8
AVG. MINIMUM     40.5              40.8    -0.3
MEAN             49.8              29.5    20.3
DAYS MAX >= 90     52              28.1    23.9
DAYS MAX <= 32     56              31.9    24.1
DAYS MIN <= 32    127              99.1    27.9
DAYS MIN <= 0       4               1.1     2.9

PRECIPITATION (INCHES)
RECORD
 MAXIMUM        14.28   1983
 MINIMUM         4.49   1976
TOTALS          10.16              8.01    2.15
DAILY AVG.       0.03              0.02    0.01
DAYS >= .01        90              67.9    22.1
DAYS >= .10        34              25.1     8.9
DAYS >= .50         3               1.8     1.2
DAYS >= 1.00        0               0.1    -0.1
GREATEST
 24 HR. TOTAL    0.83   MM

DEGREE_DAYS
HEATING TOTAL    6461              5772     689
COOLING TOTAL    1058               790     268

FREEZE DATES
RECORD
 EARLIEST     09/29/1985
 LATEST       05/27/2011
EARLIEST                        10/26
LATEST                          04/08
.................................................

WIND (MPH)
AVERAGE WIND SPEED              6.7
HIGHEST WIND SPEED/DIRECTION    40/270    DATE  10/17
HIGHEST GUST SPEED/DIRECTION    51/260    DATE  10/17

SKY COVER
AVERAGE SKY COVER           0.30

AVERAGE RH (PERCENT)     61

WEATHER CONDITIONS. NUMBER OF DAYS WITH
THUNDERSTORM              7     MIXED PRECIP              MM
HEAVY RAIN                4     RAIN                      14
LIGHT RAIN               88     FREEZING RAIN             MM
LT FREEZING RAIN          6     HAIL                       0
SLEET                    MM     FOG                      107
FOG W/VIS <= 1/4 MILE    36     HAZE                      37

-  INDICATES NEGATIVE NUMBERS.
R  INDICATES RECORD WAS SET OR TIED.
MM INDICATES DATA IS MISSING.
T  INDICATES TRACE AMOUNT.

$$
