000
CXUS53 KGLD 041608
CLAMCK

CLIMATE REPORT
NATIONAL WEATHER SERVICE GOODLAND
847 AM MST WED JAN 4 2017

...................................

...THE MCCOOK CLIMATE SUMMARY FOR THE YEAR OF 2016...

CLIMATE NORMAL PERIOD 1981 TO 2010
CLIMATE RECORD PERIOD 1896 TO 2016

WEATHER         OBSERVED          NORMAL  DEPART  LAST YEAR`S
                 VALUE   DATE(S)  VALUE   FROM    VALUE  DATE(S)
                                          NORMAL
................................................................
TEMPERATURE (F)
RECORD
 HIGH             115   06/26/2012
 LOW              -30   01/12/1912
HIGHEST           104   07/20       105      -1      106  07/05
LOWEST            -16   12/18       -10      -6       -5  01/04
AVG. MAXIMUM     68.2              64.9     3.3     68.3
AVG. MINIMUM     39.9              36.6     3.3     40.8
MEAN             54.1              50.8     3.3     54.6
DAYS MAX >= 90     52              44.7     7.3       60
DAYS MAX <= 32     18              27.6    -9.6       25
DAYS MIN <= 32    135             161.0   -26.0      134
DAYS MIN <= 0       6               8.6    -2.6        5

PRECIPITATION (INCHES)
RECORD
 MAXIMUM        28.93   1973
 MINIMUM         9.41   2012
TOTALS          24.82             22.53    2.29
DAYS >= .01        64              75.1   -11.1       81
DAYS >= .10        34              43.8    -9.8       44
DAYS >= .50        11              14.5    -3.5       10
DAYS >= 1.00        4               5.1    -1.1        5
GREATEST
 24 HR. TOTAL    4.94   04/15 TO 04/16              1.99  06/05

.................................................................



-  INDICATES NEGATIVE NUMBERS.
R  INDICATES RECORD WAS SET OR TIED.
MM INDICATES DATA IS MISSING.
T  INDICATES TRACE AMOUNT.

$$
