000
CXUS53 KABR 041142
CLAPIR

CLIMATE REPORT
NATIONAL WEATHER SERVICE ABERDEEN SD
1104 AM CST FRI JAN 1 2016

...................................

...THE PIERRE SD CLIMATE SUMMARY FOR THE YEAR OF 2015...

CLIMATE NORMAL PERIOD 1981 TO 2010
CLIMATE RECORD PERIOD 1892 TO 2015

WEATHER         OBSERVED          NORMAL  DEPART  LAST YEAR`S
                 VALUE   DATE(S)  VALUE   FROM    VALUE  DATE(S)
                                          NORMAL
................................................................
TEMPERATURE (F)
RECORD
 HIGH             117   07/15/2006
 LOW              -35   02/09/1994
HIGHEST           104   08/15                        104  07/21
LOWEST            -11   01/12                        -20  03/02
                        01/05                             03/01
AVG. MAXIMUM     61.5              59.2     2.3     57.0
AVG. MINIMUM     36.2              35.6     0.6     32.7
MEAN             48.9              47.4     1.5     44.9
DAYS MAX >= 90     38              36.5     1.5       15
DAYS MAX <= 32     48              55.4    -7.4       65
DAYS MIN <= 32    154             160.1    -6.1      171
DAYS MIN <= 0      22              19.8     2.2       35

PRECIPITATION (INCHES)
RECORD
 MAXIMUM        31.24   1997
 MINIMUM         6.89   1976
TOTALS          22.50             20.01    2.49    18.77
DAILY AVG.       0.06              0.05    0.01     0.05
DAYS >= .01        87              87.7    -0.7       99
DAYS >= .10        42              42.3    -0.3       40
DAYS >= .50        13              11.5     1.5       11
DAYS >= 1.00        6               3.4     2.6        3

SNOWFALL (INCHES)
RECORDS
 TOTAL           82.0   1952

TOTALS           28.1              31.9    -3.8     37.8
 LIQUID EQUIV    2.81              3.20   -0.39     3.78
SINCE 7/1        20.4              11.2     9.2     19.4
 LIQUID 7/1      2.04              1.10    0.94     1.94
DAYS >= TRACE      43              26.3    16.7       69
DAYS >= 1.0         9              10.2    -1.2       10

DEGREE_DAYS
HEATING TOTAL    6566              7290    -724     7803
 SINCE 7/1         MM              2962      MM       MM
COOLING TOTAL     839               868     -29      622
 SINCE 1/1        839               868     -29      622
.................................................................

WIND (MPH)
AVERAGE WIND SPEED              11.0
HIGHEST WIND SPEED/DIRECTION    60/290    DATE  06/22
HIGHEST GUST SPEED/DIRECTION    80/290    DATE  06/22



-  INDICATES NEGATIVE NUMBERS.
R  INDICATES RECORD WAS SET OR TIED.
MM INDICATES DATA IS MISSING.
T  INDICATES TRACE AMOUNT.

$$
