000
CXUS53 KGRB 041510
CLARHI

CLIMATE REPORT
NATIONAL WEATHER SERVICE GREEN BAY
910 AM CST WED JAN 4 2017

...5TH WARMEST YEAR ON RECORD...
...4TH LEAST HEATING DEGREE DAYS ON RECORD...
...WETTEST YEAR ON RECORD...

...THE RHINELANDER WI CLIMATE SUMMARY FOR THE YEAR OF 2016...

CLIMATE NORMAL PERIOD 1981 TO 2010
CLIMATE RECORD PERIOD 1908 TO 2017

WEATHER         OBSERVED          NORMAL  DEPART  LAST YEAR`S
                 VALUE   DATE(S)  VALUE   FROM    VALUE  DATE(S)
                                          NORMAL
................................................................
TEMPERATURE (F)
RECORD
 HIGH             108   07/13/1936
 LOW              -42   02/03/1996
HIGHEST            91   07/22                         89  08/15
                                                          08/14
LOWEST            -20   02/14                        -24  02/19
                        01/11                             01/13
AVG. MAXIMUM     54.1              51.5     2.6     52.4
AVG. MINIMUM     33.9              30.4     3.5     31.5
MEAN             44.0              41.0     3.0     41.9
DAYS MAX >= 90      2               2.2    -0.2        0
DAYS MAX <= 32     80              92.2   -12.2       82
DAYS MIN <= 32    167             183.3   -16.3      170
DAYS MIN <= 0      26              34.4    -8.4       35

PRECIPITATION (INCHES)
RECORD
 MAXIMUM        42.42   1911
 MINIMUM        16.90   1989
TOTALS          42.86R            31.40   11.46    31.38
DAILY AVG.       0.12
DAYS >= .01       150                MM      MM      135
DAYS >= .10        81                MM      MM       79
DAYS >= .50        21                MM      MM       18
DAYS >= 1.00        8                MM      MM        6

SNOWFALL (INCHES)
RECORDS
 TOTAL          131.5   2014
TOTALS           65.3                MM      MM     52.0
SINCE 7/1        26.2                MM      MM     16.8
SNOWDEPTH AVG.      2
DAYS >= TRACE      95                MM      MM       91
DAYS >= 1.0        23                MM      MM       19
GREATEST
 SNOW DEPTH        14   02/17                         19  03/05
                        02/16                             03/03
                                                          03/04
 24 HR TOTAL      5.3   MM

DEGREE_DAYS
HEATING TOTAL    7899              9020   -1121     8478
 SINCE 7/1       2932              3626    -694     2826
COOLING TOTAL     321               262      59      233
 SINCE 1/1        321               261      60      233

FREEZE DATES
RECORD
 EARLIEST     08/27/1915
 LATEST       07/30/1928
EARLIEST                        09/23
LATEST                          05/20
.................................................................

WIND (MPH)
AVERAGE WIND SPEED              7.1
HIGHEST WIND SPEED/DIRECTION    37/280    DATE  06/10
HIGHEST GUST SPEED/DIRECTION    55/270    DATE  06/10

SKY COVER
POSSIBLE SUNSHINE (PERCENT)   MM
AVERAGE SKY COVER           0.50
NUMBER OF DAYS FAIR          122
NUMBER OF DAYS PC            116
NUMBER OF DAYS CLOUDY        128

AVERAGE RH (PERCENT)     73

WEATHER CONDITIONS. NUMBER OF DAYS WITH
THUNDERSTORM              M     MIXED PRECIP               0
HEAVY RAIN               36     RAIN                      44
LIGHT RAIN              122     FREEZING RAIN              2
LT FREEZING RAIN          8     HAIL                       0
HEAVY SNOW                1     SNOW                      18
LIGHT SNOW               93     SLEET                      0
FOG                     249     FOG W/VIS <= 1/4 MILE     59
HAZE                     58

-  INDICATES NEGATIVE NUMBERS.
R  INDICATES RECORD WAS SET OR TIED.
MM INDICATES DATA IS MISSING.
T  INDICATES TRACE AMOUNT.

$$
