000
CXUS53 KGJT 012014
CLAVEL


CLIMATE REPORT
NATIONAL WEATHER SERVICE GRAND JUNCTION CO
1233 PM MST THU JAN 1 2015

...................................

...THE VERNAL UT CLIMATE SUMMARY FOR THE YEAR OF 2014...

CLIMATE NORMAL PERIOD 1981 TO 2010
CLIMATE RECORD PERIOD 9999 TO 9999

WEATHER         OBSERVED          NORMAL  DEPART  LAST YEAR`S
                 VALUE   DATE(S)  VALUE   FROM    VALUE  DATE(S)
                                          NORMAL
................................................................
TEMPERATURE (F)
RECORD
 HIGH              MM
 LOW               MM
HIGHEST            98   07/07        MM      MM       98  07/23
LOWEST             -8   12/31        MM      MM      -18  01/14
AVG. MAXIMUM     61.3              59.0     2.3     56.5
AVG. MINIMUM     35.6              34.2     1.4     31.5
MEAN             48.5              46.6     1.9     44.0
DAYS MAX >= 90     28              20.5     7.5       42
DAYS MAX <= 32     45              48.2    -3.2       89
DAYS MIN <= 32    169             163.0     6.0      184
DAYS MIN <= 0       5              10.4    -5.4       42

PRECIPITATION (INCHES)
RECORD
 MAXIMUM           MM   MM
 MINIMUM           MM   MM
TOTALS          10.22              9.31    0.91     9.47
DAILY AVG.       0.03              0.03    0.00        T
DAYS >= .01        60              63.2    -3.2       74
DAYS >= .10        24              28.4    -4.4       29
DAYS >= .50         6               3.6     2.4        3
DAYS >= 1.00        1               0.3     0.7        0
GREATEST
 24 HR. TOTAL    1.34   MM                       12/31 TO 12/31

 STORM TOTAL       MM                                 MM

SNOWFALL (INCHES)
RECORDS
 TOTAL             MM   MM
 24 HR TOTAL       MM
 SNOW DEPTH        MM   MM
TOTALS             MM                MM      MM       MM
 LIQUID EQUIV      MM                MM      MM       MM
SINCE 7/1          MM                MM      MM       MM
 LIQUID 7/1        MM                MM      MM       MM
SNOWDEPTH AVG.     MM                MM      MM       MM
DAYS >= TRACE      MM                MM      MM       MM
DAYS >= 1.0        MM                MM      MM       MM
GREATEST
 SNOW DEPTH        MM                                 MM  MM
 24 HR TOTAL       MM                                 MM
 STORM TOTAL       MM                                 MM

DEGREE_DAYS
HEATING TOTAL    6538              7222    -684     8317
 SINCE 7/1       2605              2971    -366     3422
COOLING TOTAL     621               512     109      787
 SINCE 1/1        621               511     110      787

FREEZE DATES
RECORD
 EARLIEST     MM
 LATEST       MM
EARLIEST                        MM
LATEST                          MM
..................................................

WIND (MPH)
AVERAGE WIND SPEED              5.2
RESULTANT WIND SPEED/DIRECTION   1/282
HIGHEST WIND SPEED/DIRECTION    47/200    DATE  09/27
HIGHEST GUST SPEED/DIRECTION    65/180    DATE  09/27

SKY COVER
POSSIBLE SUNSHINE (PERCENT)   MM
AVERAGE SKY COVER           0.20
NUMBER OF DAYS FAIR          274
NUMBER OF DAYS PC             66
NUMBER OF DAYS CLOUDY         24

AVERAGE RH (PERCENT)     53

WEATHER CONDITIONS. NUMBER OF DAYS WITH
THUNDERSTORM             45     MIXED PRECIP               0
HEAVY RAIN               16     RAIN                      28
LIGHT RAIN               88     FREEZING RAIN              0
LT FREEZING RAIN          0     HAIL                       0
HEAVY SNOW                2     SNOW                       4
LIGHT SNOW               29     SLEET                      0
FOG                      75     FOG W/VIS <= 1/4 MILE     10
HAZE                     41

-  INDICATES NEGATIVE NUMBERS.
R  INDICATES RECORD WAS SET OR TIED.
MM INDICATES DATA IS MISSING.
T  INDICATES TRACE AMOUNT.

$$
