000
CDUS41 KBTV 020529
CLI1V4


CLIMATE REPORT
NATIONAL WEATHER SERVICE BURLINGTON VT
128 AM EDT SAT AUG 2 2014


...................................

...THE ST. JOHNSBURY VT CLIMATE SUMMARY FOR AUGUST 1 2014...

CLIMATE NORMAL PERIOD 1981 TO 2010
CLIMATE RECORD PERIOD 1894 TO 2014


WEATHER ITEM   OBSERVED TIME   RECORD YEAR NORMAL DEPARTURE LAST
                VALUE   (LST)  VALUE       VALUE  FROM      YEAR
                                                  NORMAL
..................................................................
TEMPERATURE (F)
 YESTERDAY
  MAXIMUM         80    229 PM  97    1917  81     -1       80
  MINIMUM         54    624 AM  38    1953  58     -4       54
  AVERAGE         67                        70     -3       67

PRECIPITATION (IN)
  YESTERDAY        0.00          1.93 1902   0.17  -0.17     0.08
  MONTH TO DATE    0.00                      0.17  -0.17     0.08
  SINCE JUN 1      9.96                      8.30   1.66    10.14
  SINCE JAN 1     25.66                     21.71   3.95    22.52

DEGREE DAYS
 HEATING
  YESTERDAY        0                         0      0        0
  MONTH TO DATE    0                         0      0        0
  SINCE JUN 1     87                        87      0      122
  SINCE JUL 1     18                        15      3        9

 COOLING
  YESTERDAY        2                         5     -3        2
  MONTH TO DATE    2                         5     -3        2
  SINCE JUN 1    160                       264   -104      274
  SINCE JAN 1    164                       282   -118      290
..................................................................


WIND (MPH)
  HIGHEST WIND SPEED    MM   HIGHEST WIND DIRECTION    MM
  HIGHEST GUST SPEED    MM   HIGHEST GUST DIRECTION    MM
  AVERAGE WIND SPEED    MM


SKY COVER
  AVERAGE SKY COVER 0.0


WEATHER CONDITIONS
 THE FOLLOWING WEATHER WAS RECORDED YESTERDAY.
  NO SIGNIFICANT WEATHER WAS OBSERVED.


RELATIVE HUMIDITY (PERCENT)
 HIGHEST   100          1200 AM
 LOWEST     52           200 PM
 AVERAGE    76

..........................................................


THE ST. JOHNSBURY VT CLIMATE NORMALS FOR TODAY
                         NORMAL    RECORD    YEAR
 MAXIMUM TEMPERATURE (F)   81        98      1975
 MINIMUM TEMPERATURE (F)   58        39      1953


SUNRISE AND SUNSET
AUGUST  2 2014........SUNRISE   536 AM EDT   SUNSET   812 PM EDT
AUGUST  3 2014........SUNRISE   537 AM EDT   SUNSET   811 PM EDT


-  INDICATES NEGATIVE NUMBERS.
R  INDICATES RECORD WAS SET OR TIED.
MM INDICATES DATA IS MISSING.
T  INDICATES TRACE AMOUNT.




$$
