000
CDUS41 KBTV 280535
CLI1V4


CLIMATE REPORT
NATIONAL WEATHER SERVICE BURLINGTON VT
133 AM EDT THU JUL 28 2016


...................................

...THE ST. JOHNSBURY VT CLIMATE SUMMARY FOR JULY 27 2016...

CLIMATE NORMAL PERIOD 1981 TO 2010
CLIMATE RECORD PERIOD 1894 TO 2016


WEATHER ITEM   OBSERVED TIME   RECORD YEAR NORMAL DEPARTURE LAST
                VALUE   (LST)  VALUE       VALUE  FROM      YEAR
                                                  NORMAL
..................................................................
TEMPERATURE (F)
 YESTERDAY
  MAXIMUM         86        MM  95    1949  81      5       86
  MINIMUM         59        MM  42    2001  59      0       67
                                      1923
  AVERAGE         73                        70      3       77

PRECIPITATION (IN)
  YESTERDAY        0.00          1.45 1930   0.14  -0.14     0.00
  MONTH TO DATE    5.12                      3.53   1.59     5.25
  SINCE JUN 1      9.75                      7.54   2.21    12.95
  SINCE JAN 1     22.33                     20.95   1.38    24.32

DEGREE DAYS
 HEATING
  YESTERDAY        0                         0      0        0
  MONTH TO DATE   16                        10      6       29
  SINCE JUN 1    107                        82     25      138
  SINCE JUL 1     16                        10      6       29

 COOLING
  YESTERDAY        8                         5      3       12
  MONTH TO DATE  138                       150    -12      105
  SINCE JUN 1    199                       240    -41      138
  SINCE JAN 1    242                       258    -16      176
..................................................................


WIND (MPH)
  HIGHEST WIND SPEED    MM   HIGHEST WIND DIRECTION    MM
  HIGHEST GUST SPEED    MM   HIGHEST GUST DIRECTION    MM
  AVERAGE WIND SPEED    MM


SKY COVER
  AVERAGE SKY COVER 0.0


WEATHER CONDITIONS
 THE FOLLOWING WEATHER WAS RECORDED YESTERDAY.
  NO SIGNIFICANT WEATHER WAS OBSERVED.


RELATIVE HUMIDITY (PERCENT)
 HIGHEST    97           300 AM
 LOWEST     37           400 PM
 AVERAGE    67

..........................................................


THE ST. JOHNSBURY VT CLIMATE NORMALS FOR TODAY
                         NORMAL    RECORD    YEAR
 MAXIMUM TEMPERATURE (F)   81        99      1909
 MINIMUM TEMPERATURE (F)   59        40      1903


SUNRISE AND SUNSET
JULY 28 2016..........SUNRISE   531 AM EDT   SUNSET   817 PM EDT
JULY 29 2016..........SUNRISE   532 AM EDT   SUNSET   816 PM EDT


-  INDICATES NEGATIVE NUMBERS.
R  INDICATES RECORD WAS SET OR TIED.
MM INDICATES DATA IS MISSING.
T  INDICATES TRACE AMOUNT.




$$
