000
CDUS41 KBTV 290520
CLI1V4


CLIMATE REPORT
NATIONAL WEATHER SERVICE BURLINGTON VT
119 AM EDT WED JUL 29 2015


...................................

...THE ST. JOHNSBURY VT CLIMATE SUMMARY FOR JULY 28 2015...

CLIMATE NORMAL PERIOD 1981 TO 2010
CLIMATE RECORD PERIOD 1894 TO 2015


WEATHER ITEM   OBSERVED TIME   RECORD YEAR NORMAL DEPARTURE LAST
                VALUE   (LST)  VALUE       VALUE  FROM      YEAR
                                                  NORMAL
..................................................................
TEMPERATURE (F)
 YESTERDAY
  MAXIMUM         86    149 PM  99    1909  81      5       70
  MINIMUM         63    704 AM  40    1903  59      4       60
  AVERAGE         75                        70      5       65

PRECIPITATION (IN)
  YESTERDAY        0.29          4.99 1913   0.15   0.14     0.96
  MONTH TO DATE    5.54                      3.68   1.86     6.68
  SINCE JUN 1     13.24                      7.69   5.55     9.95
  SINCE JAN 1     24.61                     21.10   3.51    25.65

DEGREE DAYS
 HEATING
  YESTERDAY        0                         0      0        0
  MONTH TO DATE   29                        10     19        8
  SINCE JUN 1    138                        82     56       77
  SINCE JUL 1     29                        10     19        8

 COOLING
  YESTERDAY       10                         5      5        0
  MONTH TO DATE  115                       155    -40      111
  SINCE JUN 1    148                       245    -97      158
  SINCE JAN 1    186                       263    -77      162
..................................................................


WIND (MPH)
  HIGHEST WIND SPEED    MM   HIGHEST WIND DIRECTION    MM
  HIGHEST GUST SPEED    MM   HIGHEST GUST DIRECTION    MM
  AVERAGE WIND SPEED    MM


SKY COVER
  AVERAGE SKY COVER 0.0


WEATHER CONDITIONS
 THE FOLLOWING WEATHER WAS RECORDED YESTERDAY.
  NO SIGNIFICANT WEATHER WAS OBSERVED.


RELATIVE HUMIDITY (PERCENT)
 HIGHEST   100           700 AM
 LOWEST     48           100 PM
 AVERAGE    74

..........................................................


THE ST. JOHNSBURY VT CLIMATE NORMALS FOR TODAY
                         NORMAL    RECORD    YEAR
 MAXIMUM TEMPERATURE (F)   81        97      1959
 MINIMUM TEMPERATURE (F)   59        42      1987


SUNRISE AND SUNSET
JULY 29 2015..........SUNRISE   531 AM EDT   SUNSET   817 PM EDT
JULY 30 2015..........SUNRISE   533 AM EDT   SUNSET   816 PM EDT


-  INDICATES NEGATIVE NUMBERS.
R  INDICATES RECORD WAS SET OR TIED.
MM INDICATES DATA IS MISSING.
T  INDICATES TRACE AMOUNT.




$$
