000
CDUS41 KBTV 300534
CLI1V4


CLIMATE REPORT
NATIONAL WEATHER SERVICE BURLINGTON VT
133 AM EDT TUE JUN 30 2015


...................................

...THE ST. JOHNSBURY VT CLIMATE SUMMARY FOR JUNE 29 2015...

CLIMATE NORMAL PERIOD 1981 TO 2010
CLIMATE RECORD PERIOD 1894 TO 2015


WEATHER ITEM   OBSERVED TIME   RECORD YEAR NORMAL DEPARTURE LAST
                VALUE   (LST)  VALUE       VALUE  FROM      YEAR
                                                  NORMAL
..................................................................
TEMPERATURE (F)
 YESTERDAY
  MAXIMUM         70        MM  98    1944  80    -10       85
  MINIMUM         53        MM  33    1919  58     -5       53
  AVERAGE         62                        69     -7       69

PRECIPITATION (IN)
  YESTERDAY        0.00          2.19 1982   0.13  -0.13     0.00
  MONTH TO DATE    7.60                      3.87   3.73     3.27
  SINCE JUN 1      7.60                      3.87   3.73     3.27
  SINCE JAN 1     18.97                     17.28   1.69    18.97

DEGREE DAYS
 HEATING
  YESTERDAY        3                         1      2        0
  MONTH TO DATE  109                        71     38       69
  SINCE JUN 1    109                        71     38       69
  SINCE JUL 1   8336                      7775    561     8493

 COOLING
  YESTERDAY        0                         5     -5        4
  MONTH TO DATE   31                        86    -55       40
  SINCE JUN 1     31                        86    -55       40
  SINCE JAN 1     69                       104    -35       44
..................................................................


WIND (MPH)
  HIGHEST WIND SPEED    MM   HIGHEST WIND DIRECTION    MM
  HIGHEST GUST SPEED    MM   HIGHEST GUST DIRECTION    MM
  AVERAGE WIND SPEED    MM


SKY COVER
  AVERAGE SKY COVER 0.0


WEATHER CONDITIONS
 THE FOLLOWING WEATHER WAS RECORDED YESTERDAY.
  NO SIGNIFICANT WEATHER WAS OBSERVED.


RELATIVE HUMIDITY (PERCENT)
 HIGHEST    89           200 AM
 LOWEST     53           200 PM
 AVERAGE    71

..........................................................


THE ST. JOHNSBURY VT CLIMATE NORMALS FOR TODAY
                         NORMAL    RECORD    YEAR
 MAXIMUM TEMPERATURE (F)   80        96      1971
 MINIMUM TEMPERATURE (F)   58        37      1936


SUNRISE AND SUNSET
JUNE 30 2015..........SUNRISE   507 AM EDT   SUNSET   836 PM EDT
JULY  1 2015..........SUNRISE   507 AM EDT   SUNSET   836 PM EDT


-  INDICATES NEGATIVE NUMBERS.
R  INDICATES RECORD WAS SET OR TIED.
MM INDICATES DATA IS MISSING.
T  INDICATES TRACE AMOUNT.




$$
