000
CDUS41 KBTV 010556
CLI1V4


CLIMATE REPORT
NATIONAL WEATHER SERVICE BURLINGTON VT
1252 AM EST SUN FEB 1 2015


...................................

...THE ST. JOHNSBURY VT CLIMATE SUMMARY FOR JANUARY 31 2015...

CLIMATE NORMAL PERIOD 1981 TO 2010
CLIMATE RECORD PERIOD 1894 TO 2015


WEATHER ITEM   OBSERVED TIME   RECORD YEAR NORMAL DEPARTURE LAST
                VALUE   (LST)  VALUE       VALUE  FROM      YEAR
                                                  NORMAL
..................................................................
TEMPERATURE (F)
 YESTERDAY
  MAXIMUM          9        MM  56    1988  28    -19       35
  MINIMUM        -10        MM -33    1934   6    -16       20
  AVERAGE          0                        17    -17       28

PRECIPITATION (IN)
  YESTERDAY        0.01          0.79 1979   0.08  -0.07     0.00
  MONTH TO DATE    2.83                      2.51   0.32     1.94
  SINCE DEC 1      6.72                      5.59   1.13     5.38
  SINCE JAN 1      2.83                      2.51   0.32     1.94

DEGREE DAYS
 HEATING
  YESTERDAY       65                        48     17       37
  MONTH TO DATE 1629                      1499    130     1516
  SINCE DEC 1   2777                      2793    -16     2872
  SINCE JUL 1   4429                      4449    -20     4671

 COOLING
  YESTERDAY        0                         0      0        0
  MONTH TO DATE    0                         0      0        0
  SINCE DEC 1      0                         0      0        0
  SINCE JAN 1      0                         0      0        0
..................................................................


WIND (MPH)
  HIGHEST WIND SPEED    MM   HIGHEST WIND DIRECTION    MM
  HIGHEST GUST SPEED    MM   HIGHEST GUST DIRECTION    MM
  AVERAGE WIND SPEED    MM


SKY COVER
  AVERAGE SKY COVER 0.0


WEATHER CONDITIONS
 THE FOLLOWING WEATHER WAS RECORDED YESTERDAY.
  NO SIGNIFICANT WEATHER WAS OBSERVED.


RELATIVE HUMIDITY (PERCENT)
 HIGHEST    79          1100 PM
 LOWEST     41           200 PM
 AVERAGE    60

..........................................................


THE ST. JOHNSBURY VT CLIMATE NORMALS FOR TODAY
                         NORMAL    RECORD    YEAR
 MAXIMUM TEMPERATURE (F)   28        52      1989
 MINIMUM TEMPERATURE (F)    6       -38      1920


SUNRISE AND SUNSET
FEBRUARY  1 2015......SUNRISE   707 AM EST   SUNSET   457 PM EST
FEBRUARY  2 2015......SUNRISE   706 AM EST   SUNSET   458 PM EST


-  INDICATES NEGATIVE NUMBERS.
R  INDICATES RECORD WAS SET OR TIED.
MM INDICATES DATA IS MISSING.
T  INDICATES TRACE AMOUNT.




$$
