000
CDUS41 KBTV 240544
CLI1V4


CLIMATE REPORT
NATIONAL WEATHER SERVICE BURLINGTON VT
1239 AM EST SAT FEB 24 2018


...................................

...THE ST. JOHNSBURY VT CLIMATE SUMMARY FOR FEBRUARY 23 2018...

CLIMATE NORMAL PERIOD 1981 TO 2010
CLIMATE RECORD PERIOD 1894 TO 2018


WEATHER ITEM   OBSERVED TIME   RECORD YEAR NORMAL DEPARTURE LAST
                VALUE   (LST)  VALUE       VALUE  FROM      YEAR
                                                  NORMAL
..................................................................
TEMPERATURE (F)
 YESTERDAY
  MAXIMUM         34        MM  62    2017  33      1       62
  MINIMUM         15        MM -25    1972  10      5       28
  AVERAGE         25                        22      3       45

PRECIPITATION (IN)
  YESTERDAY        0.10          0.97 1974   0.08   0.02     0.00
  MONTH TO DATE    2.03                      1.79   0.24     2.86
  SINCE DEC 1      8.28                      7.38   0.90     8.29
  SINCE JAN 1      5.35                      4.30   1.05     4.72

DEGREE DAYS
 HEATING
  YESTERDAY       40                        43     -3       20
  MONTH TO DATE  952                      1063   -111      961
  SINCE DEC 1   3897                      3856     41     3411
  SINCE JUL 1   5370                      5512   -142     4871

 COOLING
  YESTERDAY        0                         0      0        0
  MONTH TO DATE    0                         0      0        0
  SINCE DEC 1      0                         0      0        0
  SINCE JAN 1      0                         0      0        0
..................................................................


WIND (MPH)
  HIGHEST WIND SPEED    MM   HIGHEST WIND DIRECTION    MM
  HIGHEST GUST SPEED    MM   HIGHEST GUST DIRECTION    MM
  AVERAGE WIND SPEED    MM


SKY COVER
  AVERAGE SKY COVER 0.0


WEATHER CONDITIONS
 THE FOLLOWING WEATHER WAS RECORDED YESTERDAY.
  NO SIGNIFICANT WEATHER WAS OBSERVED.


RELATIVE HUMIDITY (PERCENT)
 HIGHEST   100           800 PM
 LOWEST     85           500 PM
 AVERAGE    93

..........................................................


THE ST. JOHNSBURY VT CLIMATE NORMALS FOR TODAY
                         NORMAL    RECORD    YEAR
 MAXIMUM TEMPERATURE (F)   34        55      1930
 MINIMUM TEMPERATURE (F)   10       -33      1914


SUNRISE AND SUNSET
FEBRUARY 24 2018......SUNRISE   634 AM EST   SUNSET   529 PM EST
FEBRUARY 25 2018......SUNRISE   632 AM EST   SUNSET   531 PM EST


-  INDICATES NEGATIVE NUMBERS.
R  INDICATES RECORD WAS SET OR TIED.
MM INDICATES DATA IS MISSING.
T  INDICATES TRACE AMOUNT.




$$
