000
CDUS41 KBTV 250525
CLI1V4


CLIMATE REPORT
NATIONAL WEATHER SERVICE BURLINGTON VT
121 AM EDT SUN SEP 25 2016


...................................

...THE ST. JOHNSBURY VT CLIMATE SUMMARY FOR SEPTEMBER 24 2016...

CLIMATE NORMAL PERIOD 1981 TO 2010
CLIMATE RECORD PERIOD 1894 TO 2016


WEATHER ITEM   OBSERVED TIME   RECORD YEAR NORMAL DEPARTURE LAST
                VALUE   (LST)  VALUE       VALUE  FROM      YEAR
                                                  NORMAL
..................................................................
TEMPERATURE (F)
 YESTERDAY
  MAXIMUM         60        MM  89    1961  67     -7       71
  MINIMUM         42    700 AM  23    1963  46     -4       46
  AVERAGE         51                        57     -6       59

PRECIPITATION (IN)
  YESTERDAY        0.00          1.15 1898   0.12  -0.12     0.00
  MONTH TO DATE    1.36                      2.63  -1.27     2.20
  SINCE SEP 1      1.36                      2.63  -1.27     2.20
  SINCE JAN 1     29.30                     28.39   0.91    30.69

DEGREE DAYS
 HEATING
  YESTERDAY       14                         9      5        6
  MONTH TO DATE   75                       123    -48       47
  SINCE SEP 1     75                       123    -48       47
  SINCE JUL 1    102                       173    -71       83

 COOLING
  YESTERDAY        0                         0      0        0
  MONTH TO DATE   49                        33     16       79
  SINCE SEP 1     49                        33     16       79
  SINCE JAN 1    457                       431     26      437
..................................................................


WIND (MPH)
  HIGHEST WIND SPEED    MM   HIGHEST WIND DIRECTION    MM
  HIGHEST GUST SPEED    MM   HIGHEST GUST DIRECTION    MM
  AVERAGE WIND SPEED    MM


SKY COVER
  AVERAGE SKY COVER 0.0


WEATHER CONDITIONS
 THE FOLLOWING WEATHER WAS RECORDED YESTERDAY.
  NO SIGNIFICANT WEATHER WAS OBSERVED.


RELATIVE HUMIDITY (PERCENT)
 HIGHEST   100          1200 AM
 LOWEST     50           800 PM
 AVERAGE    75

..........................................................


THE ST. JOHNSBURY VT CLIMATE NORMALS FOR TODAY
                         NORMAL    RECORD    YEAR
 MAXIMUM TEMPERATURE (F)   67        88      1920
 MINIMUM TEMPERATURE (F)   45        25      1950


SUNRISE AND SUNSET
SEPTEMBER 25 2016.....SUNRISE   639 AM EDT   SUNSET   639 PM EDT
SEPTEMBER 26 2016.....SUNRISE   640 AM EDT   SUNSET   637 PM EDT


-  INDICATES NEGATIVE NUMBERS.
R  INDICATES RECORD WAS SET OR TIED.
MM INDICATES DATA IS MISSING.
T  INDICATES TRACE AMOUNT.




$$
