000
CDUS41 KBTV 140523
CLI1V4


CLIMATE REPORT
NATIONAL WEATHER SERVICE BURLINGTON VT
121 AM EDT MON JUL 14 2014


...................................

...THE ST. JOHNSBURY VT CLIMATE SUMMARY FOR JULY 13 2014...

CLIMATE NORMAL PERIOD 1981 TO 2010
CLIMATE RECORD PERIOD 1894 TO 2014


WEATHER ITEM   OBSERVED TIME   RECORD YEAR NORMAL DEPARTURE LAST
                VALUE   (LST)  VALUE       VALUE  FROM      YEAR
                                                  NORMAL
..................................................................
TEMPERATURE (F)
 YESTERDAY
  MAXIMUM         78        MM  95    1909  82     -4       82
  MINIMUM         64        MM  40    1971  59      5       56
  AVERAGE         71                        70      1       69

PRECIPITATION (IN)
  YESTERDAY        0.55          1.39 1897   0.13   0.42     0.00
  MONTH TO DATE    3.06                      1.66   1.40     3.43
  SINCE JUN 1      6.33                      5.67   0.66     7.90
  SINCE JAN 1     22.03                     19.08   2.95    20.28

DEGREE DAYS
 COOLING
  YESTERDAY        6                         6      0        4
  MONTH TO DATE   72                        72      0       90
  SINCE JUN 1    119                       162    -43      170
  SINCE JAN 1    123                       180    -57      186
..................................................................


WIND (MPH)
  HIGHEST WIND SPEED    MM   HIGHEST WIND DIRECTION    MM
  HIGHEST GUST SPEED    MM   HIGHEST GUST DIRECTION    MM
  AVERAGE WIND SPEED    MM


SKY COVER
  AVERAGE SKY COVER 0.0


WEATHER CONDITIONS
 THE FOLLOWING WEATHER WAS RECORDED YESTERDAY.
  NO SIGNIFICANT WEATHER WAS OBSERVED.


RELATIVE HUMIDITY (PERCENT)
 HIGHEST    93           200 AM
 LOWEST     62          1100 AM
 AVERAGE    78

..........................................................


THE ST. JOHNSBURY VT CLIMATE NORMALS FOR TODAY
                         NORMAL    RECORD    YEAR
 MAXIMUM TEMPERATURE (F)   82        98      1995
 MINIMUM TEMPERATURE (F)   59        42      1940


SUNRISE AND SUNSET
JULY 14 2014..........SUNRISE   517 AM EDT   SUNSET   831 PM EDT
JULY 15 2014..........SUNRISE   518 AM EDT   SUNSET   830 PM EDT


-  INDICATES NEGATIVE NUMBERS.
R  INDICATES RECORD WAS SET OR TIED.
MM INDICATES DATA IS MISSING.
T  INDICATES TRACE AMOUNT.




$$
