000
CDUS41 KBTV 160550
CLI1V4


CLIMATE REPORT
NATIONAL WEATHER SERVICE BURLINGTON VT
1249 AM EST MON JAN 16 2017


...................................

...THE ST. JOHNSBURY VT CLIMATE SUMMARY FOR JANUARY 15 2017...

CLIMATE NORMAL PERIOD 1981 TO 2010
CLIMATE RECORD PERIOD 1894 TO 2017


WEATHER ITEM   OBSERVED TIME   RECORD YEAR NORMAL DEPARTURE LAST
                VALUE   (LST)  VALUE       VALUE  FROM      YEAR
                                                  NORMAL
..................................................................
TEMPERATURE (F)
 YESTERDAY
  MAXIMUM         24    232 PM  61    1995  27     -3       26
  MINIMUM         11   1159 PM -32    1957   6      5        9
  AVERAGE         18                        16      2       18

PRECIPITATION (IN)
  YESTERDAY        0.00          0.92 1999   0.08  -0.08     0.00
  MONTH TO DATE    0.74                      1.20  -0.46     0.87
  SINCE DEC 1      4.31                      4.28   0.03     5.77
  SINCE JAN 1      0.74                      1.20  -0.46     0.87

DEGREE DAYS
 HEATING
  YESTERDAY       47                        49     -2       47
  MONTH TO DATE  656                       718    -62      654
  SINCE DEC 1   1917                      2015    -98     1567
  SINCE JUL 1   3377                      3671   -294     3044

 COOLING
  YESTERDAY        0                         0      0        0
  MONTH TO DATE    0                         0      0        0
  SINCE DEC 1      0                         0      0        0
  SINCE JAN 1      0                         0      0        0
..................................................................


WIND (MPH)
  HIGHEST WIND SPEED    MM   HIGHEST WIND DIRECTION    MM
  HIGHEST GUST SPEED    MM   HIGHEST GUST DIRECTION    MM
  AVERAGE WIND SPEED    MM


SKY COVER
  AVERAGE SKY COVER 0.0


WEATHER CONDITIONS
 THE FOLLOWING WEATHER WAS RECORDED YESTERDAY.
  NO SIGNIFICANT WEATHER WAS OBSERVED.


RELATIVE HUMIDITY (PERCENT)
 HIGHEST    81           700 AM
 LOWEST     47           400 PM
 AVERAGE    64

..........................................................


THE ST. JOHNSBURY VT CLIMATE NORMALS FOR TODAY
                         NORMAL    RECORD    YEAR
 MAXIMUM TEMPERATURE (F)   27        63      1995
 MINIMUM TEMPERATURE (F)    6       -29      2009


SUNRISE AND SUNSET
JANUARY 16 2017.......SUNRISE   720 AM EST   SUNSET   436 PM EST
JANUARY 17 2017.......SUNRISE   720 AM EST   SUNSET   437 PM EST


-  INDICATES NEGATIVE NUMBERS.
R  INDICATES RECORD WAS SET OR TIED.
MM INDICATES DATA IS MISSING.
T  INDICATES TRACE AMOUNT.




$$
