000
CDUS41 KBTV 200549
CLI1V4


CLIMATE REPORT
NATIONAL WEATHER SERVICE BURLINGTON VT
146 AM EDT WED SEP 20 2017


...................................

...THE ST. JOHNSBURY VT CLIMATE SUMMARY FOR SEPTEMBER 19 2017...

CLIMATE NORMAL PERIOD 1981 TO 2010
CLIMATE RECORD PERIOD 1894 TO 2017


WEATHER ITEM   OBSERVED TIME   RECORD YEAR NORMAL DEPARTURE LAST
                VALUE   (LST)  VALUE       VALUE  FROM      YEAR
                                                  NORMAL
..................................................................
TEMPERATURE (F)
 YESTERDAY
  MAXIMUM         78        MM  87    1955  70      8       74
  MINIMUM         58        MM  29    2014  48     10       64
                                      1943
  AVERAGE         68                        59      9       69

PRECIPITATION (IN)
  YESTERDAY        0.00          2.37 1945   0.12  -0.12     0.13
  MONTH TO DATE    2.89                      2.00   0.89     1.14
  SINCE SEP 1      2.89                      2.00   0.89     1.14
  SINCE JAN 1     32.43                     27.76   4.67    29.08

DEGREE DAYS
 HEATING
  YESTERDAY        0                         7     -7        0
  MONTH TO DATE   89                        83      6       51
  SINCE SEP 1     89                        83      6       51
  SINCE JUL 1    180                       133     47       78

 COOLING
  YESTERDAY        3                         1      2        4
  MONTH TO DATE   25                        30     -5       41
  SINCE SEP 1     25                        30     -5       41
  SINCE JAN 1    287                       428   -141      449
..................................................................


WIND (MPH)
  HIGHEST WIND SPEED    MM   HIGHEST WIND DIRECTION    MM
  HIGHEST GUST SPEED    MM   HIGHEST GUST DIRECTION    MM
  AVERAGE WIND SPEED    MM


SKY COVER
  AVERAGE SKY COVER 0.0


WEATHER CONDITIONS
 THE FOLLOWING WEATHER WAS RECORDED YESTERDAY.
  NO SIGNIFICANT WEATHER WAS OBSERVED.


RELATIVE HUMIDITY (PERCENT)
 HIGHEST   100           100 AM
 LOWEST     56           300 PM
 AVERAGE    78

..........................................................


THE ST. JOHNSBURY VT CLIMATE NORMALS FOR TODAY
                         NORMAL    RECORD    YEAR
 MAXIMUM TEMPERATURE (F)   69        88      1946
 MINIMUM TEMPERATURE (F)   48        28      1979


SUNRISE AND SUNSET
SEPTEMBER 20 2017.....SUNRISE   633 AM EDT   SUNSET   649 PM EDT
SEPTEMBER 21 2017.....SUNRISE   634 AM EDT   SUNSET   647 PM EDT


-  INDICATES NEGATIVE NUMBERS.
R  INDICATES RECORD WAS SET OR TIED.
MM INDICATES DATA IS MISSING.
T  INDICATES TRACE AMOUNT.




$$
