000
CDUS41 KBTV 270534
CLI1V4


CLIMATE REPORT
NATIONAL WEATHER SERVICE BURLINGTON VT
129 AM EDT THU JUL 27 2017


...................................

...THE ST. JOHNSBURY VT CLIMATE SUMMARY FOR JULY 26 2017...

CLIMATE NORMAL PERIOD 1981 TO 2010
CLIMATE RECORD PERIOD 1894 TO 2017


WEATHER ITEM   OBSERVED TIME   RECORD YEAR NORMAL DEPARTURE LAST
                VALUE   (LST)  VALUE       VALUE  FROM      YEAR
                                                  NORMAL
..................................................................
TEMPERATURE (F)
 YESTERDAY
  MAXIMUM         78        MM  95    1963  81     -3       82
  MINIMUM         53        MM  42    1926  59     -6       63
  AVERAGE         66                        70     -4       73

PRECIPITATION (IN)
  YESTERDAY        0.00          1.58 1945   0.14  -0.14     0.00
  MONTH TO DATE    3.93                      3.39   0.54     5.12
  SINCE JUN 1     10.03                      7.40   2.63     9.75
  SINCE JAN 1     26.93                     20.81   6.12    22.33

DEGREE DAYS
 HEATING
  YESTERDAY        0                         0      0        0
  MONTH TO DATE   20                        10     10       16
  SINCE JUN 1    125                        82     43      107
  SINCE JUL 1     20                        10     10       16

 COOLING
  YESTERDAY        1                         5     -4        8
  MONTH TO DATE  104                       145    -41      130
  SINCE JUN 1    176                       235    -59      191
  SINCE JAN 1    189                       253    -64      234
..................................................................


WIND (MPH)
  HIGHEST WIND SPEED    MM   HIGHEST WIND DIRECTION    MM
  HIGHEST GUST SPEED    MM   HIGHEST GUST DIRECTION    MM
  AVERAGE WIND SPEED    MM


SKY COVER
  AVERAGE SKY COVER 0.0


WEATHER CONDITIONS
 THE FOLLOWING WEATHER WAS RECORDED YESTERDAY.
  NO SIGNIFICANT WEATHER WAS OBSERVED.


RELATIVE HUMIDITY (PERCENT)
 HIGHEST   100          1200 AM
 LOWEST     43           300 PM
 AVERAGE    72

..........................................................


THE ST. JOHNSBURY VT CLIMATE NORMALS FOR TODAY
                         NORMAL    RECORD    YEAR
 MAXIMUM TEMPERATURE (F)   81        95      1949
 MINIMUM TEMPERATURE (F)   59        42      2001
                                             1923


SUNRISE AND SUNSET
JULY 27 2017..........SUNRISE   530 AM EDT   SUNSET   819 PM EDT
JULY 28 2017..........SUNRISE   531 AM EDT   SUNSET   818 PM EDT


-  INDICATES NEGATIVE NUMBERS.
R  INDICATES RECORD WAS SET OR TIED.
MM INDICATES DATA IS MISSING.
T  INDICATES TRACE AMOUNT.




$$
