000
CDUS41 KBTV 260605
CLI1V4


CLIMATE REPORT
NATIONAL WEATHER SERVICE BURLINGTON VT
159 AM EDT SAT JUL 26 2014


...................................

...THE ST. JOHNSBURY VT CLIMATE SUMMARY FOR JULY 25 2014...

CLIMATE NORMAL PERIOD 1981 TO 2010
CLIMATE RECORD PERIOD 1894 TO 2014


WEATHER ITEM   OBSERVED TIME   RECORD YEAR NORMAL DEPARTURE LAST
                VALUE   (LST)  VALUE       VALUE  FROM      YEAR
                                                  NORMAL
..................................................................
TEMPERATURE (F)
 YESTERDAY
  MAXIMUM         78        MM  96    1963  81     -3       71
  MINIMUM         49        MM  41    1912  59    -10       47
  AVERAGE         64                        70     -6       59

PRECIPITATION (IN)
  YESTERDAY        0.00          1.25 1900   0.13  -0.13     0.00
  MONTH TO DATE    4.43                      3.25   1.18     5.33
  SINCE JUN 1      7.70                      7.26   0.44     9.80
  SINCE JAN 1     23.40                     20.67   2.73    22.18

DEGREE DAYS
 HEATING
  YESTERDAY        1                         0      1        6
  MONTH TO DATE    8                        10     -2        9
  SINCE JUN 1     77                        82     -5      122
  SINCE JUL 1      8                        10     -2        9

 COOLING
  YESTERDAY        0                         5     -5        0
  MONTH TO DATE  109                       140    -31      178
  SINCE JUN 1    156                       230    -74      258
  SINCE JAN 1    160                       248    -88      274
..................................................................


WIND (MPH)
  HIGHEST WIND SPEED    MM   HIGHEST WIND DIRECTION    MM
  HIGHEST GUST SPEED    MM   HIGHEST GUST DIRECTION    MM
  AVERAGE WIND SPEED    MM


SKY COVER
  AVERAGE SKY COVER 0.0


WEATHER CONDITIONS
 THE FOLLOWING WEATHER WAS RECORDED YESTERDAY.
  NO SIGNIFICANT WEATHER WAS OBSERVED.


RELATIVE HUMIDITY (PERCENT)
 HIGHEST   100           400 AM
 LOWEST     40           400 PM
 AVERAGE    70

..........................................................


THE ST. JOHNSBURY VT CLIMATE NORMALS FOR TODAY
                         NORMAL    RECORD    YEAR
 MAXIMUM TEMPERATURE (F)   81        95      1963
 MINIMUM TEMPERATURE (F)   59        42      1926


SUNRISE AND SUNSET
JULY 26 2014..........SUNRISE   529 AM EDT   SUNSET   820 PM EDT
JULY 27 2014..........SUNRISE   530 AM EDT   SUNSET   819 PM EDT


-  INDICATES NEGATIVE NUMBERS.
R  INDICATES RECORD WAS SET OR TIED.
MM INDICATES DATA IS MISSING.
T  INDICATES TRACE AMOUNT.




$$
