000
CDUS41 KBTV 231245
CLI1V4


CLIMATE REPORT
NATIONAL WEATHER SERVICE BURLINGTON VT
845 AM EDT THU OCT 23 2014


...................................

...THE ST. JOHNSBURY VT CLIMATE SUMMARY FOR OCTOBER 22 2014...

CLIMATE NORMAL PERIOD 1981 TO 2010
CLIMATE RECORD PERIOD 1894 TO 2014


WEATHER ITEM   OBSERVED TIME   RECORD YEAR NORMAL DEPARTURE LAST
                VALUE   (LST)  VALUE       VALUE  FROM      YEAR
                                                  NORMAL
..................................................................
TEMPERATURE (F)
 YESTERDAY
  MAXIMUM         55        MM  82    1979  55      0       55
  MINIMUM         46        MM  16    1959  34     12       49
  AVERAGE         51                        45      6       52

PRECIPITATION (IN)
  YESTERDAY        0.23          1.04 1995   0.12   0.11     0.00
  MONTH TO DATE    3.75                      2.79   0.96     1.62
  SINCE SEP 1      5.18                      6.18  -1.00     5.27
  SINCE JAN 1     32.62                     31.94   0.68    30.24

DEGREE DAYS
 HEATING
  YESTERDAY       14                        20     -6       13
  MONTH TO DATE  271                       356    -85      264
  SINCE SEP 1    498                       540    -42      512
  SINCE JUL 1    555                       590    -35      572

 COOLING
  YESTERDAY        0                         0      0        0
  MONTH TO DATE    5                         0      5        0
  SINCE SEP 1     33                        34     -1       40
  SINCE JAN 1    252                       432   -180      407
..................................................................


WIND (MPH)
  HIGHEST WIND SPEED    MM   HIGHEST WIND DIRECTION    MM
  HIGHEST GUST SPEED    MM   HIGHEST GUST DIRECTION    MM
  AVERAGE WIND SPEED    MM


SKY COVER
  AVERAGE SKY COVER 0.0


WEATHER CONDITIONS
 THE FOLLOWING WEATHER WAS RECORDED YESTERDAY.
  NO SIGNIFICANT WEATHER WAS OBSERVED.


RELATIVE HUMIDITY (PERCENT)
 HIGHEST    93          1200 AM
 LOWEST     59           400 PM
 AVERAGE    76

..........................................................


THE ST. JOHNSBURY VT CLIMATE NORMALS FOR TODAY
                         NORMAL    RECORD    YEAR
 MAXIMUM TEMPERATURE (F)   55        80      1979
 MINIMUM TEMPERATURE (F)   34        19      1955


SUNRISE AND SUNSET
OCTOBER 23 2014.......SUNRISE   713 AM EDT   SUNSET   551 PM EDT
OCTOBER 24 2014.......SUNRISE   715 AM EDT   SUNSET   549 PM EDT


-  INDICATES NEGATIVE NUMBERS.
R  INDICATES RECORD WAS SET OR TIED.
MM INDICATES DATA IS MISSING.
T  INDICATES TRACE AMOUNT.




$$
