000
CDUS41 KBTV 280550
CLI1V4


CLIMATE REPORT
NATIONAL WEATHER SERVICE BURLINGTON VT
145 AM EDT SAT MAY 28 2016


...................................

...THE ST. JOHNSBURY VT CLIMATE SUMMARY FOR MAY 27 2016...

CLIMATE NORMAL PERIOD 1981 TO 2010
CLIMATE RECORD PERIOD 1894 TO 2016


WEATHER ITEM   OBSERVED TIME   RECORD YEAR NORMAL DEPARTURE LAST
                VALUE   (LST)  VALUE       VALUE  FROM      YEAR
                                                  NORMAL
..................................................................
TEMPERATURE (F)
 YESTERDAY
  MAXIMUM         86        MM  89    1914  72     14       80
  MINIMUM         61        MM  27    1969  48     13       62
  AVERAGE         74                        60     14       71

PRECIPITATION (IN)
  YESTERDAY        0.02          2.02 1956   0.11  -0.09     0.01
  MONTH TO DATE    3.03                      2.89   0.14     1.71
  SINCE MAR 1      7.83                      8.26  -0.43     5.50
  SINCE JAN 1     12.57                     12.94  -0.37    10.06

DEGREE DAYS
 HEATING
  YESTERDAY        0                         6     -6        0
  MONTH TO DATE  288                       263     25      178
  SINCE MAR 1   1952                      1958     -6     2155
  SINCE JUL 1   6837                      7682   -845     8220

 COOLING
  YESTERDAY        9                         1      8        6
  MONTH TO DATE   15                        10      5       27
  SINCE MAR 1     15                        11      4       27
  SINCE JAN 1     15                        11      4       27
..................................................................


WIND (MPH)
  HIGHEST WIND SPEED    MM   HIGHEST WIND DIRECTION    MM
  HIGHEST GUST SPEED    MM   HIGHEST GUST DIRECTION    MM
  AVERAGE WIND SPEED    MM


SKY COVER
  AVERAGE SKY COVER 0.0


WEATHER CONDITIONS
 THE FOLLOWING WEATHER WAS RECORDED YESTERDAY.
  NO SIGNIFICANT WEATHER WAS OBSERVED.


RELATIVE HUMIDITY (PERCENT)
 HIGHEST    90           300 AM
 LOWEST     43           200 PM
 AVERAGE    67

..........................................................


THE ST. JOHNSBURY VT CLIMATE NORMALS FOR TODAY
                         NORMAL    RECORD    YEAR
 MAXIMUM TEMPERATURE (F)   72        93      1978
 MINIMUM TEMPERATURE (F)   48        30      1994


SUNRISE AND SUNSET
MAY 28 2016...........SUNRISE   509 AM EDT   SUNSET   822 PM EDT
MAY 29 2016...........SUNRISE   508 AM EDT   SUNSET   823 PM EDT


-  INDICATES NEGATIVE NUMBERS.
R  INDICATES RECORD WAS SET OR TIED.
MM INDICATES DATA IS MISSING.
T  INDICATES TRACE AMOUNT.




$$
