000
CDUS41 KBTV 210636
CLI1V4


CLIMATE REPORT
NATIONAL WEATHER SERVICE BURLINGTON VT
134 AM EST TUE NOV 21 2017


...................................

...THE ST. JOHNSBURY VT CLIMATE SUMMARY FOR NOVEMBER 20 2017...

CLIMATE NORMAL PERIOD 1981 TO 2010
CLIMATE RECORD PERIOD 1894 TO 2017


WEATHER ITEM   OBSERVED TIME   RECORD YEAR NORMAL DEPARTURE LAST
                VALUE   (LST)  VALUE       VALUE  FROM      YEAR
                                                  NORMAL
..................................................................
TEMPERATURE (F)
 YESTERDAY
  MAXIMUM         29        MM  68    1991  42    -13       41
  MINIMUM         22        MM   4    1894  27     -5       31
  AVERAGE         26                        34     -8       36

PRECIPITATION (IN)
  YESTERDAY        0.00          1.53 1948   0.12  -0.12     0.33
  MONTH TO DATE    1.40                      2.30  -0.90     1.87
  SINCE SEP 1      9.88                      9.56   0.32     6.71
  SINCE JAN 1     39.42                     35.32   4.10    34.65

DEGREE DAYS
 HEATING
  YESTERDAY       39                        31      8       29
  MONTH TO DATE  607                       538     69      476
  SINCE SEP 1   1077                      1275   -198     1108
  SINCE JUL 1   1168                      1325   -157     1135

 COOLING
  YESTERDAY        0                         0      0        0
  MONTH TO DATE    0                         0      0        0
  SINCE SEP 1     69                        35     34       49
  SINCE JAN 1    331                       433   -102      457
..................................................................


WIND (MPH)
  HIGHEST WIND SPEED    MM   HIGHEST WIND DIRECTION    MM
  HIGHEST GUST SPEED    MM   HIGHEST GUST DIRECTION    MM
  AVERAGE WIND SPEED    MM


SKY COVER
  AVERAGE SKY COVER 0.0


WEATHER CONDITIONS
 THE FOLLOWING WEATHER WAS RECORDED YESTERDAY.
  NO SIGNIFICANT WEATHER WAS OBSERVED.


RELATIVE HUMIDITY (PERCENT)
 HIGHEST    81           200 PM
 LOWEST     60          1100 AM
 AVERAGE    71

..........................................................


THE ST. JOHNSBURY VT CLIMATE NORMALS FOR TODAY
                         NORMAL    RECORD    YEAR
 MAXIMUM TEMPERATURE (F)   42        67      1991
 MINIMUM TEMPERATURE (F)   26        -7      1933


SUNRISE AND SUNSET
NOVEMBER 21 2017......SUNRISE   652 AM EST   SUNSET   415 PM EST
NOVEMBER 22 2017......SUNRISE   654 AM EST   SUNSET   415 PM EST


-  INDICATES NEGATIVE NUMBERS.
R  INDICATES RECORD WAS SET OR TIED.
MM INDICATES DATA IS MISSING.
T  INDICATES TRACE AMOUNT.




$$
