783
CDUS43 KUNR 250831
CLI2WX


CLIMATE REPORT
NATIONAL WEATHER SERVICE RAPID CITY SD
231 AM MDT SUN SEP 25 2016


...................................

...THE BUFFALO SD CLIMATE SUMMARY FOR SEPTEMBER 24 2016...

CLIMATE NORMAL PERIOD 1981 TO 2010
CLIMATE RECORD PERIOD 9999 TO 9999


WEATHER ITEM   OBSERVED TIME   NORMAL DEPARTURE LAST
                VALUE   (LST)  VALUE  FROM      YEAR
                                      NORMAL
......................................................
TEMPERATURE (F)
 YESTERDAY
  MAXIMUM         66   1227 PM  68     -2       81
  MINIMUM         50   1143 PM  40     10       57
  AVERAGE         58            54      4       69

PRECIPITATION (IN)
  YESTERDAY        0.25          0.04   0.21     0.00
  MONTH TO DATE    1.01          1.00   0.01     0.67
  SINCE SEP 1      1.01          1.00   0.01     0.67
  SINCE JAN 1      8.69         13.14  -4.45    11.39

DEGREE DAYS
 HEATING
  YESTERDAY        7            11     -4        0
  MONTH TO DATE  113           162    -49       50
  SINCE SEP 1    113           162    -49       50
  SINCE JUL 1    143           214    -71       97

 COOLING
  YESTERDAY        0             0      0        4
  MONTH TO DATE   37            40     -3       73
  SINCE SEP 1     37            40     -3       73
  SINCE JAN 1    729           511    218      611
......................................................


WIND (MPH)
  HIGHEST WIND SPEED    48   HIGHEST WIND DIRECTION    NW (300)
  HIGHEST GUST SPEED    59   HIGHEST GUST DIRECTION    NW (300)
  AVERAGE WIND SPEED    24.9




RELATIVE HUMIDITY (PERCENT)
 HIGHEST   100          1200 AM
 LOWEST     65          1200 PM
 AVERAGE    83

..........................................................




SUNRISE AND SUNSET
SEPTEMBER 25 2016.....SUNRISE   646 AM MDT   SUNSET   645 PM MDT
SEPTEMBER 26 2016.....SUNRISE   647 AM MDT   SUNSET   643 PM MDT


-  INDICATES NEGATIVE NUMBERS.
R  INDICATES RECORD WAS SET OR TIED.
MM INDICATES DATA IS MISSING.
T  INDICATES TRACE AMOUNT.




$$
