000
CDUS43 KUNR 210847
CLI2WX


CLIMATE REPORT
NATIONAL WEATHER SERVICE RAPID CITY SD
245 AM MDT MON JUL 21 2014


...................................

...THE BUFFALO SD CLIMATE SUMMARY FOR JULY 20 2014...

CLIMATE NORMAL PERIOD 1981 TO 2010
CLIMATE RECORD PERIOD 9999 TO 9999


WEATHER ITEM   OBSERVED TIME   RECORD YEAR NORMAL DEPARTURE LAST
                VALUE   (LST)  VALUE       VALUE  FROM      YEAR
                                                  NORMAL
..................................................................
TEMPERATURE (F)
 YESTERDAY
  MAXIMUM         94    431 PM              86      8       86
  MINIMUM         60    523 AM              58      2       56
  AVERAGE         77                        72      5       71

PRECIPITATION (IN)
  YESTERDAY        0.00         MM      MM   0.06  -0.06     0.00
  MONTH TO DATE    0.46                      1.38  -0.92     0.78
  SINCE JUN 1      6.00                      4.01   1.99     2.48
  SINCE JAN 1     10.34                     10.05   0.29     6.64

DEGREE DAYS
 HEATING
  YESTERDAY        0                         1     -1        0
  MONTH TO DATE   16                        20     -4        2
  SINCE JUN 1    151                       134     17       91
  SINCE JUL 1     16                        20     -4        2

 COOLING
  YESTERDAY       12                         7      5        6
  MONTH TO DATE   94                       121    -27      176
  SINCE JUN 1    110                       183    -73      222
  SINCE JAN 1    140                       189    -49      232
..................................................................


WIND (MPH)
  HIGHEST WIND SPEED    14   HIGHEST WIND DIRECTION    SE (120)
  HIGHEST GUST SPEED    20   HIGHEST GUST DIRECTION    NW (310)
  AVERAGE WIND SPEED     7.1




RELATIVE HUMIDITY (PERCENT)
 HIGHEST    73          1200 AM
 LOWEST     24           300 PM
 AVERAGE    49

..........................................................




SUNRISE AND SUNSET
JULY 21 2014..........SUNRISE   526 AM MDT   SUNSET   835 PM MDT
JULY 22 2014..........SUNRISE   527 AM MDT   SUNSET   834 PM MDT


-  INDICATES NEGATIVE NUMBERS.
R  INDICATES RECORD WAS SET OR TIED.
MM INDICATES DATA IS MISSING.
T  INDICATES TRACE AMOUNT.




$$
