000
CDUS43 KUNR 040832
CLI2WX


CLIMATE REPORT
NATIONAL WEATHER SERVICE RAPID CITY SD
132 AM MST SUN DEC 4 2016


...................................

...THE BUFFALO SD CLIMATE SUMMARY FOR DECEMBER 3 2016...

CLIMATE NORMAL PERIOD 1981 TO 2010
CLIMATE RECORD PERIOD 9999 TO 9999


WEATHER ITEM   OBSERVED TIME   NORMAL DEPARTURE LAST
                VALUE   (LST)  VALUE  FROM      YEAR
                                      NORMAL
......................................................
TEMPERATURE (F)
 YESTERDAY
  MAXIMUM         40    240 PM  34      6       49
  MINIMUM         15    743 AM  13      2       25
  AVERAGE         28            24      4       37

PRECIPITATION (IN)
  YESTERDAY        0.00          0.01  -0.01     0.00
  MONTH TO DATE    0.00          0.02  -0.02     0.05
  SINCE DEC 1      0.00          0.02  -0.02     0.05
  SINCE JAN 1      9.98         14.25  -4.27    13.81

DEGREE DAYS
 HEATING
  YESTERDAY       37            42     -5       28
  MONTH TO DATE  110           124    -14       98
  SINCE DEC 1    110           124    -14       98
  SINCE JUL 1   1400          2022   -622     1560

 COOLING
  YESTERDAY        0             0      0        0
  MONTH TO DATE    0             0      0        0
  SINCE DEC 1      0             0      0        0
  SINCE JAN 1    734           513    221      631
......................................................


WIND (MPH)
  HIGHEST WIND SPEED    29   HIGHEST WIND DIRECTION    NW (300)
  HIGHEST GUST SPEED    33   HIGHEST GUST DIRECTION    NW (300)
  AVERAGE WIND SPEED    10.4




RELATIVE HUMIDITY (PERCENT)
 HIGHEST    92          1200 AM
 LOWEST     64           300 PM
 AVERAGE    78

..........................................................




SUNRISE AND SUNSET
DECEMBER  4 2016......SUNRISE   718 AM MST   SUNSET   411 PM MST
DECEMBER  5 2016......SUNRISE   719 AM MST   SUNSET   411 PM MST


-  INDICATES NEGATIVE NUMBERS.
R  INDICATES RECORD WAS SET OR TIED.
MM INDICATES DATA IS MISSING.
T  INDICATES TRACE AMOUNT.




$$
