000
CDUS43 KUNR 200831
CLI2WX


CLIMATE REPORT
NATIONAL WEATHER SERVICE RAPID CITY SD
231 AM MDT WED AUG 20 2014


...................................

...THE BUFFALO SD CLIMATE SUMMARY FOR AUGUST 19 2014...

CLIMATE NORMAL PERIOD 1981 TO 2010
CLIMATE RECORD PERIOD 9999 TO 9999


WEATHER ITEM   OBSERVED TIME   RECORD YEAR NORMAL DEPARTURE LAST
                VALUE   (LST)  VALUE       VALUE  FROM      YEAR
                                                  NORMAL
..................................................................
TEMPERATURE (F)
 YESTERDAY
  MAXIMUM         91    214 PM              85      6       93
  MINIMUM         58    442 AM              56      2       56
  AVERAGE         75                        70      5       75

PRECIPITATION (IN)
  YESTERDAY        0.00         MM      MM   0.03  -0.03     0.00
  MONTH TO DATE    0.97                      0.96   0.01     2.61
  SINCE JUN 1      7.42                      5.65   1.77     5.29
  SINCE JAN 1     11.76                     11.69   0.07     9.45

DEGREE DAYS
 HEATING
  YESTERDAY        0                         1     -1        0
  MONTH TO DATE    0                        14    -14        2
  SINCE JUN 1    151                       148      3      101
  SINCE JUL 1     16                        34    -18       12

 COOLING
  YESTERDAY       10                         6      4       10
  MONTH TO DATE  140                       140      0       73
  SINCE JUN 1    315                       409    -94      342
  SINCE JAN 1    345                       415    -70      352
..................................................................


WIND (MPH)
  HIGHEST WIND SPEED    22   HIGHEST WIND DIRECTION    SE (130)
  HIGHEST GUST SPEED    27   HIGHEST GUST DIRECTION    SE (130)
  AVERAGE WIND SPEED    10.4




RELATIVE HUMIDITY (PERCENT)
 HIGHEST    80           400 AM
 LOWEST     27           100 PM
 AVERAGE    54

..........................................................




SUNRISE AND SUNSET
AUGUST 20 2014........SUNRISE   601 AM MDT   SUNSET   753 PM MDT
AUGUST 21 2014........SUNRISE   602 AM MDT   SUNSET   752 PM MDT


-  INDICATES NEGATIVE NUMBERS.
R  INDICATES RECORD WAS SET OR TIED.
MM INDICATES DATA IS MISSING.
T  INDICATES TRACE AMOUNT.




$$
