000
CDUS43 KUNR 270839
CLI2WX


CLIMATE REPORT
NATIONAL WEATHER SERVICE RAPID CITY SD
239 AM MDT THU JUL 27 2017


...................................

...THE BUFFALO SD CLIMATE SUMMARY FOR JULY 26 2017...

CLIMATE NORMAL PERIOD 1981 TO 2010
CLIMATE RECORD PERIOD 9999 TO 9999


WEATHER ITEM   OBSERVED TIME   NORMAL DEPARTURE LAST
                VALUE   (LST)  VALUE  FROM      YEAR
                                      NORMAL
......................................................
TEMPERATURE (F)
 YESTERDAY
  MAXIMUM         90    427 PM  86      4       88
  MINIMUM         64    549 AM  59      5       62
  AVERAGE         77            72      5       75

PRECIPITATION (IN)
  YESTERDAY        0.00          0.06  -0.06     0.06
  MONTH TO DATE    2.45          1.76   0.69     0.34
  SINCE JUN 1      3.32          4.39  -1.07     0.99
  SINCE JAN 1      9.99         10.43  -0.44     4.75

DEGREE DAYS
 HEATING
  YESTERDAY        0             0      0        0
  MONTH TO DATE    0            21    -21        0
  SINCE JUN 1     33           135   -102        9
  SINCE JUL 1      0            21    -21        0

 COOLING
  YESTERDAY       12             8      4       10
  MONTH TO DATE  343           169    174      260
  SINCE JUN 1    440           231    209      442
  SINCE JAN 1    453           237    216      444
......................................................


WIND (MPH)
  HIGHEST WIND SPEED    16   HIGHEST WIND DIRECTION     S (170)
  HIGHEST GUST SPEED    20   HIGHEST GUST DIRECTION     S (180)
  AVERAGE WIND SPEED     6.6




RELATIVE HUMIDITY (PERCENT)
 HIGHEST    73           200 AM
 LOWEST     24           100 PM
 AVERAGE    49

..........................................................




SUNRISE AND SUNSET
JULY 27 2017..........SUNRISE   532 AM MDT   SUNSET   828 PM MDT
JULY 28 2017..........SUNRISE   534 AM MDT   SUNSET   827 PM MDT


-  INDICATES NEGATIVE NUMBERS.
R  INDICATES RECORD WAS SET OR TIED.
MM INDICATES DATA IS MISSING.
T  INDICATES TRACE AMOUNT.




$$
