000
CDUS43 KUNR 310831
CLI2WX


CLIMATE REPORT
NATIONAL WEATHER SERVICE RAPID CITY SD
230 AM MDT FRI OCT 31 2014


...................................

...THE BUFFALO SD CLIMATE SUMMARY FOR OCTOBER 30 2014...

CLIMATE NORMAL PERIOD 1981 TO 2010
CLIMATE RECORD PERIOD 9999 TO 9999


WEATHER ITEM   OBSERVED TIME   NORMAL DEPARTURE LAST
                VALUE   (LST)  VALUE  FROM      YEAR
                                      NORMAL
......................................................
TEMPERATURE (F)
 YESTERDAY
  MAXIMUM         43   1212 AM  51     -8       42
  MINIMUM         32    417 AM  29      3       28
  AVERAGE         38            40     -2       35

PRECIPITATION (IN)
  YESTERDAY        0.00          0.03  -0.03     0.00
  MONTH TO DATE    0.04          0.66  -0.62     0.50
  SINCE SEP 1      2.12          1.74   0.38     2.67
  SINCE JAN 1     16.49         13.88   2.61    12.15

DEGREE DAYS
 HEATING
  YESTERDAY       27            25      2       30
  MONTH TO DATE  442           586   -144      676
  SINCE SEP 1    670           825   -155      793
  SINCE JUL 1    721           877   -156      805

 COOLING
  YESTERDAY        0             0      0        0
  MONTH TO DATE    0             0      0        0
  SINCE SEP 1     55            41     14      100
  SINCE JAN 1    420           512    -92      587
......................................................


WIND (MPH)
  HIGHEST WIND SPEED    22   HIGHEST WIND DIRECTION     N (340)
  HIGHEST GUST SPEED    25   HIGHEST GUST DIRECTION    SE (130)
  AVERAGE WIND SPEED    11.5




RELATIVE HUMIDITY (PERCENT)
 HIGHEST    96           800 AM
 LOWEST     65           300 PM
 AVERAGE    81

..........................................................




SUNRISE AND SUNSET
OCTOBER 31 2014.......SUNRISE   733 AM MDT   SUNSET   542 PM MDT
NOVEMBER  1 2014......SUNRISE   734 AM MDT   SUNSET   541 PM MDT


-  INDICATES NEGATIVE NUMBERS.
R  INDICATES RECORD WAS SET OR TIED.
MM INDICATES DATA IS MISSING.
T  INDICATES TRACE AMOUNT.




$$
