000
CDUS43 KUNR 030842
CLI2WX


CLIMATE REPORT
NATIONAL WEATHER SERVICE RAPID CITY SD
138 AM MST TUE MAR 3 2015


...................................

...THE BUFFALO SD CLIMATE SUMMARY FOR MARCH 2 2015...

CLIMATE NORMAL PERIOD 1981 TO 2010
CLIMATE RECORD PERIOD 9999 TO 9999


WEATHER ITEM   OBSERVED TIME   NORMAL DEPARTURE LAST
                VALUE   (LST)  VALUE  FROM      YEAR
                                      NORMAL
......................................................
TEMPERATURE (F)
 YESTERDAY
  MAXIMUM         45    400 PM  38      7       -5
  MINIMUM          8   1245 AM  17     -9      -25
  AVERAGE         27            28     -1      -15

PRECIPITATION (IN)
  YESTERDAY        0.00          0.01  -0.01     0.00
  MONTH TO DATE    0.00          0.02  -0.02     0.11
  SINCE MAR 1      0.00          0.02  -0.02     0.11
  SINCE JAN 1      0.47          0.59  -0.12     0.69

DEGREE DAYS
 HEATING
  YESTERDAY       38            37      1       80
  MONTH TO DATE   86            75     11      153
  SINCE MAR 1     86            75     11      153
  SINCE JUL 1   5544          5872   -328     6210

 COOLING
  YESTERDAY        0             0      0        0
  MONTH TO DATE    0             0      0        0
  SINCE MAR 1      0             0      0        0
  SINCE JAN 1      0             0      0        0
......................................................


WIND (MPH)
  HIGHEST WIND SPEED    38   HIGHEST WIND DIRECTION     N (350)
  HIGHEST GUST SPEED    46   HIGHEST GUST DIRECTION     N (350)
  AVERAGE WIND SPEED    14.3




RELATIVE HUMIDITY (PERCENT)
 HIGHEST    80          1200 AM
 LOWEST     27           400 PM
 AVERAGE    54

..........................................................




SUNRISE AND SUNSET
MARCH  3 2015.........SUNRISE   629 AM MST   SUNSET   544 PM MST
MARCH  4 2015.........SUNRISE   628 AM MST   SUNSET   545 PM MST


-  INDICATES NEGATIVE NUMBERS.
R  INDICATES RECORD WAS SET OR TIED.
MM INDICATES DATA IS MISSING.
T  INDICATES TRACE AMOUNT.




$$
