000
CDUS43 KUNR 230834
CLI2WX


CLIMATE REPORT
NATIONAL WEATHER SERVICE RAPID CITY SD
234 AM MDT SUN APR 23 2017


...................................

...THE BUFFALO SD CLIMATE SUMMARY FOR APRIL 22 2017...

CLIMATE NORMAL PERIOD 1981 TO 2010
CLIMATE RECORD PERIOD 9999 TO 9999


WEATHER ITEM   OBSERVED TIME   NORMAL DEPARTURE LAST
                VALUE   (LST)  VALUE  FROM      YEAR
                                      NORMAL
......................................................
TEMPERATURE (F)
 YESTERDAY
  MAXIMUM         65    333 PM  58      7       81
  MINIMUM         37    555 AM  33      4       43
  AVERAGE         51            46      5       62

PRECIPITATION (IN)
  YESTERDAY        0.00          0.05  -0.05     0.00
  MONTH TO DATE    3.18          0.98   2.20     1.14
  SINCE MAR 1      4.69          1.75   2.94     1.39
  SINCE JAN 1      4.99          2.32   2.67     2.05

DEGREE DAYS
 HEATING
  YESTERDAY       14            19     -5        3
  MONTH TO DATE  387           508   -121      390
  SINCE MAR 1   1227          1514   -287     1131
  SINCE JUL 1   6578          7311   -733     5909

 COOLING
  YESTERDAY        0             0      0        0
  MONTH TO DATE    0             0      0        0
  SINCE MAR 1      0             0      0        0
  SINCE JAN 1      0             0      0        0
......................................................


WIND (MPH)
  HIGHEST WIND SPEED    20   HIGHEST WIND DIRECTION     W (280)
  HIGHEST GUST SPEED    26   HIGHEST GUST DIRECTION     W (280)
  AVERAGE WIND SPEED     8.9




RELATIVE HUMIDITY (PERCENT)
 HIGHEST    85           400 AM
 LOWEST     37           300 PM
 AVERAGE    61

..........................................................




SUNRISE AND SUNSET
APRIL 23 2017.........SUNRISE   554 AM MDT   SUNSET   751 PM MDT
APRIL 24 2017.........SUNRISE   553 AM MDT   SUNSET   753 PM MDT


-  INDICATES NEGATIVE NUMBERS.
R  INDICATES RECORD WAS SET OR TIED.
MM INDICATES DATA IS MISSING.
T  INDICATES TRACE AMOUNT.




$$
