000
CDUS43 KUNR 260833
CLI2WX


CLIMATE REPORT
NATIONAL WEATHER SERVICE RAPID CITY SD
232 AM MDT FRI AUG 26 2016


...................................

...THE BUFFALO SD CLIMATE SUMMARY FOR AUGUST 25 2016...

CLIMATE NORMAL PERIOD 1981 TO 2010
CLIMATE RECORD PERIOD 9999 TO 9999


WEATHER ITEM   OBSERVED TIME   NORMAL DEPARTURE LAST
                VALUE   (LST)  VALUE  FROM      YEAR
                                      NORMAL
......................................................
TEMPERATURE (F)
 YESTERDAY
  MAXIMUM         69    424 PM  83    -14       85
  MINIMUM         46    549 AM  54     -8       52
  AVERAGE         58            68    -10       69

PRECIPITATION (IN)
  YESTERDAY        0.00          0.03  -0.03     0.00
  MONTH TO DATE    0.86          1.13  -0.27     3.08
  SINCE JUN 1      3.71          5.82  -2.11     6.02
  SINCE JAN 1      7.47         11.86  -4.39    10.58

DEGREE DAYS
 HEATING
  YESTERDAY        7             1      6        0
  MONTH TO DATE   25            20      5       41
  SINCE JUN 1     34           154   -120       90
  SINCE JUL 1     25            40    -15       47

 COOLING
  YESTERDAY        0             5     -5        4
  MONTH TO DATE  172           172      0      159
  SINCE JUN 1    654           441    213      484
  SINCE JAN 1    656           447    209      484
......................................................


WIND (MPH)
  HIGHEST WIND SPEED    28   HIGHEST WIND DIRECTION    NW (320)
  HIGHEST GUST SPEED    33   HIGHEST GUST DIRECTION    NW (320)
  AVERAGE WIND SPEED     9.9




RELATIVE HUMIDITY (PERCENT)
 HIGHEST    93           500 AM
 LOWEST     34           400 PM
 AVERAGE    64

..........................................................




SUNRISE AND SUNSET
AUGUST 26 2016........SUNRISE   609 AM MDT   SUNSET   742 PM MDT
AUGUST 27 2016........SUNRISE   610 AM MDT   SUNSET   740 PM MDT


-  INDICATES NEGATIVE NUMBERS.
R  INDICATES RECORD WAS SET OR TIED.
MM INDICATES DATA IS MISSING.
T  INDICATES TRACE AMOUNT.




$$
