000
CDUS43 KUNR 210832
CLI2WX


CLIMATE REPORT
NATIONAL WEATHER SERVICE RAPID CITY SD
131 AM MST TUE NOV 21 2017


...................................

...THE BUFFALO SD CLIMATE SUMMARY FOR NOVEMBER 20 2017...

CLIMATE NORMAL PERIOD 1981 TO 2010
CLIMATE RECORD PERIOD 9999 TO 9999


WEATHER ITEM   OBSERVED TIME   NORMAL DEPARTURE LAST
                VALUE   (LST)  VALUE  FROM      YEAR
                                      NORMAL
......................................................
TEMPERATURE (F)
 YESTERDAY
  MAXIMUM         57   1203 PM  40     17       54
  MINIMUM         29   1159 PM  19     10       15
  AVERAGE         43            29     14       35

PRECIPITATION (IN)
  YESTERDAY        0.00          0.00   0.00     0.00
  MONTH TO DATE    0.13          0.29  -0.16     0.07
  SINCE SEP 1      2.95          2.07   0.88     2.28
  SINCE JAN 1     14.47         14.21   0.26     9.96

DEGREE DAYS
 HEATING
  YESTERDAY       22            36    -14       30
  MONTH TO DATE  663           613     50      370
  SINCE SEP 1   1427          1462    -35      947
  SINCE JUL 1   1438          1514    -76      977

 COOLING
  YESTERDAY        0             0      0        0
  MONTH TO DATE    0             0      0        0
  SINCE SEP 1     93            42     51       42
  SINCE JAN 1    743           513    230      734
......................................................


WIND (MPH)
  HIGHEST WIND SPEED    39   HIGHEST WIND DIRECTION    NW (300)
  HIGHEST GUST SPEED    47   HIGHEST GUST DIRECTION    NW (300)
  AVERAGE WIND SPEED    19.3




RELATIVE HUMIDITY (PERCENT)
 HIGHEST    78          1000 PM
 LOWEST     20          1100 AM
 AVERAGE    49

..........................................................




SUNRISE AND SUNSET
NOVEMBER 21 2017......SUNRISE   702 AM MST   SUNSET   418 PM MST
NOVEMBER 22 2017......SUNRISE   703 AM MST   SUNSET   417 PM MST


-  INDICATES NEGATIVE NUMBERS.
R  INDICATES RECORD WAS SET OR TIED.
MM INDICATES DATA IS MISSING.
T  INDICATES TRACE AMOUNT.




$$
