000
CDUS43 KUNR 280832
CLI2WX


CLIMATE REPORT
NATIONAL WEATHER SERVICE RAPID CITY SD
232 AM MDT SAT MAY 28 2016


...................................

...THE BUFFALO SD CLIMATE SUMMARY FOR MAY 27 2016...

CLIMATE NORMAL PERIOD 1981 TO 2010
CLIMATE RECORD PERIOD 9999 TO 9999


WEATHER ITEM   OBSERVED TIME   NORMAL DEPARTURE LAST
                VALUE   (LST)  VALUE  FROM      YEAR
                                      NORMAL
......................................................
TEMPERATURE (F)
 YESTERDAY
  MAXIMUM         69    251 PM  69      0       76
  MINIMUM         46    340 AM  45      1       51
  AVERAGE         58            57      1       64

PRECIPITATION (IN)
  YESTERDAY        0.08          0.15  -0.07     0.03
  MONTH TO DATE    0.55          2.54  -1.99     1.98
  SINCE MAR 1      2.95          4.86  -1.91     3.23
  SINCE JAN 1      3.61          5.43  -1.82     3.70

DEGREE DAYS
 HEATING
  YESTERDAY        7             8     -1        1
  MONTH TO DATE  268           331    -63      374
  SINCE MAR 1   1567          1987   -420     1677
  SINCE JUL 1   6345          7784  -1439     7135

 COOLING
  YESTERDAY        0             0      0        0
  MONTH TO DATE    2             0      2        0
  SINCE MAR 1      2             0      2        0
  SINCE JAN 1      2             0      2        0
......................................................


WIND (MPH)
  HIGHEST WIND SPEED    17   HIGHEST WIND DIRECTION    NW (300)
  HIGHEST GUST SPEED    20   HIGHEST GUST DIRECTION    NW (300)
  AVERAGE WIND SPEED     5.5




RELATIVE HUMIDITY (PERCENT)
 HIGHEST    86           200 AM
 LOWEST     39          1100 AM
 AVERAGE    63

..........................................................




SUNRISE AND SUNSET
MAY 28 2016...........SUNRISE   511 AM MDT   SUNSET   833 PM MDT
MAY 29 2016...........SUNRISE   510 AM MDT   SUNSET   834 PM MDT


-  INDICATES NEGATIVE NUMBERS.
R  INDICATES RECORD WAS SET OR TIED.
MM INDICATES DATA IS MISSING.
T  INDICATES TRACE AMOUNT.




$$
