000
CDUS43 KUNR 230833
CLI2WX


CLIMATE REPORT
NATIONAL WEATHER SERVICE RAPID CITY SD
232 AM MDT WED APR 23 2014


...................................

...THE BUFFALO SD CLIMATE SUMMARY FOR APRIL 22 2014...

CLIMATE NORMAL PERIOD 1981 TO 2010
CLIMATE RECORD PERIOD 9999 TO 9999


WEATHER ITEM   OBSERVED TIME   RECORD YEAR NORMAL DEPARTURE LAST
                VALUE   (LST)  VALUE       VALUE  FROM      YEAR
                                                  NORMAL
..................................................................
TEMPERATURE (F)
 YESTERDAY
  MAXIMUM         71    331 PM              58     13       36
  MINIMUM         38    526 AM              33      5       19
  AVERAGE         55                        46      9       28

PRECIPITATION (IN)
  YESTERDAY        0.00         MM      MM   0.05  -0.05     0.06
  MONTH TO DATE    0.27                      0.98  -0.71     1.13
  SINCE MAR 1      1.15                      1.75  -0.60     1.46
  SINCE JAN 1      1.73                      2.32  -0.59     1.61

DEGREE DAYS
 HEATING
  YESTERDAY       10                        19     -9       37
  MONTH TO DATE  533                       508     25      687
  SINCE MAR 1   1642                      1514    128     1746
  SINCE JUL 1   7699                      7311    388     7083

 COOLING
  YESTERDAY        0                         0      0        0
  MONTH TO DATE    0                         0      0        0
  SINCE MAR 1      0                         0      0        0
  SINCE JAN 1      0                         0      0        0
..................................................................


WIND (MPH)
  HIGHEST WIND SPEED    29   HIGHEST WIND DIRECTION    SE (120)
  HIGHEST GUST SPEED    35   HIGHEST GUST DIRECTION    SE (120)
  AVERAGE WIND SPEED    16.5




RELATIVE HUMIDITY (PERCENT)
 HIGHEST    70           500 AM
 LOWEST     26           200 PM
 AVERAGE    48

..........................................................




SUNRISE AND SUNSET
APRIL 23 2014.........SUNRISE   555 AM MDT   SUNSET   751 PM MDT
APRIL 24 2014.........SUNRISE   553 AM MDT   SUNSET   752 PM MDT


-  INDICATES NEGATIVE NUMBERS.
R  INDICATES RECORD WAS SET OR TIED.
MM INDICATES DATA IS MISSING.
T  INDICATES TRACE AMOUNT.




$$
