000
CDUS43 KUNR 020831
CLI2WX


CLIMATE REPORT
NATIONAL WEATHER SERVICE RAPID CITY SD
231 AM MDT SAT AUG 2 2014


...................................

...THE BUFFALO SD CLIMATE SUMMARY FOR AUGUST 1 2014...

CLIMATE NORMAL PERIOD 1981 TO 2010
CLIMATE RECORD PERIOD 9999 TO 9999


WEATHER ITEM   OBSERVED TIME   RECORD YEAR NORMAL DEPARTURE LAST
                VALUE   (LST)  VALUE       VALUE  FROM      YEAR
                                                  NORMAL
..................................................................
TEMPERATURE (F)
 YESTERDAY
  MAXIMUM         92    255 PM              87      5       86
  MINIMUM         57    509 AM              59     -2       54
  AVERAGE         75                        72      3       70

PRECIPITATION (IN)
  YESTERDAY        0.00         MM      MM   0.06  -0.06     0.01
  MONTH TO DATE    0.00                      0.06  -0.06     0.01
  SINCE JUN 1      6.45                      4.75   1.70     2.69
  SINCE JAN 1     10.79                     10.79   0.00     6.85

DEGREE DAYS
 HEATING
  YESTERDAY        0                         0      0        0
  MONTH TO DATE    0                         0      0        0
  SINCE JUN 1    151                       134     17       99
  SINCE JUL 1     16                        20     -4       10

 COOLING
  YESTERDAY       10                         8      2        5
  MONTH TO DATE   10                         8      2        5
  SINCE JUN 1    185                       277    -92      274
  SINCE JAN 1    215                       283    -68      284
..................................................................


WIND (MPH)
  HIGHEST WIND SPEED    22   HIGHEST WIND DIRECTION    NE (40)
  HIGHEST GUST SPEED    25   HIGHEST GUST DIRECTION    NE (40)
  AVERAGE WIND SPEED     7.9




RELATIVE HUMIDITY (PERCENT)
 HIGHEST    73          1000 PM
 LOWEST     23           300 PM
 AVERAGE    48

..........................................................




SUNRISE AND SUNSET
AUGUST  2 2014........SUNRISE   539 AM MDT   SUNSET   821 PM MDT
AUGUST  3 2014........SUNRISE   540 AM MDT   SUNSET   820 PM MDT


-  INDICATES NEGATIVE NUMBERS.
R  INDICATES RECORD WAS SET OR TIED.
MM INDICATES DATA IS MISSING.
T  INDICATES TRACE AMOUNT.




$$
