381
CDUS43 KUNR 141114
CLI2WX


CLIMATE REPORT
NATIONAL WEATHER SERVICE RAPID CITY SD
413 AM MST SUN FEB 14 2016


...................................

...THE BUFFALO SD CLIMATE SUMMARY FOR FEBRUARY 13 2016...

CLIMATE NORMAL PERIOD 1981 TO 2010
CLIMATE RECORD PERIOD 9999 TO 9999


WEATHER ITEM   OBSERVED TIME   NORMAL DEPARTURE LAST
                VALUE   (LST)  VALUE  FROM      YEAR
                                      NORMAL
......................................................
TEMPERATURE (F)
 YESTERDAY
  MAXIMUM         38   1022 PM  33      5       58
  MINIMUM         18   1231 AM  13      5       30
  AVERAGE         28            23      5       44

PRECIPITATION (IN)
  YESTERDAY        0.06          0.01   0.05     0.00
  MONTH TO DATE    0.18          0.14   0.04     0.09
  SINCE DEC 1      0.81          0.72   0.09     0.59
  SINCE JAN 1      0.35          0.43  -0.08     0.43

DEGREE DAYS
 HEATING
  YESTERDAY       37            42     -5       21
  MONTH TO DATE  439           559   -120      457
  SINCE DEC 1   2887          3300   -413     2855
  SINCE JUL 1   4349          5198   -849     4776

 COOLING
  YESTERDAY        0             0      0        0
  MONTH TO DATE    0             0      0        0
  SINCE DEC 1      0             0      0        0
  SINCE JAN 1      0             0      0        0
......................................................


WIND (MPH)
  HIGHEST WIND SPEED    31   HIGHEST WIND DIRECTION    NW (310)
  HIGHEST GUST SPEED    40   HIGHEST GUST DIRECTION    NW (320)
  AVERAGE WIND SPEED    15.4




RELATIVE HUMIDITY (PERCENT)
 HIGHEST    92          1200 AM
 LOWEST     82          1100 PM
 AVERAGE    87

..........................................................




SUNRISE AND SUNSET
FEBRUARY 14 2016......SUNRISE   658 AM MST   SUNSET   519 PM MST
FEBRUARY 15 2016......SUNRISE   657 AM MST   SUNSET   521 PM MST


-  INDICATES NEGATIVE NUMBERS.
R  INDICATES RECORD WAS SET OR TIED.
MM INDICATES DATA IS MISSING.
T  INDICATES TRACE AMOUNT.




$$
