000
CDUS43 KABR 272335
CLI8D3


CLIMATE REPORT
NATIONAL WEATHER SERVICE ABERDEEN SD
534 PM CST FRI FEB 27 2015


...................................

...THE SISSETON SD CLIMATE SUMMARY FOR FEBRUARY 27 2015...
VALID TODAY AS OF 0500 PM LOCAL TIME.

CLIMATE NORMAL PERIOD 1981 TO 2010
CLIMATE RECORD PERIOD 1900 TO 2015


WEATHER ITEM   OBSERVED TIME   RECORD YEAR NORMAL DEPARTURE LAST
                VALUE   (LST)  VALUE       VALUE  FROM      YEAR
                                                  NORMAL
..................................................................
TEMPERATURE (F)
 TODAY
  MAXIMUM         16    359 PM  60    1932  31    -15        8
  MINIMUM        -10    639 AM -17    1962  14             -14
  AVERAGE          3                        23    -20       -3

PRECIPITATION (IN)
  TODAY            0.00          0.98 1958   0.03  -0.03     0.00
  MONTH TO DATE    0.41                      0.41   0.00     0.12
  SINCE DEC 1      1.48                      1.23   0.25     1.76
  SINCE JAN 1      0.88                      0.84   0.04     0.62

SNOWFALL (IN)
  TODAY            0.0
  MONTH TO DATE    5.6
  SINCE OCT 1     23.1
  SINCE JUL 1     23.1
  SNOW DEPTH       2

DEGREE DAYS
 HEATING
  TODAY           62                        42     20       68
  MONTH TO DATE 1480                      1271    209     1493
  SINCE DEC 1   4238                      4366   -128     4929
  SINCE JUL 1   6218                      6217      1     6761
..................................................................


WIND (MPH)
  HIGHEST WIND SPEED    13   HIGHEST WIND DIRECTION     W (280)
  HIGHEST GUST SPEED    14   HIGHEST GUST DIRECTION     W (280)
  AVERAGE WIND SPEED     6.8


SKY COVER
  POSSIBLE SUNSHINE  MM
  AVERAGE SKY COVER 0.0


WEATHER CONDITIONS
 THE FOLLOWING WEATHER WAS RECORDED TODAY.
  NO SIGNIFICANT WEATHER WAS OBSERVED.


RELATIVE HUMIDITY (PERCENT)
 HIGHEST    83           300 AM
 LOWEST     51           300 PM
 AVERAGE    67

..........................................................


THE SISSETON SD CLIMATE NORMALS FOR TOMORROW
                         NORMAL    RECORD    YEAR
 MAXIMUM TEMPERATURE (F)   32        66      1932
 MINIMUM TEMPERATURE (F)   14       -25      1962


SUNRISE AND SUNSET
FEBRUARY 27 2015......SUNRISE   710 AM CST   SUNSET   612 PM CST
FEBRUARY 28 2015......SUNRISE   709 AM CST   SUNSET   613 PM CST


-  INDICATES NEGATIVE NUMBERS.
R  INDICATES RECORD WAS SET OR TIED.
MM INDICATES DATA IS MISSING.
T  INDICATES TRACE AMOUNT.




$$
