000
CDUS43 KABR 221037
CLI8D3


CLIMATE REPORT
NATIONAL WEATHER SERVICE ABERDEEN SD
536 AM CDT MON SEP 22 2014


...................................

...THE SISSETON SD CLIMATE SUMMARY FOR SEPTEMBER 21 2014...

CLIMATE NORMAL PERIOD 1981 TO 2010
CLIMATE RECORD PERIOD 1900 TO 2014


WEATHER ITEM   OBSERVED TIME   RECORD YEAR NORMAL DEPARTURE LAST
                VALUE   (LST)  VALUE       VALUE  FROM      YEAR
                                                  NORMAL
..................................................................
TEMPERATURE (F)
 YESTERDAY
  MAXIMUM         70    255 PM  97    1937  70      0       68
  MINIMUM         45   1146 PM  22    1934  45      0       33
  AVERAGE         58                        58      0       51

PRECIPITATION (IN)
  YESTERDAY        0.00          1.83 1989   0.08  -0.08     0.00
  MONTH TO DATE    0.59                      1.73  -1.14     0.95
  SINCE SEP 1      0.59                      1.73  -1.14     0.95
  SINCE JAN 1     21.55                     18.47   3.08    19.62

DEGREE DAYS
 HEATING
  YESTERDAY        7                         8     -1       14
  MONTH TO DATE  132                       111     21       83
  SINCE SEP 1    132                       111     21       83
  SINCE JUL 1    169                       154     15      132

 COOLING
  YESTERDAY        0                         1     -1        0
  MONTH TO DATE   28                        40    -12       76
  SINCE SEP 1     28                        40    -12       76
  SINCE JAN 1    428                       519    -91      611
..................................................................


WIND (MPH)
  HIGHEST WIND SPEED    18   HIGHEST WIND DIRECTION    NW (330)
  HIGHEST GUST SPEED    25   HIGHEST GUST DIRECTION     N (340)
  AVERAGE WIND SPEED     9.2


SKY COVER
  POSSIBLE SUNSHINE  MM
  AVERAGE SKY COVER 0.0


WEATHER CONDITIONS
 THE FOLLOWING WEATHER WAS RECORDED YESTERDAY.
  NO SIGNIFICANT WEATHER WAS OBSERVED.


RELATIVE HUMIDITY (PERCENT)
 HIGHEST   100           600 AM
 LOWEST     44           400 PM
 AVERAGE    72

..........................................................


THE SISSETON SD CLIMATE NORMALS FOR TODAY
                         NORMAL    RECORD    YEAR
 MAXIMUM TEMPERATURE (F)   70       101      1936
 MINIMUM TEMPERATURE (F)   44        23      1974


SUNRISE AND SUNSET
SEPTEMBER 22 2014.....SUNRISE   715 AM CDT   SUNSET   725 PM CDT
SEPTEMBER 23 2014.....SUNRISE   716 AM CDT   SUNSET   723 PM CDT


-  INDICATES NEGATIVE NUMBERS.
R  INDICATES RECORD WAS SET OR TIED.
MM INDICATES DATA IS MISSING.
T  INDICATES TRACE AMOUNT.




$$
