000
CDUS43 KABR 222336
CLI8D3


CLIMATE REPORT
NATIONAL WEATHER SERVICE ABERDEEN SD
535 PM CST MON DEC 22 2014


...................................

...THE SISSETON SD CLIMATE SUMMARY FOR DECEMBER 22 2014...
VALID TODAY AS OF 0500 PM LOCAL TIME.

CLIMATE NORMAL PERIOD 1981 TO 2010
CLIMATE RECORD PERIOD 1900 TO 2014


WEATHER ITEM   OBSERVED TIME   RECORD YEAR NORMAL DEPARTURE LAST
                VALUE   (LST)  VALUE       VALUE  FROM      YEAR
                                                  NORMAL
..................................................................
TEMPERATURE (F)
 TODAY
  MAXIMUM         38    203 PM  52    1986  24     14       -1
                                      1957
  MINIMUM         34    405 AM -22    2008   6              -8
                                      1983
  AVERAGE         36                        15     21       -4

PRECIPITATION (IN)
  TODAY            0.10          0.71 1968   0.02   0.08     0.00
  MONTH TO DATE    0.32                      0.28   0.04     0.84
  SINCE DEC 1      0.32                      0.28   0.04     0.84
  SINCE JAN 1     23.42                     22.22   1.20    28.27

SNOWFALL (IN)
  TODAY            0.0
  MONTH TO DATE    3.0
  SINCE OCT 1     11.4
  SINCE JUL 1     11.4
  SNOW DEPTH      MM

DEGREE DAYS
 HEATING
  TODAY           29                        50    -21       69
  MONTH TO DATE  885                      1032   -147     1237
  SINCE DEC 1    885                      1032   -147     1237
  SINCE JUL 1   2865                      2883    -18     3069
..................................................................


WIND (MPH)
  HIGHEST WIND SPEED    16   HIGHEST WIND DIRECTION    SE (130)
  HIGHEST GUST SPEED    20   HIGHEST GUST DIRECTION    SE (120)
  AVERAGE WIND SPEED    11.0


SKY COVER
  POSSIBLE SUNSHINE  MM
  AVERAGE SKY COVER 0.0


WEATHER CONDITIONS
 THE FOLLOWING WEATHER WAS RECORDED TODAY.
  LIGHT RAIN


RELATIVE HUMIDITY (PERCENT)
 HIGHEST   100          1200 AM
 LOWEST    100          1200 AM
 AVERAGE   100

..........................................................


THE SISSETON SD CLIMATE NORMALS FOR TOMORROW
                         NORMAL    RECORD    YEAR
 MAXIMUM TEMPERATURE (F)   24        48      1994
 MINIMUM TEMPERATURE (F)    6       -28      1983


SUNRISE AND SUNSET
DECEMBER 22 2014......SUNRISE   806 AM CST   SUNSET   447 PM CST
DECEMBER 23 2014......SUNRISE   807 AM CST   SUNSET   448 PM CST


-  INDICATES NEGATIVE NUMBERS.
R  INDICATES RECORD WAS SET OR TIED.
MM INDICATES DATA IS MISSING.
T  INDICATES TRACE AMOUNT.




$$
