000
CDUS43 KABR 272227
CLI8D3


CLIMATE REPORT
NATIONAL WEATHER SERVICE ABERDEEN SD
526 PM CDT WED MAY 27 2015


...................................

...THE SISSETON SD CLIMATE SUMMARY FOR MAY 27 2015...
VALID TODAY AS OF 0500 PM LOCAL TIME.

CLIMATE NORMAL PERIOD 1981 TO 2010
CLIMATE RECORD PERIOD 1900 TO 2015


WEATHER ITEM   OBSERVED TIME   RECORD YEAR NORMAL DEPARTURE LAST
                VALUE   (LST)  VALUE       VALUE  FROM      YEAR
                                                  NORMAL
..................................................................
TEMPERATURE (F)
 TODAY
  MAXIMUM         85    353 PM  98    1934  73     12       89
  MINIMUM         58    541 AM  32    1965  49              60
  AVERAGE         72                        61     11       75

PRECIPITATION (IN)
  TODAY            0.00          5.50 1954   0.09  -0.09     0.00
  MONTH TO DATE    4.26                      2.36   1.90     1.62
  SINCE MAR 1      5.84                      5.76   0.08     5.64
  SINCE JAN 1      6.72                      6.62   0.10     6.26

DEGREE DAYS
 COOLING
  TODAY            7                         1      6       10
  MONTH TO DATE    9                        18     -9       31
  SINCE MAR 1      9                        19    -10       31
  SINCE JAN 1      9                        19    -10       31
..................................................................


WIND (MPH)
  HIGHEST WIND SPEED    17   HIGHEST WIND DIRECTION    NW (330)
  HIGHEST GUST SPEED    20   HIGHEST GUST DIRECTION     W (290)
  AVERAGE WIND SPEED     9.1


SKY COVER
  POSSIBLE SUNSHINE  MM
  AVERAGE SKY COVER 0.0


WEATHER CONDITIONS
 THE FOLLOWING WEATHER WAS RECORDED TODAY.
  NO SIGNIFICANT WEATHER WAS OBSERVED.


RELATIVE HUMIDITY (PERCENT)
 HIGHEST    67           500 AM
 LOWEST     23           300 PM
 AVERAGE    45

..........................................................


THE SISSETON SD CLIMATE NORMALS FOR TOMORROW
                         NORMAL    RECORD    YEAR
 MAXIMUM TEMPERATURE (F)   73       110      1934
 MINIMUM TEMPERATURE (F)   49        32      1965


SUNRISE AND SUNSET
MAY 27 2015...........SUNRISE   545 AM CDT   SUNSET   905 PM CDT
MAY 28 2015...........SUNRISE   545 AM CDT   SUNSET   906 PM CDT


-  INDICATES NEGATIVE NUMBERS.
R  INDICATES RECORD WAS SET OR TIED.
MM INDICATES DATA IS MISSING.
T  INDICATES TRACE AMOUNT.




$$
