000
CDUS43 KABR 260907
CLI8D3


CLIMATE REPORT
NATIONAL WEATHER SERVICE ABERDEEN SD
406 AM CDT TUE JUL 26 2016


...................................

...THE SISSETON SD CLIMATE SUMMARY FOR JULY 25 2016...

CLIMATE NORMAL PERIOD 1981 TO 2010
CLIMATE RECORD PERIOD 1900 TO 2016


WEATHER ITEM   OBSERVED TIME   RECORD YEAR NORMAL DEPARTURE LAST
                VALUE   (LST)  VALUE       VALUE  FROM      YEAR
                                                  NORMAL
..................................................................
TEMPERATURE (F)
 YESTERDAY
  MAXIMUM         90    233 PM 105    1976  83      7       82
  MINIMUM         56    511 AM  49    2004  60     -4       58
  AVERAGE         73                        72      1       70

PRECIPITATION (IN)
  YESTERDAY        0.00          1.64 2005   0.10  -0.10     0.08
  MONTH TO DATE    4.74                      2.96   1.78     2.03
  SINCE JUN 1      5.86                      6.70  -0.84     3.41
  SINCE JAN 1     10.90                     13.68  -2.78    11.06

DEGREE DAYS
 HEATING
  YESTERDAY        0                         0      0        0
  MONTH TO DATE   13                         3     10       13
  SINCE JUN 1     40                        65    -25       27
  SINCE JUL 1     13                         3     10       13

 COOLING
  YESTERDAY        8                         7      1        5
  MONTH TO DATE  167                       164      3      164
  SINCE JUN 1    334                       258     76      288
  SINCE JAN 1    371                       281     90      305
..................................................................


WIND (MPH)
  HIGHEST WIND SPEED    25   HIGHEST WIND DIRECTION    SW (240)
  HIGHEST GUST SPEED    34   HIGHEST GUST DIRECTION    SW (240)
  AVERAGE WIND SPEED     8.7


SKY COVER
  POSSIBLE SUNSHINE  MM
  AVERAGE SKY COVER 0.0


WEATHER CONDITIONS
 THE FOLLOWING WEATHER WAS RECORDED YESTERDAY.
  NO SIGNIFICANT WEATHER WAS OBSERVED.


RELATIVE HUMIDITY (PERCENT)
 HIGHEST    97           600 AM
 LOWEST     34           100 PM
 AVERAGE    66

..........................................................


THE SISSETON SD CLIMATE NORMALS FOR TODAY
                         NORMAL    RECORD    YEAR
 MAXIMUM TEMPERATURE (F)   83       104      1976
 MINIMUM TEMPERATURE (F)   60        48      1937


SUNRISE AND SUNSET
JULY 26 2016..........SUNRISE   605 AM CDT   SUNSET   903 PM CDT
JULY 27 2016..........SUNRISE   606 AM CDT   SUNSET   902 PM CDT


-  INDICATES NEGATIVE NUMBERS.
R  INDICATES RECORD WAS SET OR TIED.
MM INDICATES DATA IS MISSING.
T  INDICATES TRACE AMOUNT.




$$
