000
CDUS43 KABR 311036
CLI8D3


CLIMATE REPORT
NATIONAL WEATHER SERVICE ABERDEEN SD
536 AM CDT FRI JUL 31 2015


...................................

...THE SISSETON SD CLIMATE SUMMARY FOR JULY 30 2015...

CLIMATE NORMAL PERIOD 1981 TO 2010
CLIMATE RECORD PERIOD 1900 TO 2015


WEATHER ITEM   OBSERVED TIME   RECORD YEAR NORMAL DEPARTURE LAST
                VALUE   (LST)  VALUE       VALUE  FROM      YEAR
                                                  NORMAL
..................................................................
TEMPERATURE (F)
 YESTERDAY
  MAXIMUM         85    426 PM 105    1933  83      2       80
  MINIMUM         61   1159 PM  44    1952  60      1       50
  AVERAGE         73                        71      2       65

PRECIPITATION (IN)
  YESTERDAY        0.00          2.00 1903   0.11  -0.11     0.00
  MONTH TO DATE    3.17                      3.48  -0.31     1.74
  SINCE JUN 1      4.55                      7.22  -2.67    10.41
  SINCE JAN 1     12.20                     14.20  -2.00    18.78

DEGREE DAYS
 HEATING
  YESTERDAY        0                         0      0        0
  MONTH TO DATE   13                         3     10       20
  SINCE JUN 1     27                        65    -38       55
  SINCE JUL 1     13                         3     10       20

 COOLING
  YESTERDAY        8                         7      1        0
  MONTH TO DATE  203                       199      4      127
  SINCE JUN 1    327                       293     34      215
  SINCE JAN 1    344                       316     28      276
..................................................................


WIND (MPH)
  HIGHEST WIND SPEED    21   HIGHEST WIND DIRECTION    NW (300)
  HIGHEST GUST SPEED    27   HIGHEST GUST DIRECTION    NW (310)
  AVERAGE WIND SPEED    10.2


SKY COVER
  POSSIBLE SUNSHINE  MM
  AVERAGE SKY COVER 0.0


WEATHER CONDITIONS
 THE FOLLOWING WEATHER WAS RECORDED YESTERDAY.
  NO SIGNIFICANT WEATHER WAS OBSERVED.


RELATIVE HUMIDITY (PERCENT)
 HIGHEST    78           800 PM
 LOWEST     37           200 PM
 AVERAGE    58

..........................................................


THE SISSETON SD CLIMATE NORMALS FOR TODAY
                         NORMAL    RECORD    YEAR
 MAXIMUM TEMPERATURE (F)   83       105      1987
 MINIMUM TEMPERATURE (F)   60        48      1952


SUNRISE AND SUNSET
JULY 31 2015..........SUNRISE   610 AM CDT   SUNSET   858 PM CDT
AUGUST  1 2015........SUNRISE   611 AM CDT   SUNSET   857 PM CDT


-  INDICATES NEGATIVE NUMBERS.
R  INDICATES RECORD WAS SET OR TIED.
MM INDICATES DATA IS MISSING.
T  INDICATES TRACE AMOUNT.




$$
