000
CDUS43 KABR 011039
CLI8D3


CLIMATE REPORT
NATIONAL WEATHER SERVICE ABERDEEN SD
538 AM CDT WED JUL 1 2015


...................................

...THE SISSETON SD CLIMATE SUMMARY FOR JUNE 30 2015...

CLIMATE NORMAL PERIOD 1981 TO 2010
CLIMATE RECORD PERIOD 1900 TO 2015


WEATHER ITEM   OBSERVED TIME   RECORD YEAR NORMAL DEPARTURE LAST
                VALUE   (LST)  VALUE       VALUE  FROM      YEAR
                                                  NORMAL
..................................................................
TEMPERATURE (F)
 YESTERDAY
  MAXIMUM         74    527 PM  99    1963  81     -7       78
  MINIMUM         58    451 AM  45    1959  58      0       64
  AVERAGE         66                        70     -4       71

PRECIPITATION (IN)
  YESTERDAY        0.00          2.88 1938   0.09  -0.09     0.00
  MONTH TO DATE    1.38                      3.74  -2.36     8.67
  SINCE JUN 1      1.38                      3.74  -2.36     8.67
  SINCE JAN 1      9.03                     10.72  -1.69    17.04

DEGREE DAYS
 HEATING
  YESTERDAY        0                         1     -1        0
  MONTH TO DATE   14                        63    -49       35
  SINCE JUN 1     14                        62    -48       35
  SINCE JUL 1   8045                      8283   -238     9090

 COOLING
  YESTERDAY        1                         5     -4        6
  MONTH TO DATE  124                        94     30       88
  SINCE JUN 1    124                        94     30       88
  SINCE JAN 1    141                       117     24      149
..................................................................


WIND (MPH)
  HIGHEST WIND SPEED    12   HIGHEST WIND DIRECTION    SE (140)
  HIGHEST GUST SPEED    15   HIGHEST GUST DIRECTION     S (160)
  AVERAGE WIND SPEED     5.6


SKY COVER
  POSSIBLE SUNSHINE  MM
  AVERAGE SKY COVER 0.0


WEATHER CONDITIONS
 THE FOLLOWING WEATHER WAS RECORDED YESTERDAY.
  NO SIGNIFICANT WEATHER WAS OBSERVED.


RELATIVE HUMIDITY (PERCENT)
 HIGHEST   100           600 AM
 LOWEST     57           500 PM
 AVERAGE    79

..........................................................


THE SISSETON SD CLIMATE NORMALS FOR TODAY
                         NORMAL    RECORD    YEAR
 MAXIMUM TEMPERATURE (F)   81       100      1934
 MINIMUM TEMPERATURE (F)   58        46      2001
                                             1954


SUNRISE AND SUNSET
JULY  1 2015..........SUNRISE   542 AM CDT   SUNSET   921 PM CDT
JULY  2 2015..........SUNRISE   543 AM CDT   SUNSET   921 PM CDT


-  INDICATES NEGATIVE NUMBERS.
R  INDICATES RECORD WAS SET OR TIED.
MM INDICATES DATA IS MISSING.
T  INDICATES TRACE AMOUNT.




$$
