000
CDUS43 KABR 302230
CLI8D3


CLIMATE REPORT
NATIONAL WEATHER SERVICE ABERDEEN SD
528 PM CDT SAT AUG 30 2014


...................................

...THE SISSETON SD CLIMATE SUMMARY FOR AUGUST 30 2014...
VALID TODAY AS OF 0500 PM LOCAL TIME.

CLIMATE NORMAL PERIOD 1981 TO 2010
CLIMATE RECORD PERIOD 1900 TO 2014


WEATHER ITEM   OBSERVED TIME   RECORD YEAR NORMAL DEPARTURE LAST
                VALUE   (LST)  VALUE       VALUE  FROM      YEAR
                                                  NORMAL
..................................................................
TEMPERATURE (F)
 TODAY
  MAXIMUM         71    354 PM  95    1961  78     -7       87
  MINIMUM         59    803 AM  37    2009  54              63
  AVERAGE         65                        66     -1       75

PRECIPITATION (IN)
  TODAY            0.00          0.90 1971   0.09  -0.09     0.00
  MONTH TO DATE    2.04                      2.35  -0.31     0.70
  SINCE JUN 1     12.45                      9.67   2.78     9.08
  SINCE JAN 1     20.82                     16.65   4.17    18.42

DEGREE DAYS
 COOLING
  TODAY            0                         3     -3       10
  MONTH TO DATE  118                       153    -35      175
  SINCE JUN 1    336                       452   -116      498
  SINCE JAN 1    397                       475    -78      523
..................................................................


WIND (MPH)
  HIGHEST WIND SPEED    16   HIGHEST WIND DIRECTION     N (350)
  HIGHEST GUST SPEED    21   HIGHEST GUST DIRECTION     N (350)
  AVERAGE WIND SPEED     8.6


SKY COVER
  POSSIBLE SUNSHINE  MM
  AVERAGE SKY COVER 0.0


WEATHER CONDITIONS
 THE FOLLOWING WEATHER WAS RECORDED TODAY.
  NO SIGNIFICANT WEATHER WAS OBSERVED.


RELATIVE HUMIDITY (PERCENT)
 HIGHEST    97           300 AM
 LOWEST     68           300 PM
 AVERAGE    83

..........................................................


THE SISSETON SD CLIMATE NORMALS FOR TOMORROW
                         NORMAL    RECORD    YEAR
 MAXIMUM TEMPERATURE (F)   78        94      1948
 MINIMUM TEMPERATURE (F)   54        39      1987


SUNRISE AND SUNSET
AUGUST 30 2014........SUNRISE   647 AM CDT   SUNSET   810 PM CDT
AUGUST 31 2014........SUNRISE   648 AM CDT   SUNSET   808 PM CDT


-  INDICATES NEGATIVE NUMBERS.
R  INDICATES RECORD WAS SET OR TIED.
MM INDICATES DATA IS MISSING.
T  INDICATES TRACE AMOUNT.




$$
