000
CDUS43 KABR 192239
CLI8D3


CLIMATE REPORT
NATIONAL WEATHER SERVICE ABERDEEN SD
538 PM CDT SAT AUG 19 2017


...................................

...THE SISSETON SD CLIMATE SUMMARY FOR AUGUST 19 2017...
VALID TODAY AS OF 0500 PM LOCAL TIME.

CLIMATE NORMAL PERIOD 1981 TO 2010
CLIMATE RECORD PERIOD 1900 TO 2017


WEATHER ITEM   OBSERVED TIME   RECORD YEAR NORMAL DEPARTURE LAST
                VALUE   (LST)  VALUE       VALUE  FROM      YEAR
                                                  NORMAL
..................................................................
TEMPERATURE (F)
 TODAY
  MAXIMUM         81    359 PM 104    1976  81      0       77
  MINIMUM         55    341 AM  37    1956  57              59
  AVERAGE         68                        69     -1       68

PRECIPITATION (IN)
  TODAY            0.00          0.93 1975   0.06  -0.06     0.12
  MONTH TO DATE    4.49                      1.49   3.00     4.03
  SINCE JUN 1      7.74                      8.81  -1.07    10.15
  SINCE JAN 1     11.91                     15.79  -3.88    15.19

DEGREE DAYS
 COOLING
  TODAY            3                         5     -2        3
  MONTH TO DATE   38                       110    -72      125
  SINCE JUN 1    436                       409     27      495
  SINCE JAN 1    452                       432     20      532
..................................................................


WIND (MPH)
  HIGHEST WIND SPEED    17   HIGHEST WIND DIRECTION     S (160)
  HIGHEST GUST SPEED    23   HIGHEST GUST DIRECTION     S (160)
  AVERAGE WIND SPEED     7.9


SKY COVER
  POSSIBLE SUNSHINE  MM
  AVERAGE SKY COVER 0.0


WEATHER CONDITIONS
 THE FOLLOWING WEATHER WAS RECORDED TODAY.
  NO SIGNIFICANT WEATHER WAS OBSERVED.


RELATIVE HUMIDITY (PERCENT)
 HIGHEST   100           400 AM
 LOWEST     54          1200 PM
 AVERAGE    77

..........................................................


THE SISSETON SD CLIMATE NORMALS FOR TOMORROW
                         NORMAL    RECORD    YEAR
 MAXIMUM TEMPERATURE (F)   80       102      1976
 MINIMUM TEMPERATURE (F)   57        39      2004


SUNRISE AND SUNSET
AUGUST 19 2017........SUNRISE   633 AM CDT   SUNSET   829 PM CDT
AUGUST 20 2017........SUNRISE   635 AM CDT   SUNSET   827 PM CDT


-  INDICATES NEGATIVE NUMBERS.
R  INDICATES RECORD WAS SET OR TIED.
MM INDICATES DATA IS MISSING.
T  INDICATES TRACE AMOUNT.




$$
