000
CDUS43 KABR 182229
CLI8D3


CLIMATE REPORT
NATIONAL WEATHER SERVICE ABERDEEN SD
529 PM CDT FRI APR 18 2014


...................................

...THE SISSETON SD CLIMATE SUMMARY FOR APRIL 18 2014...
VALID TODAY AS OF 0500 PM LOCAL TIME.

CLIMATE NORMAL PERIOD 1981 TO 2010
CLIMATE RECORD PERIOD 1900 TO 2014


WEATHER ITEM   OBSERVED TIME   RECORD YEAR NORMAL DEPARTURE LAST
                VALUE   (LST)  VALUE       VALUE  FROM      YEAR
                                                  NORMAL
..................................................................
TEMPERATURE (F)
 TODAY
  MAXIMUM         50    359 PM  91    1985  58     -8       33
  MINIMUM         31    442 AM  13    1953  34              27
  AVERAGE         41                        46     -5       30

PRECIPITATION (IN)
  TODAY            0.00          1.06 1986   0.07  -0.07     0.19
  MONTH TO DATE    0.65                      0.96  -0.31     1.94
  SINCE MAR 1      1.49                      2.08  -0.59     2.91
  SINCE JAN 1      2.11                      2.94  -0.83     5.29

SNOWFALL (IN)
  TODAY            0.0
  MONTH TO DATE    6.4
  SINCE OCT 1     37.8
  SINCE JUL 1     37.8
  SNOW DEPTH       0

DEGREE DAYS
 HEATING
  TODAY           24                        19      5       35
  MONTH TO DATE  502                       423     79      628
  SINCE MAR 1   1701                      1506    195     2071
  SINCE JUL 1   8518                      7765    753     8456

 COOLING
  TODAY            0                         0      0        0
  MONTH TO DATE    0                         0      0        0
  SINCE MAR 1      0                         0      0        0
  SINCE JAN 1      0                         0      0        0
..................................................................


WIND (MPH)
  HIGHEST WIND SPEED    33   HIGHEST WIND DIRECTION    SE (150)
  HIGHEST GUST SPEED    40   HIGHEST GUST DIRECTION    SE (150)
  AVERAGE WIND SPEED    16.2


SKY COVER
  POSSIBLE SUNSHINE  MM
  AVERAGE SKY COVER 0.0


WEATHER CONDITIONS
 THE FOLLOWING WEATHER WAS RECORDED TODAY.
  NO SIGNIFICANT WEATHER WAS OBSERVED.


RELATIVE HUMIDITY (PERCENT)
 HIGHEST    78           400 AM
 LOWEST     64          1200 AM
 AVERAGE    71

..........................................................


THE SISSETON SD CLIMATE NORMALS FOR TOMORROW
                         NORMAL    RECORD    YEAR
 MAXIMUM TEMPERATURE (F)   58        89      1987
 MINIMUM TEMPERATURE (F)   34        16      1988


SUNRISE AND SUNSET
APRIL 18 2014.........SUNRISE   637 AM CDT   SUNSET   818 PM CDT
APRIL 19 2014.........SUNRISE   635 AM CDT   SUNSET   820 PM CDT


-  INDICATES NEGATIVE NUMBERS.
R  INDICATES RECORD WAS SET OR TIED.
MM INDICATES DATA IS MISSING.
T  INDICATES TRACE AMOUNT.




$$
