000
CDUS43 KABR 201028
CLI8D3


CLIMATE REPORT
NATIONAL WEATHER SERVICE ABERDEEN SD
527 AM CDT MON OCT 20 2014


...................................

...THE SISSETON SD CLIMATE SUMMARY FOR OCTOBER 19 2014...

CLIMATE NORMAL PERIOD 1981 TO 2010
CLIMATE RECORD PERIOD 1900 TO 2014


WEATHER ITEM   OBSERVED TIME   RECORD YEAR NORMAL DEPARTURE LAST
                VALUE   (LST)  VALUE       VALUE  FROM      YEAR
                                                  NORMAL
..................................................................
TEMPERATURE (F)
 YESTERDAY
  MAXIMUM         74    242 PM  88    2003  56     18       48
  MINIMUM         40   1028 PM  12    1972  35      5       30
  AVERAGE         57                        45     12       39

PRECIPITATION (IN)
  YESTERDAY        0.00          1.34 1984   0.06  -0.06     0.01
  MONTH TO DATE    0.06                      1.51  -1.45     5.76
  SINCE SEP 1      0.90                      4.05  -3.15     8.40
  SINCE JAN 1     21.86                     20.79   1.07    27.07

SNOWFALL (IN)
  YESTERDAY        0.0
  MONTH TO DATE    0.0
  SINCE OCT 1      0.0
  SINCE JUL 1      0.0
  SNOW DEPTH       0

DEGREE DAYS
 HEATING
  YESTERDAY        8                        20    -12       26
  MONTH TO DATE  295                       307    -12      282
  SINCE SEP 1    461                       509    -48      379
  SINCE JUL 1    498                       552    -54      428

 COOLING
  YESTERDAY        0                         0      0        0
  MONTH TO DATE    0                         0      0        0
  SINCE SEP 1     42                        44     -2       90
  SINCE JAN 1    442                       523    -81      625
..................................................................


WIND (MPH)
  HIGHEST WIND SPEED    35   HIGHEST WIND DIRECTION     W (250)
  HIGHEST GUST SPEED    44   HIGHEST GUST DIRECTION     W (250)
  AVERAGE WIND SPEED    15.4


SKY COVER
  POSSIBLE SUNSHINE  MM
  AVERAGE SKY COVER 0.0


WEATHER CONDITIONS
 THE FOLLOWING WEATHER WAS RECORDED YESTERDAY.
  NO SIGNIFICANT WEATHER WAS OBSERVED.


RELATIVE HUMIDITY (PERCENT)
 HIGHEST    79          1000 PM
 LOWEST     29           200 PM
 AVERAGE    54

..........................................................


THE SISSETON SD CLIMATE NORMALS FOR TODAY
                         NORMAL    RECORD    YEAR
 MAXIMUM TEMPERATURE (F)   55        84      1953
 MINIMUM TEMPERATURE (F)   34        14      1952


SUNRISE AND SUNSET
OCTOBER 20 2014.......SUNRISE   751 AM CDT   SUNSET   634 PM CDT
OCTOBER 21 2014.......SUNRISE   753 AM CDT   SUNSET   632 PM CDT


-  INDICATES NEGATIVE NUMBERS.
R  INDICATES RECORD WAS SET OR TIED.
MM INDICATES DATA IS MISSING.
T  INDICATES TRACE AMOUNT.




$$
