800
CDUS46 KMFR 180836
CLIAAT


CLIMATE REPORT
NATIONAL WEATHER SERVICE MEDFORD, OR
136 AM PDT FRI AUG 18 2017


...................................

...THE ALTURAS CA CLIMATE SUMMARY FOR AUGUST 17 2017...

CLIMATE NORMAL PERIOD 1981 TO 2010
CLIMATE RECORD PERIOD 1905 TO 2017


WEATHER ITEM   OBSERVED TIME   RECORD YEAR NORMAL DEPARTURE LAST
                VALUE   (LST)  VALUE       VALUE  FROM      YEAR
                                                  NORMAL
..................................................................
TEMPERATURE (F)
 YESTERDAY
  MAXIMUM         91    414 PM 101    1969  86      5       96
  MINIMUM         46    457 AM  31    1948  43      3       50
  AVERAGE         69                        65      4       73

PRECIPITATION (IN)
  YESTERDAY        0.00          0.70 1933   0.01  -0.01     0.00
  MONTH TO DATE    0.13                      0.19  -0.06     0.00
  SINCE OCT 1     15.23                     13.48   1.75    13.42
  SINCE JAN 1     11.48                      8.97   2.51     7.44

SNOWFALL (IN)
  YESTERDAY       MM                        MM     MM       MM
  MONTH TO DATE   MM                        MM     MM       MM
  SINCE JUL 1     MM                        MM     MM       MM
  SNOW DEPTH      MM

DEGREE DAYS
 HEATING
  YESTERDAY        0                         2     -2        0
  MONTH TO DATE    0                        24    -24        7
  SINCE JUN 1    110                       245   -135      165
  SINCE JUL 1      1                        65    -64       47

 COOLING
  YESTERDAY        4                         1      3        8
  MONTH TO DATE  102                        42     60       56
  SINCE JUN 1    363                       137    226      216
  SINCE JAN 1    363                       137    226      216
..................................................................


WIND (MPH)
  HIGHEST WIND SPEED    14   HIGHEST WIND DIRECTION    NW (330)
  HIGHEST GUST SPEED    18   HIGHEST GUST DIRECTION    NW (320)
  AVERAGE WIND SPEED     2.6


SKY COVER
  POSSIBLE SUNSHINE  MM
  AVERAGE SKY COVER 0.0


WEATHER CONDITIONS
 THE FOLLOWING WEATHER WAS RECORDED YESTERDAY.
  NO SIGNIFICANT WEATHER WAS OBSERVED.


RELATIVE HUMIDITY (PERCENT)
 HIGHEST    76           500 AM
 LOWEST     10           400 PM
 AVERAGE    43

..........................................................


THE ALTURAS CA CLIMATE NORMALS FOR TODAY
                         NORMAL    RECORD    YEAR
 MAXIMUM TEMPERATURE (F)   86       104      1967
 MINIMUM TEMPERATURE (F)   43        27      1978


SUNRISE AND SUNSET
AUGUST 18 2017........SUNRISE   615 AM PDT   SUNSET   757 PM PDT
AUGUST 19 2017........SUNRISE   616 AM PDT   SUNSET   755 PM PDT


-  INDICATES NEGATIVE NUMBERS.
R  INDICATES RECORD WAS SET OR TIED.
MM INDICATES DATA IS MISSING.
T  INDICATES TRACE AMOUNT.




$$
