000
CDUS46 KMFR 281751
CLIAAT


CLIMATE REPORT
NATIONAL WEATHER SERVICE MEDFORD, OR
1050 AM PDT TUE JUL 28 2015


...................................

...THE ALTURAS CA CLIMATE SUMMARY FOR JULY 27 2015...

CLIMATE NORMAL PERIOD 1981 TO 2010
CLIMATE RECORD PERIOD 1905 TO 2015


WEATHER ITEM   OBSERVED TIME   RECORD YEAR NORMAL DEPARTURE LAST
                VALUE   (LST)  VALUE       VALUE  FROM      YEAR
                                                  NORMAL
..................................................................
TEMPERATURE (F)
 YESTERDAY
  MAXIMUM         77    436 PM 102    1934  90    -13       97
  MINIMUM         40    521 AM  31    1916  45     -5       50
  AVERAGE         59                        68     -9       74

PRECIPITATION (IN)
  YESTERDAY        0.00          0.20 1956   0.02  -0.02     0.00
  MONTH TO DATE    1.17                      0.28   0.89     0.41
  SINCE OCT 1     11.08                     13.23  -2.15     6.45
  SINCE JAN 1      6.57                      8.72  -2.15     5.82

SNOWFALL (IN)
  YESTERDAY       MM                        MM     MM       MM
  MONTH TO DATE   MM                        MM     MM       MM
  SINCE JUL 1     MM                        MM     MM       MM
  SNOW DEPTH      MM

DEGREE DAYS
 HEATING
  YESTERDAY        6                         1      5        0
  MONTH TO DATE   20                        37    -17        6
  SINCE JUN 1     50                       217   -167       95
  SINCE JUL 1     20                        37    -17        6

 COOLING
  YESTERDAY        0                         3     -3        9
  MONTH TO DATE  113                        67     46      217
  SINCE JUN 1    216                        78    138      237
  SINCE JAN 1    216                        78    138      237
..................................................................


WIND (MPH)
  HIGHEST WIND SPEED    12   HIGHEST WIND DIRECTION    NE (30)
  HIGHEST GUST SPEED    20   HIGHEST GUST DIRECTION     N (340)
  AVERAGE WIND SPEED     3.6


SKY COVER
  POSSIBLE SUNSHINE  MM
  AVERAGE SKY COVER 0.2


WEATHER CONDITIONS
 THE FOLLOWING WEATHER WAS RECORDED YESTERDAY.
  FOG
  FOG W/VISIBILITY <= 1/4 MILE
  HAZE


RELATIVE HUMIDITY (PERCENT)
 HIGHEST   100           300 AM
 LOWEST     11           500 PM
 AVERAGE    56

..........................................................


THE ALTURAS CA CLIMATE NORMALS FOR TODAY
                         NORMAL    RECORD    YEAR
 MAXIMUM TEMPERATURE (F)   90       103      1968
 MINIMUM TEMPERATURE (F)   45        32      1965


SUNRISE AND SUNSET
JULY 28 2015..........SUNRISE   553 AM PDT   SUNSET   824 PM PDT
JULY 29 2015..........SUNRISE   554 AM PDT   SUNSET   823 PM PDT


-  INDICATES NEGATIVE NUMBERS.
R  INDICATES RECORD WAS SET OR TIED.
MM INDICATES DATA IS MISSING.
T  INDICATES TRACE AMOUNT.




$$
