000
CDUS46 KMFR 310839
CLIAAT


CLIMATE REPORT
NATIONAL WEATHER SERVICE MEDFORD, OR
139 AM PDT SUN AUG 31 2014


...................................

...THE ALTURAS CA CLIMATE SUMMARY FOR AUGUST 30 2014...

CLIMATE NORMAL PERIOD 1981 TO 2010
CLIMATE RECORD PERIOD 1905 TO 2014


WEATHER ITEM   OBSERVED TIME   RECORD YEAR NORMAL DEPARTURE LAST
                VALUE   (LST)  VALUE       VALUE  FROM      YEAR
                                                  NORMAL
..................................................................
TEMPERATURE (F)
 YESTERDAY
  MAXIMUM         80    124 PM  98    1950  83     -3       88
  MINIMUM         44    529 AM  25    1908  40      4       38
  AVERAGE         62                        61      1       63

PRECIPITATION (IN)
  YESTERDAY        0.00          0.40 1953   0.02  -0.02     0.00
  MONTH TO DATE    0.46                      0.35   0.11     0.72
  SINCE SEP 1      7.42                     14.16  -6.74     9.49
  SINCE JAN 1      6.28                      9.13  -2.85     5.15

SNOWFALL (IN)
  YESTERDAY       MM                        MM     MM       MM
  MONTH TO DATE   MM                        MM     MM       MM
  SINCE JUL 1     MM                        MM     MM       MM
  SNOW DEPTH      MM

DEGREE DAYS
 HEATING
  YESTERDAY        3                         4     -1        2
  MONTH TO DATE   14                        65    -51       66
  SINCE JUN 1    109                       286   -177      226
  SINCE JUL 1     20                       106    -86       70

 COOLING
  YESTERDAY        0                         1     -1        0
  MONTH TO DATE   95                        55     40       39
  SINCE JUN 1    368                       150    218      255
  SINCE JAN 1    368                       150    218      255
..................................................................


WIND (MPH)
  HIGHEST WIND SPEED    22   HIGHEST WIND DIRECTION    NW (320)
  HIGHEST GUST SPEED    29   HIGHEST GUST DIRECTION     N (340)
  AVERAGE WIND SPEED     5.1


SKY COVER
  POSSIBLE SUNSHINE  MM
  AVERAGE SKY COVER 0.4


WEATHER CONDITIONS
 THE FOLLOWING WEATHER WAS RECORDED YESTERDAY.
  HAZE


RELATIVE HUMIDITY (PERCENT)
 HIGHEST    66           600 AM
 LOWEST     19           200 PM
 AVERAGE    43

..........................................................


THE ALTURAS CA CLIMATE NORMALS FOR TODAY
                         NORMAL    RECORD    YEAR
 MAXIMUM TEMPERATURE (F)   82        98      1998
 MINIMUM TEMPERATURE (F)   39        24      1908


SUNRISE AND SUNSET
AUGUST 31 2014........SUNRISE   627 AM PDT   SUNSET   737 PM PDT
SEPTEMBER  1 2014.....SUNRISE   628 AM PDT   SUNSET   735 PM PDT


-  INDICATES NEGATIVE NUMBERS.
R  INDICATES RECORD WAS SET OR TIED.
MM INDICATES DATA IS MISSING.
T  INDICATES TRACE AMOUNT.




$$
