000
CDUS46 KMFR 220837
CLIAAT


CLIMATE REPORT
NATIONAL WEATHER SERVICE MEDFORD, OR
136 AM PDT WED OCT 22 2014


...................................

...THE ALTURAS CA CLIMATE SUMMARY FOR OCTOBER 21 2014...

CLIMATE NORMAL PERIOD 1981 TO 2010
CLIMATE RECORD PERIOD 1905 TO 2014


WEATHER ITEM   OBSERVED TIME   RECORD YEAR NORMAL DEPARTURE LAST
                VALUE   (LST)  VALUE       VALUE  FROM      YEAR
                                                  NORMAL
..................................................................
TEMPERATURE (F)
 YESTERDAY
  MAXIMUM         54    349 PM  86    2003  63     -9       75
  MINIMUM         35   1152 PM   8    1996  28      7       22
  AVERAGE         45                        45      0       49

PRECIPITATION (IN)
  YESTERDAY        0.03          0.37 1943   0.03   0.00     0.00
  MONTH TO DATE    0.43                      0.56  -0.13     0.15
  SINCE SEP 1      0.79                      1.08  -0.29     0.66
  SINCE JAN 1      7.07                     10.22  -3.15     5.81

SNOWFALL (IN)
  YESTERDAY       MM                        MM     MM       MM
  MONTH TO DATE   MM                        MM     MM       MM
  SINCE JUL 1     MM                        MM     MM       MM
  SNOW DEPTH      MM

DEGREE DAYS
 HEATING
  YESTERDAY       20                        20      0       16
  MONTH TO DATE  246                       348   -102      441
  SINCE SEP 1    362                       614   -252      666
  SINCE JUL 1    387                       725   -338      736

 COOLING
  YESTERDAY        0                         0      0        0
  MONTH TO DATE    0                         0      0        0
  SINCE SEP 1     12                         5      7       25
  SINCE JAN 1    380                       156    224      280
..................................................................


WIND (MPH)
  HIGHEST WIND SPEED     8   HIGHEST WIND DIRECTION     S (160)
  HIGHEST GUST SPEED    12   HIGHEST GUST DIRECTION     S (160)
  AVERAGE WIND SPEED     2.0


SKY COVER
  POSSIBLE SUNSHINE  MM
  AVERAGE SKY COVER 0.4


WEATHER CONDITIONS
 THE FOLLOWING WEATHER WAS RECORDED YESTERDAY.
  LIGHT RAIN
  FOG
  HAZE


RELATIVE HUMIDITY (PERCENT)
 HIGHEST   100          1000 PM
 LOWEST     46           400 PM
 AVERAGE    73

..........................................................


THE ALTURAS CA CLIMATE NORMALS FOR TODAY
                         NORMAL    RECORD    YEAR
 MAXIMUM TEMPERATURE (F)   62        82      1964
 MINIMUM TEMPERATURE (F)   27        15      1906


SUNRISE AND SUNSET
OCTOBER 22 2014.......SUNRISE   722 AM PDT   SUNSET   610 PM PDT
OCTOBER 23 2014.......SUNRISE   723 AM PDT   SUNSET   609 PM PDT


-  INDICATES NEGATIVE NUMBERS.
R  INDICATES RECORD WAS SET OR TIED.
MM INDICATES DATA IS MISSING.
T  INDICATES TRACE AMOUNT.




$$
