000
CDUS46 KMFR 300840
CLIAAT


CLIMATE REPORT
NATIONAL WEATHER SERVICE MEDFORD, OR
140 AM PDT SUN AUG 30 2015


...................................

...THE ALTURAS CA CLIMATE SUMMARY FOR AUGUST 29 2015...

CLIMATE NORMAL PERIOD 1981 TO 2010
CLIMATE RECORD PERIOD 1905 TO 2015


WEATHER ITEM   OBSERVED TIME   RECORD YEAR NORMAL DEPARTURE LAST
                VALUE   (LST)  VALUE       VALUE  FROM      YEAR
                                                  NORMAL
..................................................................
TEMPERATURE (F)
 YESTERDAY
  MAXIMUM         78    232 PM 103    1915  83     -5       90
  MINIMUM         50   1119 PM  25    1910  40     10       47
  AVERAGE         64                        62      2       69

PRECIPITATION (IN)
  YESTERDAY        T             0.45 1979   0.01  -0.01     0.00
  MONTH TO DATE    0.27                      0.33  -0.06     0.46
  SINCE OCT 1     11.35                     13.62  -2.27     6.91
  SINCE JAN 1      6.84                      9.11  -2.27     6.28

SNOWFALL (IN)
  YESTERDAY       MM                        MM     MM       MM
  MONTH TO DATE   MM                        MM     MM       MM
  SINCE JUL 1     MM                        MM     MM       MM
  SNOW DEPTH      MM

DEGREE DAYS
 HEATING
  YESTERDAY        1                         4     -3        0
  MONTH TO DATE    6                        61    -55       11
  SINCE JUN 1     59                       282   -223      106
  SINCE JUL 1     29                       102    -73       17

 COOLING
  YESTERDAY        0                         1     -1        4
  MONTH TO DATE   80                        54     26       95
  SINCE JUN 1    314                       149    165      368
  SINCE JAN 1    314                       149    165      368
..................................................................


WIND (MPH)
  HIGHEST WIND SPEED    29   HIGHEST WIND DIRECTION     S (180)
  HIGHEST GUST SPEED    37   HIGHEST GUST DIRECTION    SW (230)
  AVERAGE WIND SPEED    15.7


SKY COVER
  POSSIBLE SUNSHINE  MM
  AVERAGE SKY COVER 0.4


WEATHER CONDITIONS
 THE FOLLOWING WEATHER WAS RECORDED YESTERDAY.
  LIGHT RAIN


RELATIVE HUMIDITY (PERCENT)
 HIGHEST    74          1100 PM
 LOWEST     19           500 PM
 AVERAGE    47

..........................................................


THE ALTURAS CA CLIMATE NORMALS FOR TODAY
                         NORMAL    RECORD    YEAR
 MAXIMUM TEMPERATURE (F)   83        98      1950
 MINIMUM TEMPERATURE (F)   40        25      1908


SUNRISE AND SUNSET
AUGUST 30 2015........SUNRISE   626 AM PDT   SUNSET   739 PM PDT
AUGUST 31 2015........SUNRISE   627 AM PDT   SUNSET   737 PM PDT


-  INDICATES NEGATIVE NUMBERS.
R  INDICATES RECORD WAS SET OR TIED.
MM INDICATES DATA IS MISSING.
T  INDICATES TRACE AMOUNT.




$$
