000
CDUS46 KMFR 310835
CLIAAT


CLIMATE REPORT
NATIONAL WEATHER SERVICE MEDFORD, OR
135 AM PDT TUE MAY 31 2016


...................................

...THE ALTURAS CA CLIMATE SUMMARY FOR MAY 30 2016...

CLIMATE NORMAL PERIOD 1981 TO 2010
CLIMATE RECORD PERIOD 1905 TO 2016


WEATHER ITEM   OBSERVED TIME   RECORD YEAR NORMAL DEPARTURE LAST
                VALUE   (LST)  VALUE       VALUE  FROM      YEAR
                                                  NORMAL
..................................................................
TEMPERATURE (F)
 YESTERDAY
  MAXIMUM         80    437 PM  98    1910  72      8       82
  MINIMUM         37    501 AM  27    1982  38     -1       46
  AVERAGE         59                        55      4       64

PRECIPITATION (IN)
  YESTERDAY        0.00          0.70 1936   0.04  -0.04     0.00
  MONTH TO DATE    1.17                      1.32  -0.15     2.60
  SINCE OCT 1     12.81                     12.01   0.80     9.32
  SINCE JAN 1      6.83                      7.50  -0.67     4.81

SNOWFALL (IN)
  YESTERDAY       MM                        MM     MM       MM
  MONTH TO DATE   MM                        MM     MM       MM
  SINCE JUL 1     MM                        MM     MM       MM
  SNOW DEPTH      MM

DEGREE DAYS
 HEATING
  YESTERDAY        6                        10     -4        1
  MONTH TO DATE  340                       402    -62      348
  SINCE MAR 1   1484                      1879   -395     1574
  SINCE JUL 1   5871                      6746   -875     5201

 COOLING
  YESTERDAY        0                         0      0        0
  MONTH TO DATE    0                         0      0        0
  SINCE MAR 1      0                         0      0        0
  SINCE JAN 1      0                         0      0        0
..................................................................


WIND (MPH)
  HIGHEST WIND SPEED    12   HIGHEST WIND DIRECTION     N (350)
  HIGHEST GUST SPEED    16   HIGHEST GUST DIRECTION     N (350)
  AVERAGE WIND SPEED     3.6


SKY COVER
  POSSIBLE SUNSHINE  MM
  AVERAGE SKY COVER 0.0


WEATHER CONDITIONS
 THE FOLLOWING WEATHER WAS RECORDED YESTERDAY.
  NO SIGNIFICANT WEATHER WAS OBSERVED.


RELATIVE HUMIDITY (PERCENT)
 HIGHEST    92           500 AM
 LOWEST     15           200 PM
 AVERAGE    54

..........................................................


THE ALTURAS CA CLIMATE NORMALS FOR TODAY
                         NORMAL    RECORD    YEAR
 MAXIMUM TEMPERATURE (F)   72        98      1910
 MINIMUM TEMPERATURE (F)   38        25      2000


SUNRISE AND SUNSET
MAY 31 2016...........SUNRISE   531 AM PDT   SUNSET   829 PM PDT
JUNE  1 2016..........SUNRISE   531 AM PDT   SUNSET   830 PM PDT


-  INDICATES NEGATIVE NUMBERS.
R  INDICATES RECORD WAS SET OR TIED.
MM INDICATES DATA IS MISSING.
T  INDICATES TRACE AMOUNT.




$$
