000
CDUS46 KMFR 160840
CLIAAT


CLIMATE REPORT
NATIONAL WEATHER SERVICE MEDFORD, OR
139 AM PDT WED APR 16 2014


...................................

...THE ALTURAS CA CLIMATE SUMMARY FOR APRIL 15 2014...

CLIMATE NORMAL PERIOD 1981 TO 2010
CLIMATE RECORD PERIOD 1905 TO 2014


WEATHER ITEM   OBSERVED TIME   RECORD YEAR NORMAL DEPARTURE LAST
                VALUE   (LST)  VALUE       VALUE  FROM      YEAR
                                                  NORMAL
..................................................................
TEMPERATURE (F)
 YESTERDAY
  MAXIMUM         66    237 PM  82    1985  57      9       42
  MINIMUM         30    500 AM  13    1982  28      2       28
  AVERAGE         48                        43      5       35

PRECIPITATION (IN)
  YESTERDAY        0.00          0.43 1963   0.06  -0.06     0.30
  MONTH TO DATE    0.10                      0.73  -0.63     1.42
  SINCE SEP 1      5.00                     10.38  -5.38     6.81
  SINCE JAN 1      3.86                      5.35  -1.49     2.47

SNOWFALL (IN)
  YESTERDAY       MM                        MM     MM       MM
  MONTH TO DATE   MM                        MM     MM       MM
  SINCE JUL 1      0.0                      MM     MM       MM
  SNOW DEPTH      MM

DEGREE DAYS
 HEATING
  YESTERDAY       17                        22     -5       30
  MONTH TO DATE  272                       354    -82      321
  SINCE MAR 1   1016                      1179   -163     1088
  SINCE JUL 1   5781                      6046   -265     5674

 COOLING
  YESTERDAY        0                         0      0        0
  MONTH TO DATE    0                         0      0        0
  SINCE MAR 1      0                         0      0        0
  SINCE JAN 1      0                         0      0        0
..................................................................


WIND (MPH)
  HIGHEST WIND SPEED    20   HIGHEST WIND DIRECTION    NW (320)
  HIGHEST GUST SPEED    26   HIGHEST GUST DIRECTION     N (340)
  AVERAGE WIND SPEED     8.0


SKY COVER
  POSSIBLE SUNSHINE  MM
  AVERAGE SKY COVER 0.1


WEATHER CONDITIONS
 THE FOLLOWING WEATHER WAS RECORDED YESTERDAY.
  NO SIGNIFICANT WEATHER WAS OBSERVED.


RELATIVE HUMIDITY (PERCENT)
 HIGHEST    75           600 AM
 LOWEST     13           300 PM
 AVERAGE    44

..........................................................


THE ALTURAS CA CLIMATE NORMALS FOR TODAY
                         NORMAL    RECORD    YEAR
 MAXIMUM TEMPERATURE (F)   58        83      1947
 MINIMUM TEMPERATURE (F)   29         9      1963


SUNRISE AND SUNSET
APRIL 16 2014.........SUNRISE   621 AM PDT   SUNSET   744 PM PDT
APRIL 17 2014.........SUNRISE   619 AM PDT   SUNSET   745 PM PDT


-  INDICATES NEGATIVE NUMBERS.
R  INDICATES RECORD WAS SET OR TIED.
MM INDICATES DATA IS MISSING.
T  INDICATES TRACE AMOUNT.




$$
