000
CDUS46 KMFR 270900
CLIAAT


CLIMATE REPORT
NATIONAL WEATHER SERVICE MEDFORD, OR
135 AM PDT THU APR 27 2017


...................................

...THE ALTURAS CA CLIMATE SUMMARY FOR APRIL 26 2017...

CLIMATE NORMAL PERIOD 1981 TO 2010
CLIMATE RECORD PERIOD 1905 TO 2017


WEATHER ITEM   OBSERVED TIME   RECORD YEAR NORMAL DEPARTURE LAST
                VALUE   (LST)  VALUE       VALUE  FROM      YEAR
                                                  NORMAL
..................................................................
TEMPERATURE (F)
 YESTERDAY
  MAXIMUM         55    246 PM  83    1987  61     -6       58
  MINIMUM         39   1159 PM  17    1985  31      8       25
  AVERAGE         47                        46      1       42

PRECIPITATION (IN)
  YESTERDAY        0.35          0.42 2012   0.06   0.29     0.00
  MONTH TO DATE    1.51                      1.34   0.17     1.27
  SINCE OCT 1     12.93                     10.47   2.46    11.59
  SINCE JAN 1      9.18                      5.96   3.22     5.61

SNOWFALL (IN)
  YESTERDAY       MM                        MM     MM       MM
  MONTH TO DATE   MM                        MM     MM       MM
  SINCE JUL 1     MM                        MM     MM       MM
  SNOW DEPTH      MM

DEGREE DAYS
 HEATING
  YESTERDAY       18                        19     -1       23
  MONTH TO DATE  520                       579    -59      372
  SINCE MAR 1   1214                      1404   -190     1079
  SINCE JUL 1   5876                      6271   -395     5466

 COOLING
  YESTERDAY        0                         0      0        0
  MONTH TO DATE    0                         0      0        0
  SINCE MAR 1      0                         0      0        0
  SINCE JAN 1      0                         0      0        0
..................................................................


WIND (MPH)
  HIGHEST WIND SPEED    29   HIGHEST WIND DIRECTION     W (250)
  HIGHEST GUST SPEED    35   HIGHEST GUST DIRECTION     W (260)
  AVERAGE WIND SPEED    11.7


SKY COVER
  POSSIBLE SUNSHINE  MM
  AVERAGE SKY COVER 0.8


WEATHER CONDITIONS
 THE FOLLOWING WEATHER WAS RECORDED YESTERDAY.
  RAIN
  LIGHT RAIN
  FOG


RELATIVE HUMIDITY (PERCENT)
 HIGHEST   100           500 AM
 LOWEST     70           900 PM
 AVERAGE    85

..........................................................


THE ALTURAS CA CLIMATE NORMALS FOR TODAY
                         NORMAL    RECORD    YEAR
 MAXIMUM TEMPERATURE (F)   61        84      1987
 MINIMUM TEMPERATURE (F)   31        15      1918


SUNRISE AND SUNSET
APRIL 27 2017.........SUNRISE   604 AM PDT   SUNSET   756 PM PDT
APRIL 28 2017.........SUNRISE   603 AM PDT   SUNSET   757 PM PDT


-  INDICATES NEGATIVE NUMBERS.
R  INDICATES RECORD WAS SET OR TIED.
MM INDICATES DATA IS MISSING.
T  INDICATES TRACE AMOUNT.




$$
