000
CDUS41 KPHI 220628
CLIABE


CLIMATE REPORT
NATIONAL WEATHER SERVICE MOUNT HOLLY NJ
227 AM EDT FRI AUG 22 2014


...................................

...THE ALLENTOWN PA CLIMATE SUMMARY FOR AUGUST 21 2014...

CLIMATE NORMAL PERIOD 1981 TO 2010
CLIMATE RECORD PERIOD 1922 TO 2014


WEATHER ITEM   OBSERVED TIME   RECORD YEAR NORMAL DEPARTURE LAST
                VALUE   (LST)  VALUE       VALUE  FROM      YEAR
                                                  NORMAL
..................................................................
TEMPERATURE (F)
 YESTERDAY
  MAXIMUM         83    514 PM  95    1937  82      1       86
  MINIMUM         67   1146 PM  45    2000  60      7       58
  AVERAGE         75                        71      4       72

PRECIPITATION (IN)
  YESTERDAY        0.49          1.37 2007   0.11   0.38     0.00
  MONTH TO DATE    1.46                      2.64  -1.18     5.99
  SINCE JUN 1     11.18                     11.90  -0.72    16.99
  SINCE JAN 1     33.48                     28.72   4.76    30.54

SNOWFALL (IN)
  YESTERDAY        0.0           0.0  2002   0.0    0.0      0.0
                                      2001
  MONTH TO DATE    0.0                       0.0    0.0      0.0
  SINCE JUN 1      0.0                       0.0    0.0      0.0
  SINCE JUL 1      0.0                       0.0    0.0      0.0
  SNOW DEPTH       0

DEGREE DAYS
 HEATING
  YESTERDAY        0                         0      0        0
  MONTH TO DATE    4                         0      4        4
  SINCE JUN 1      8                        36    -28       13
  SINCE JUL 1      4                         3      1        4

 COOLING
  YESTERDAY       10                         6      4        7
  MONTH TO DATE  128                       158    -30      105
  SINCE JUN 1    589                       578     11      676
  SINCE JAN 1    628                       623      5      748
..................................................................


WIND (MPH)
  HIGHEST WIND SPEED    20   HIGHEST WIND DIRECTION     E (70)
  HIGHEST GUST SPEED    26   HIGHEST GUST DIRECTION     S (190)
  AVERAGE WIND SPEED     5.3


SKY COVER
  POSSIBLE SUNSHINE  MM
  AVERAGE SKY COVER 0.6


WEATHER CONDITIONS
 THE FOLLOWING WEATHER WAS RECORDED YESTERDAY.
  THUNDERSTORM
  HEAVY RAIN
  RAIN
  LIGHT RAIN
  FOG


RELATIVE HUMIDITY (PERCENT)
 HIGHEST    81           500 AM
 LOWEST     62           100 PM
 AVERAGE    72

..........................................................


THE ALLENTOWN PA CLIMATE NORMALS FOR TODAY
                         NORMAL    RECORD    YEAR
 MAXIMUM TEMPERATURE (F)   82        93      1937
 MINIMUM TEMPERATURE (F)   60        46      1988


SUNRISE AND SUNSET
AUGUST 22 2014........SUNRISE   619 AM EDT   SUNSET   749 PM EDT
AUGUST 23 2014........SUNRISE   620 AM EDT   SUNSET   748 PM EDT


-  INDICATES NEGATIVE NUMBERS.
R  INDICATES RECORD WAS SET OR TIED.
MM INDICATES DATA IS MISSING.
T  INDICATES TRACE AMOUNT.




$$
