000
CDUS41 KPHI 260634
CLIABE


CLIMATE REPORT
NATIONAL WEATHER SERVICE MOUNT HOLLY NJ
233 AM EDT FRI AUG 26 2016


...................................

...THE ALLENTOWN PA CLIMATE SUMMARY FOR AUGUST 25 2016...

CLIMATE NORMAL PERIOD 1981 TO 2010
CLIMATE RECORD PERIOD 1922 TO 2016


WEATHER ITEM   OBSERVED TIME   RECORD YEAR NORMAL DEPARTURE LAST
                VALUE   (LST)  VALUE       VALUE  FROM      YEAR
                                                  NORMAL
..................................................................
TEMPERATURE (F)
 YESTERDAY
  MAXIMUM         84    331 PM  95    1948  81      3       83
  MINIMUM         62    434 AM  42    1927  60      2       59
  AVERAGE         73                        70      3       71

PRECIPITATION (IN)
  YESTERDAY        0.00          1.30 1967   0.11  -0.11      T
  MONTH TO DATE    1.93                      3.08  -1.15     2.56
  SINCE JUN 1     10.52                     12.34  -1.82    15.58
  SINCE JAN 1     26.35                     29.16  -2.81    27.19

SNOWFALL (IN)
  YESTERDAY        0.0           0.0  2002   0.0    0.0      0.0
                                      2001
  MONTH TO DATE    0.0                       0.0    0.0      0.0
  SINCE JUN 1      0.0                       0.0    0.0      0.0
  SINCE JUL 1      0.0                       0.0    0.0      0.0
  SNOW DEPTH       0

DEGREE DAYS
 HEATING
  YESTERDAY        0                         0      0        0
  MONTH TO DATE    0                         0      0        0
  SINCE JUN 1      9                        36    -27       21
  SINCE JUL 1      0                         3     -3        0

 COOLING
  YESTERDAY        8                         6      2        6
  MONTH TO DATE  298                       182    116      215
  SINCE JUN 1    877                       602    275      721
  SINCE JAN 1    964                       647    317      854
..................................................................


WIND (MPH)
  HIGHEST WIND SPEED    14   HIGHEST WIND DIRECTION    SW (240)
  HIGHEST GUST SPEED    25   HIGHEST GUST DIRECTION    SW (210)
  AVERAGE WIND SPEED     5.0


SKY COVER
  POSSIBLE SUNSHINE  MM
  AVERAGE SKY COVER 0.3


WEATHER CONDITIONS
 THE FOLLOWING WEATHER WAS RECORDED YESTERDAY.
  NO SIGNIFICANT WEATHER WAS OBSERVED.


RELATIVE HUMIDITY (PERCENT)
 HIGHEST    93           400 AM
 LOWEST     58          1100 AM
 AVERAGE    76

..........................................................


THE ALLENTOWN PA CLIMATE NORMALS FOR TODAY
                         NORMAL    RECORD    YEAR
 MAXIMUM TEMPERATURE (F)   81        99      1948
 MINIMUM TEMPERATURE (F)   60        45      1944


SUNRISE AND SUNSET
AUGUST 26 2016........SUNRISE   623 AM EDT   SUNSET   743 PM EDT
AUGUST 27 2016........SUNRISE   624 AM EDT   SUNSET   741 PM EDT


-  INDICATES NEGATIVE NUMBERS.
R  INDICATES RECORD WAS SET OR TIED.
MM INDICATES DATA IS MISSING.
T  INDICATES TRACE AMOUNT.




$$
