868
CDUS41 KPHI 070629
CLIABE


CLIMATE REPORT
NATIONAL WEATHER SERVICE MOUNT HOLLY NJ
128 AM EST SUN FEB 7 2016


...................................

...THE ALLENTOWN PA CLIMATE SUMMARY FOR FEBRUARY 6 2016...

CLIMATE NORMAL PERIOD 1981 TO 2010
CLIMATE RECORD PERIOD 1922 TO 2016


WEATHER ITEM   OBSERVED TIME   RECORD YEAR NORMAL DEPARTURE LAST
                VALUE   (LST)  VALUE       VALUE  FROM      YEAR
                                                  NORMAL
..................................................................
TEMPERATURE (F)
 YESTERDAY
  MAXIMUM         43    229 PM  63    2008  38      5       27
                                      1938
  MINIMUM         20    605 AM  -8    1996  20      0        3
  AVERAGE         32                        29      3       15

PRECIPITATION (IN)
  YESTERDAY        0.00          1.71 2004   0.10  -0.10     0.00
  MONTH TO DATE    0.91                      0.60   0.31     0.91
  SINCE DEC 1      8.28                      7.21   1.07     7.28
  SINCE JAN 1      4.08                      3.63   0.45     3.63

SNOWFALL (IN)
  YESTERDAY        0.0          12.6  1978   0.4   -0.4      0.0
  MONTH TO DATE    T                         2.5   -2.5      4.0
  SINCE DEC 1     32.3                      17.7   14.6     17.4
  SINCE JUL 1     32.3                      18.4   13.9     23.1
  SNOW DEPTH       0

DEGREE DAYS
 HEATING
  YESTERDAY       33                        36     -3       50
  MONTH TO DATE  158                       218    -60      267
  SINCE DEC 1   1845                      2388   -543     2329
  SINCE JUL 1   2727                      3568   -841     3464

 COOLING
  YESTERDAY        0                         0      0        0
  MONTH TO DATE    0                         0      0        0
  SINCE DEC 1      0                         0      0        0
  SINCE JAN 1      0                         0      0        0
..................................................................


WIND (MPH)
  HIGHEST WIND SPEED    16   HIGHEST WIND DIRECTION    SW (220)
  HIGHEST GUST SPEED    21   HIGHEST GUST DIRECTION    SW (210)
  AVERAGE WIND SPEED     4.5


SKY COVER
  POSSIBLE SUNSHINE  MM
  AVERAGE SKY COVER 0.0


WEATHER CONDITIONS
 THE FOLLOWING WEATHER WAS RECORDED YESTERDAY.
  NO SIGNIFICANT WEATHER WAS OBSERVED.


RELATIVE HUMIDITY (PERCENT)
 HIGHEST    81           800 AM
 LOWEST     39           200 PM
 AVERAGE    60

..........................................................


THE ALLENTOWN PA CLIMATE NORMALS FOR TODAY
                         NORMAL    RECORD    YEAR
 MAXIMUM TEMPERATURE (F)   38        60      1938
 MINIMUM TEMPERATURE (F)   20        -6      1935


SUNRISE AND SUNSET
FEBRUARY  7 2016......SUNRISE   706 AM EST   SUNSET   526 PM EST
FEBRUARY  8 2016......SUNRISE   705 AM EST   SUNSET   528 PM EST


-  INDICATES NEGATIVE NUMBERS.
R  INDICATES RECORD WAS SET OR TIED.
MM INDICATES DATA IS MISSING.
T  INDICATES TRACE AMOUNT.




$$
