000
CDUS41 KPHI 010629
CLIABE


CLIMATE REPORT
NATIONAL WEATHER SERVICE MOUNT HOLLY NJ
229 AM EDT SUN MAY 1 2016


...................................

...THE ALLENTOWN PA CLIMATE SUMMARY FOR APRIL 30 2016...

CLIMATE NORMAL PERIOD 1981 TO 2010
CLIMATE RECORD PERIOD 1922 TO 2016


WEATHER ITEM   OBSERVED TIME   RECORD YEAR NORMAL DEPARTURE LAST
                VALUE   (LST)  VALUE       VALUE  FROM      YEAR
                                                  NORMAL
..................................................................
TEMPERATURE (F)
 YESTERDAY
  MAXIMUM         59    223 PM  92    1942  67     -8       69
  MINIMUM         45    423 AM  29    1931  43      2       45
  AVERAGE         52                        55     -3       57

PRECIPITATION (IN)
  YESTERDAY        T             3.13 2014   0.11  -0.11     0.00
  MONTH TO DATE    1.79                      3.56  -1.77     1.77
  SINCE MAR 1      2.75                      6.95  -4.20     6.24
  SINCE JAN 1     11.78                     12.68  -0.90    10.79

SNOWFALL (IN)
  YESTERDAY        0.0           0.0    MM   0.0    0.0      0.0
  MONTH TO DATE    T                         1.0   -1.0       T
  SINCE MAR 1      0.3                       5.9   -5.6     17.8
  SINCE JUL 1     36.2                      32.9    3.3     50.1
  SNOW DEPTH       0

DEGREE DAYS
 HEATING
  YESTERDAY       13                        10      3        8
  MONTH TO DATE  435                       456    -21      412
  SINCE MAR 1   1005                      1261   -256     1366
  SINCE JUL 1   4462                      5570  -1108     5847

 COOLING
  YESTERDAY        0                         0      0        0
  MONTH TO DATE    7                         5      2        0
  SINCE MAR 1      9                         5      4        0
  SINCE JAN 1      9                         5      4        0
..................................................................


WIND (MPH)
  HIGHEST WIND SPEED    10   HIGHEST WIND DIRECTION     S (160)
  HIGHEST GUST SPEED    15   HIGHEST GUST DIRECTION    SW (210)
  AVERAGE WIND SPEED     4.1


SKY COVER
  POSSIBLE SUNSHINE  MM
  AVERAGE SKY COVER 1.0


WEATHER CONDITIONS
 THE FOLLOWING WEATHER WAS RECORDED YESTERDAY.
  LIGHT RAIN


RELATIVE HUMIDITY (PERCENT)
 HIGHEST    76           100 AM
 LOWEST     55           200 PM
 AVERAGE    66

..........................................................


THE ALLENTOWN PA CLIMATE NORMALS FOR TODAY
                         NORMAL    RECORD    YEAR
 MAXIMUM TEMPERATURE (F)   67        88      2010
 MINIMUM TEMPERATURE (F)   43        30      1931


SUNRISE AND SUNSET
MAY  1 2016...........SUNRISE   600 AM EDT   SUNSET   758 PM EDT
MAY  2 2016...........SUNRISE   559 AM EDT   SUNSET   759 PM EDT


-  INDICATES NEGATIVE NUMBERS.
R  INDICATES RECORD WAS SET OR TIED.
MM INDICATES DATA IS MISSING.
T  INDICATES TRACE AMOUNT.




$$
