000
CDUS41 KPHI 210547
CLIABE


CLIMATE REPORT
NATIONAL WEATHER SERVICE MOUNT HOLLY NJ
147 AM EDT MON AUG 21 2017


...................................

...THE ALLENTOWN PA CLIMATE SUMMARY FOR AUGUST 20 2017...

CLIMATE NORMAL PERIOD 1981 TO 2010
CLIMATE RECORD PERIOD 1922 TO 2017


WEATHER ITEM   OBSERVED TIME   RECORD YEAR NORMAL DEPARTURE LAST
                VALUE   (LST)  VALUE       VALUE  FROM      YEAR
                                                  NORMAL
..................................................................
TEMPERATURE (F)
 YESTERDAY
  MAXIMUM         83    419 PM  96    1983  82      1       91
  MINIMUM         61    545 AM  46    1944  61      0       64
  AVERAGE         72                        71      1       78

PRECIPITATION (IN)
  YESTERDAY        0.00          1.80 1997   0.11  -0.11     0.00
  MONTH TO DATE    7.94                      2.53   5.41     1.20
  SINCE JUN 1     21.45                     11.79   9.66     9.79
  SINCE JAN 1     38.63                     28.61  10.02    25.62

SNOWFALL (IN)
  YESTERDAY        0.0           0.0  2002   0.0    0.0      0.0
                                      2001
  MONTH TO DATE    0.0                       0.0    0.0      0.0
  SINCE JUN 1      0.0                       0.0    0.0      0.0
  SINCE JUL 1      0.0                       0.0    0.0      0.0
  SNOW DEPTH       0

DEGREE DAYS
 HEATING
  YESTERDAY        0                         0      0        0
  MONTH TO DATE    0                         0      0        0
  SINCE JUN 1     27                        36     -9        9
  SINCE JUL 1      0                         3     -3        0

 COOLING
  YESTERDAY        7                         7      0       13
  MONTH TO DATE  163                       152     11      265
  SINCE JUN 1    707                       572    135      844
  SINCE JAN 1    767                       617    150      931
..................................................................


WIND (MPH)
  HIGHEST WIND SPEED    13   HIGHEST WIND DIRECTION    NW (330)
  HIGHEST GUST SPEED    16   HIGHEST GUST DIRECTION    NW (320)
  AVERAGE WIND SPEED     5.7


SKY COVER
  POSSIBLE SUNSHINE  MM
  AVERAGE SKY COVER 0.0


WEATHER CONDITIONS
 THE FOLLOWING WEATHER WAS RECORDED YESTERDAY.
  NO SIGNIFICANT WEATHER WAS OBSERVED.


RELATIVE HUMIDITY (PERCENT)
 HIGHEST    90           200 AM
 LOWEST     47           200 PM
 AVERAGE    69

..........................................................


THE ALLENTOWN PA CLIMATE NORMALS FOR TODAY
                         NORMAL    RECORD    YEAR
 MAXIMUM TEMPERATURE (F)   82        95      1937
 MINIMUM TEMPERATURE (F)   60        45      2000


SUNRISE AND SUNSET
AUGUST 21 2017........SUNRISE   618 AM EDT   SUNSET   751 PM EDT
AUGUST 22 2017........SUNRISE   619 AM EDT   SUNSET   749 PM EDT


-  INDICATES NEGATIVE NUMBERS.
R  INDICATES RECORD WAS SET OR TIED.
MM INDICATES DATA IS MISSING.
T  INDICATES TRACE AMOUNT.




$$
