000
CDUS41 KPHI 190629
CLIABE


CLIMATE REPORT
NATIONAL WEATHER SERVICE MOUNT HOLLY NJ
127 AM EST SUN FEB 19 2017


...................................

...THE ALLENTOWN PA CLIMATE SUMMARY FOR FEBRUARY 18 2017...

CLIMATE NORMAL PERIOD 1981 TO 2010
CLIMATE RECORD PERIOD 1922 TO 2017


WEATHER ITEM   OBSERVED TIME   RECORD YEAR NORMAL DEPARTURE LAST
                VALUE   (LST)  VALUE       VALUE  FROM      YEAR
                                                  NORMAL
..................................................................
TEMPERATURE (F)
 YESTERDAY
  MAXIMUM         67R   408 PM  67    2011  41     26       34
  MINIMUM         23    607 AM  -6    1979  22      1       20
  AVERAGE         45                        31     14       27

PRECIPITATION (IN)
  YESTERDAY        0.00          1.04 1960   0.09  -0.09      T
  MONTH TO DATE    1.20                      1.73  -0.53     2.49
  SINCE DEC 1      7.02                      8.34  -1.32     9.86
  SINCE JAN 1      4.59                      4.76  -0.17     5.66

SNOWFALL (IN)
  YESTERDAY        0.0           3.9  2000   0.5   -0.5       T
  MONTH TO DATE    7.1                       7.5   -0.4      3.6
  SINCE DEC 1     10.0                      22.7  -12.7     35.9
  SINCE JUL 1     10.0                      23.4  -13.4     35.9
  SNOW DEPTH       0

DEGREE DAYS
 HEATING
  YESTERDAY       20                        34    -14       38
  MONTH TO DATE  549                       636    -87      620
  SINCE DEC 1   2429                      2806   -377     2307
  SINCE JUL 1   3334                      3986   -652     3189

 COOLING
  YESTERDAY        0                         0      0        0
  MONTH TO DATE    0                         0      0        0
  SINCE DEC 1      0                         0      0        0
  SINCE JAN 1      0                         0      0        0
..................................................................


WIND (MPH)
  HIGHEST WIND SPEED    21   HIGHEST WIND DIRECTION     W (250)
  HIGHEST GUST SPEED    27   HIGHEST GUST DIRECTION     W (250)
  AVERAGE WIND SPEED     5.6


SKY COVER
  POSSIBLE SUNSHINE  MM
  AVERAGE SKY COVER 0.0


WEATHER CONDITIONS
 THE FOLLOWING WEATHER WAS RECORDED YESTERDAY.
  NO SIGNIFICANT WEATHER WAS OBSERVED.


RELATIVE HUMIDITY (PERCENT)
 HIGHEST    81           500 AM
 LOWEST     29           300 PM
 AVERAGE    55

..........................................................


THE ALLENTOWN PA CLIMATE NORMALS FOR TODAY
                         NORMAL    RECORD    YEAR
 MAXIMUM TEMPERATURE (F)   41        63      1997
 MINIMUM TEMPERATURE (F)   22         0      1936


SUNRISE AND SUNSET
FEBRUARY 19 2017......SUNRISE   650 AM EST   SUNSET   542 PM EST
FEBRUARY 20 2017......SUNRISE   648 AM EST   SUNSET   543 PM EST


-  INDICATES NEGATIVE NUMBERS.
R  INDICATES RECORD WAS SET OR TIED.
MM INDICATES DATA IS MISSING.
T  INDICATES TRACE AMOUNT.




$$
