000
CDUS41 KPHI 260630
CLIABE


CLIMATE REPORT
NATIONAL WEATHER SERVICE MOUNT HOLLY NJ
229 AM EDT THU MAY 26 2016


...................................

...THE ALLENTOWN PA CLIMATE SUMMARY FOR MAY 25 2016...

CLIMATE NORMAL PERIOD 1981 TO 2010
CLIMATE RECORD PERIOD 1922 TO 2016


WEATHER ITEM   OBSERVED TIME   RECORD YEAR NORMAL DEPARTURE LAST
                VALUE   (LST)  VALUE       VALUE  FROM      YEAR
                                                  NORMAL
..................................................................
TEMPERATURE (F)
 YESTERDAY
  MAXIMUM         87    404 PM  90    1991  74     13       89
  MINIMUM         50    427 AM  33    1956  51     -1       58
  AVERAGE         69                        63      6       74

PRECIPITATION (IN)
  YESTERDAY        0.00          2.20 1952   0.14  -0.14     0.00
  MONTH TO DATE    3.09                      3.28  -0.19     0.09
  SINCE MAR 1      5.84                     10.23  -4.39     6.33
  SINCE JAN 1     14.87                     15.96  -1.09    10.88

SNOWFALL (IN)
  YESTERDAY        0.0           0.0    MM   0.0    0.0      0.0
  MONTH TO DATE    0.0                       0.0    0.0      0.0
  SINCE MAR 1      0.3                       5.9   -5.6     17.8
  SINCE JUL 1     36.2                      32.9    3.3     50.1
  SNOW DEPTH       0

DEGREE DAYS
 HEATING
  YESTERDAY        0                         4     -4        0
  MONTH TO DATE  194                       177     17       81
  SINCE MAR 1   1199                      1438   -239     1447
  SINCE JUL 1   4656                      5747  -1091     5928

 COOLING
  YESTERDAY        4                         2      2        9
  MONTH TO DATE    8                        24    -16       70
  SINCE MAR 1     17                        29    -12       70
  SINCE JAN 1     17                        29    -12       70
..................................................................


WIND (MPH)
  HIGHEST WIND SPEED    18   HIGHEST WIND DIRECTION    SW (240)
  HIGHEST GUST SPEED    25   HIGHEST GUST DIRECTION    SW (230)
  AVERAGE WIND SPEED     5.8


SKY COVER
  POSSIBLE SUNSHINE  MM
  AVERAGE SKY COVER 0.0


WEATHER CONDITIONS
 THE FOLLOWING WEATHER WAS RECORDED YESTERDAY.
  FOG


RELATIVE HUMIDITY (PERCENT)
 HIGHEST    93           600 AM
 LOWEST     24           300 PM
 AVERAGE    59

..........................................................


THE ALLENTOWN PA CLIMATE NORMALS FOR TODAY
                         NORMAL    RECORD    YEAR
 MAXIMUM TEMPERATURE (F)   75        92      2010
 MINIMUM TEMPERATURE (F)   52        39      1956


SUNRISE AND SUNSET
MAY 26 2016...........SUNRISE   536 AM EDT   SUNSET   822 PM EDT
MAY 27 2016...........SUNRISE   535 AM EDT   SUNSET   823 PM EDT


-  INDICATES NEGATIVE NUMBERS.
R  INDICATES RECORD WAS SET OR TIED.
MM INDICATES DATA IS MISSING.
T  INDICATES TRACE AMOUNT.




$$
