000
CDUS44 KSJT 010653
CLIABI


CLIMATE REPORT
NATIONAL WEATHER SERVICE SAN ANGELO TX
152 AM CDT TUE SEP 1 2015


...................................

...THE ABILENE CLIMATE SUMMARY FOR AUGUST 31 2015...

CLIMATE NORMAL PERIOD 1981 TO 2010
CLIMATE RECORD PERIOD 1886 TO 2015


WEATHER ITEM   OBSERVED TIME   RECORD YEAR NORMAL DEPARTURE LAST
                VALUE   (LST)  VALUE       VALUE  FROM      YEAR
                                                  NORMAL
..................................................................
TEMPERATURE (F)
 YESTERDAY
  MAXIMUM         94    421 PM 107    1952  92      2       99
  MINIMUM         69    641 AM  48    1915  69      0       74
  AVERAGE         82                        80      2       87

PRECIPITATION (IN)
  YESTERDAY        0.00          1.71 1994   0.09  -0.09     0.00
  MONTH TO DATE    0.62                      2.59  -1.97     0.30
  SINCE JUN 1     12.54                      8.02   4.52     6.51
  SINCE JAN 1     25.17                     16.96   8.21    10.50

DEGREE DAYS
 HEATING
  YESTERDAY        0                         0      0        0
  MONTH TO DATE    0                         0      0        0
  SINCE JUN 1      0                         1     -1        0
  SINCE JUL 1      0                         0      0        0

 COOLING
  YESTERDAY       17                        15      2       22
  MONTH TO DATE  624                       552     72      622
  SINCE JUN 1   1696                      1548    148     1670
  SINCE JAN 1   2085                      1945    140     2184
..................................................................


WIND (MPH)
  HIGHEST WIND SPEED    18   HIGHEST WIND DIRECTION    SE (140)
  HIGHEST GUST SPEED    23   HIGHEST GUST DIRECTION    SE (140)
  AVERAGE WIND SPEED     9.8


SKY COVER
  POSSIBLE SUNSHINE  MM
  AVERAGE SKY COVER 0.0


WEATHER CONDITIONS
 THE FOLLOWING WEATHER WAS RECORDED YESTERDAY.
  NO SIGNIFICANT WEATHER WAS OBSERVED.


RELATIVE HUMIDITY (PERCENT)
 HIGHEST    73           600 AM
 LOWEST     30           500 PM
 AVERAGE    52

..........................................................


THE ABILENE CLIMATE NORMALS FOR TODAY
                         NORMAL    RECORD    YEAR
 MAXIMUM TEMPERATURE (F)   91       106      1952
 MINIMUM TEMPERATURE (F)   69        57      1950
                                             1915


SUNRISE AND SUNSET
SEPTEMBER  1 2015.....SUNRISE   714 AM CDT   SUNSET   803 PM CDT
SEPTEMBER  2 2015.....SUNRISE   714 AM CDT   SUNSET   802 PM CDT


-  INDICATES NEGATIVE NUMBERS.
R  INDICATES RECORD WAS SET OR TIED.
MM INDICATES DATA IS MISSING.
T  INDICATES TRACE AMOUNT.




$$
