000
CDUS44 KSJT 200652
CLIABI


CLIMATE REPORT
NATIONAL WEATHER SERVICE SAN ANGELO TX
151 AM CDT SAT SEP 20 2014


...................................

...THE ABILENE CLIMATE SUMMARY FOR SEPTEMBER 19 2014...

CLIMATE NORMAL PERIOD 1981 TO 2010
CLIMATE RECORD PERIOD 1886 TO 2014


WEATHER ITEM   OBSERVED TIME   RECORD YEAR NORMAL DEPARTURE LAST
                VALUE   (LST)  VALUE       VALUE  FROM      YEAR
                                                  NORMAL
..................................................................
TEMPERATURE (F)
 YESTERDAY
  MAXIMUM         86    408 PM  99    1956  86      0       80
                                      1913
  MINIMUM         69    727 AM  45    1991  63      6       71
  AVERAGE         78                        74      4       76

PRECIPITATION (IN)
  YESTERDAY        0.00          1.88 1896   0.07  -0.07     0.50
  MONTH TO DATE    0.72                      1.45  -0.73     0.51
  SINCE SEP 1      0.72                      1.45  -0.73     0.51
  SINCE JAN 1     11.22                     18.41  -7.19    16.84

DEGREE DAYS
 HEATING
  YESTERDAY        0                         0      0        0
  MONTH TO DATE    5                         0      5        0
  SINCE SEP 1      5                         0      5        0
  SINCE JUL 1      5                         0      5        0

 COOLING
  YESTERDAY       13                        10      3       11
  MONTH TO DATE  277                       237     40      329
  SINCE SEP 1    277                       237     40      329
  SINCE JAN 1   2461                      2182    279     2483
..................................................................


WIND (MPH)
  HIGHEST WIND SPEED    15   HIGHEST WIND DIRECTION    SE (140)
  HIGHEST GUST SPEED    18   HIGHEST GUST DIRECTION    SE (140)
  AVERAGE WIND SPEED     7.1


SKY COVER
  POSSIBLE SUNSHINE  MM
  AVERAGE SKY COVER 0.4


WEATHER CONDITIONS
 THE FOLLOWING WEATHER WAS RECORDED YESTERDAY.
  FOG


RELATIVE HUMIDITY (PERCENT)
 HIGHEST   100           700 AM
 LOWEST     58           300 PM
 AVERAGE    79

..........................................................


THE ABILENE CLIMATE NORMALS FOR TODAY
                         NORMAL    RECORD    YEAR
 MAXIMUM TEMPERATURE (F)   85       101      1954
                                             1953
 MINIMUM TEMPERATURE (F)   63        41      1971


SUNRISE AND SUNSET
SEPTEMBER 20 2014.....SUNRISE   726 AM CDT   SUNSET   738 PM CDT
SEPTEMBER 21 2014.....SUNRISE   726 AM CDT   SUNSET   737 PM CDT


-  INDICATES NEGATIVE NUMBERS.
R  INDICATES RECORD WAS SET OR TIED.
MM INDICATES DATA IS MISSING.
T  INDICATES TRACE AMOUNT.


$$
