000
CDUS44 KSJT 222331
CLIABI


CLIMATE REPORT
NATIONAL WEATHER SERVICE SAN ANGELO TX
530 PM CST MON DEC 22 2014


...................................

...THE ABILENE CLIMATE SUMMARY FOR DECEMBER 22 2014...
VALID TODAY AS OF 0500 PM LOCAL TIME.

CLIMATE NORMAL PERIOD 1981 TO 2010
CLIMATE RECORD PERIOD 1886 TO 2014


WEATHER ITEM   OBSERVED TIME   RECORD YEAR NORMAL DEPARTURE LAST
                VALUE   (LST)  VALUE       VALUE  FROM      YEAR
                                                  NORMAL
..................................................................
TEMPERATURE (F)
 TODAY
  MAXIMUM         66    251 PM  79    1964  56     10       44
  MINIMUM         48    802 AM  -2    1989  33     15       28
  AVERAGE         57                        44     13       36

PRECIPITATION (IN)
  TODAY            0.00          1.45 1932   0.04  -0.04      T
  MONTH TO DATE    0.02                      0.89  -0.87     1.11
  SINCE DEC 1      0.02                      0.89  -0.87     1.11
  SINCE JAN 1     14.51                     24.48  -9.97    23.19

SNOWFALL (IN)
  TODAY            0.0           4.3  2004   0.0    0.0      0.0
  MONTH TO DATE    0.0                       0.7   -0.7      0.8
  SINCE NOV 1      0.1                       1.4   -1.3      1.3
  SINCE JUL 1      0.1                       1.4   -1.3      1.3

DEGREE DAYS
 HEATING
  TODAY            8                        21    -13       29
  MONTH TO DATE  241                       423   -182      475
  SINCE DEC 1    241                       423   -182      475
  SINCE JUL 1    658                       856   -198      947

 COOLING
  TODAY            0                         0      0        0
  MONTH TO DATE    0                         0      0        1
  SINCE DEC 1      0                         0      0        1
  SINCE JAN 1   2819                      2408    411     2723
..................................................................


WIND (MPH)
  HIGHEST WIND SPEED    24   HIGHEST WIND DIRECTION     N (340)
  HIGHEST GUST SPEED    32   HIGHEST GUST DIRECTION     S (200)
  AVERAGE WIND SPEED    13.7


SKY COVER
  POSSIBLE SUNSHINE  MM
  AVERAGE SKY COVER 0.0


WEATHER CONDITIONS
 THE FOLLOWING WEATHER WAS RECORDED TODAY.
  NO SIGNIFICANT WEATHER WAS OBSERVED.


RELATIVE HUMIDITY (PERCENT)
 HIGHEST    80           100 AM
 LOWEST     34           100 PM
 AVERAGE    57

..........................................................


THE ABILENE CLIMATE NORMALS FOR TOMORROW
                         NORMAL    RECORD    YEAR
 MAXIMUM TEMPERATURE (F)   56        87      1955
 MINIMUM TEMPERATURE (F)   33        -7      1989


SUNRISE AND SUNSET
DECEMBER 22 2014......SUNRISE   737 AM CST   SUNSET   538 PM CST
DECEMBER 23 2014......SUNRISE   737 AM CST   SUNSET   539 PM CST


-  INDICATES NEGATIVE NUMBERS.
R  INDICATES RECORD WAS SET OR TIED.
MM INDICATES DATA IS MISSING.
T  INDICATES TRACE AMOUNT.




$$
