000
CDUS44 KSJT 082329
CLIABI


CLIMATE REPORT
NATIONAL WEATHER SERVICE SAN ANGELO TX
528 PM CST THU DEC 8 2016


...................................

...THE ABILENE CLIMATE SUMMARY FOR DECEMBER 8 2016...
VALID TODAY AS OF 0500 PM LOCAL TIME.

CLIMATE NORMAL PERIOD 1981 TO 2010
CLIMATE RECORD PERIOD 1886 TO 2016


WEATHER ITEM   OBSERVED TIME   RECORD YEAR NORMAL DEPARTURE LAST
                VALUE   (LST)  VALUE       VALUE  FROM      YEAR
                                                  NORMAL
..................................................................
TEMPERATURE (F)
 TODAY
  MAXIMUM         37   1222 AM  79    1897  58    -21       76
  MINIMUM         26    858 AM  10    2005  35     -9       46
  AVERAGE         32                        46    -14       61

PRECIPITATION (IN)
  TODAY            0.04          1.35 1899   0.04   0.00     0.00
  MONTH TO DATE    1.37                      0.32   1.05     0.00
  SINCE DEC 1      1.37                      0.32   1.05     0.00
  SINCE JAN 1     36.98                     23.91  13.07    38.21

SNOWFALL (IN)
  TODAY           MM             T    1989   0.0   MM        0.0
  MONTH TO DATE    0.0                       0.2   -0.2      0.0
  SINCE NOV 1      0.0                       0.9   -0.9       T
  SINCE JUL 1      0.0                       0.9   -0.9       T

DEGREE DAYS
 HEATING
  TODAY           33                        19     14        4
  MONTH TO DATE  165                       142     23      119
  SINCE DEC 1    165                       142     23      119
  SINCE JUL 1    356                       575   -219      462

 COOLING
  TODAY            0                         0      0        0
  MONTH TO DATE    0                         0      0        0
  SINCE DEC 1      0                         0      0        0
  SINCE JAN 1   2601                      2408    193     2739
..................................................................


WIND (MPH)
  HIGHEST WIND SPEED    22   HIGHEST WIND DIRECTION    NE (30)
  HIGHEST GUST SPEED    31   HIGHEST GUST DIRECTION    NE (30)
  AVERAGE WIND SPEED    15.4


SKY COVER
  POSSIBLE SUNSHINE  MM
  AVERAGE SKY COVER 1.0


WEATHER CONDITIONS
 THE FOLLOWING WEATHER WAS RECORDED TODAY.
  LIGHT SNOW
  FOG
  HAZE


RELATIVE HUMIDITY (PERCENT)
 HIGHEST    84           900 AM
 LOWEST     58           500 PM
 AVERAGE    71

..........................................................


THE ABILENE CLIMATE NORMALS FOR TOMORROW
                         NORMAL    RECORD    YEAR
 MAXIMUM TEMPERATURE (F)   58        80      1929
 MINIMUM TEMPERATURE (F)   34        11      1898


SUNRISE AND SUNSET
DECEMBER  8 2016......SUNRISE   728 AM CST   SUNSET   533 PM CST
DECEMBER  9 2016......SUNRISE   729 AM CST   SUNSET   534 PM CST


-  INDICATES NEGATIVE NUMBERS.
R  INDICATES RECORD WAS SET OR TIED.
MM INDICATES DATA IS MISSING.
T  INDICATES TRACE AMOUNT.




$$
