000
CDUS44 KSJT 010653
CLIABI


CLIMATE REPORT
NATIONAL WEATHER SERVICE SAN ANGELO TX
153 AM CDT SUN MAY 1 2016


...................................

...THE ABILENE CLIMATE SUMMARY FOR APRIL 30 2016...

CLIMATE NORMAL PERIOD 1981 TO 2010
CLIMATE RECORD PERIOD 1886 TO 2016


WEATHER ITEM   OBSERVED TIME   RECORD YEAR NORMAL DEPARTURE LAST
                VALUE   (LST)  VALUE       VALUE  FROM      YEAR
                                                  NORMAL
..................................................................
TEMPERATURE (F)
 YESTERDAY
  MAXIMUM         77    420 PM  99    1948  81     -4       81
  MINIMUM         50    630 AM  34    1903  56     -6       49
  AVERAGE         64                        69     -5       65

PRECIPITATION (IN)
  YESTERDAY        0.00          0.90 1974   0.08  -0.08     0.00
  MONTH TO DATE    6.24                      1.64   4.60     2.18
  SINCE MAR 1      8.55                      3.38   5.17     3.78
  SINCE JAN 1      9.27                      5.76   3.51     7.29

SNOWFALL (IN)
  YESTERDAY        0.0           0.0  2000   0.0    0.0      0.0
  MONTH TO DATE    T                         0.3   -0.3      0.0
  SINCE NOV 1      5.1                       4.7    0.4      3.7
  SINCE JUL 1      5.1                       4.7    0.4      3.7

DEGREE DAYS
 HEATING
  YESTERDAY        1                         2     -1        0
  MONTH TO DATE   80                       113    -33       63
  SINCE MAR 1    267                       409   -142      389
  SINCE JUL 1   2021                      2542   -521     2466

 COOLING
  YESTERDAY        0                         5     -5        0
  MONTH TO DATE   63                        99    -36      120
  SINCE MAR 1     81                       128    -47      167
  SINCE JAN 1     95                       133    -38      171
..................................................................


WIND (MPH)
  HIGHEST WIND SPEED    21   HIGHEST WIND DIRECTION     N (340)
  HIGHEST GUST SPEED    25   HIGHEST GUST DIRECTION     N (340)
  AVERAGE WIND SPEED     9.2


SKY COVER
  POSSIBLE SUNSHINE  MM
  AVERAGE SKY COVER 0.1


WEATHER CONDITIONS
 THE FOLLOWING WEATHER WAS RECORDED YESTERDAY.
  NO SIGNIFICANT WEATHER WAS OBSERVED.


RELATIVE HUMIDITY (PERCENT)
 HIGHEST    86           600 AM
 LOWEST     38           400 PM
 AVERAGE    62

..........................................................


THE ABILENE CLIMATE NORMALS FOR TODAY
                         NORMAL    RECORD    YEAR
 MAXIMUM TEMPERATURE (F)   81       100      2002
 MINIMUM TEMPERATURE (F)   57        36      1909
                                             1903


SUNRISE AND SUNSET
MAY  1 2016...........SUNRISE   652 AM CDT   SUNSET   820 PM CDT
MAY  2 2016...........SUNRISE   651 AM CDT   SUNSET   821 PM CDT


-  INDICATES NEGATIVE NUMBERS.
R  INDICATES RECORD WAS SET OR TIED.
MM INDICATES DATA IS MISSING.
T  INDICATES TRACE AMOUNT.




$$
