000
CDUS45 KABQ 280828
CLIABQ


CLIMATE REPORT
NATIONAL WEATHER SERVICE ALBUQUERQUE NM
227 AM MDT TUE MAR 28 2017


...................................

...THE ALBUQUERQUE  NM CLIMATE SUMMARY FOR MARCH 27 2017...

CLIMATE NORMAL PERIOD 1981 TO 2010
CLIMATE RECORD PERIOD 1891 TO 2017


WEATHER ITEM   OBSERVED TIME   RECORD YEAR NORMAL DEPARTURE LAST
                VALUE   (LST)  VALUE       VALUE  FROM      YEAR
                                                  NORMAL
..................................................................
TEMPERATURE (F)
 YESTERDAY
  MAXIMUM         69    306 PM  84    1971  63      6       63
  MINIMUM         37    245 AM  10    1913  38     -1       31
  AVERAGE         53                        50      3       47

PRECIPITATION (IN)
  YESTERDAY        T             0.45 1921   0.01  -0.01
  MONTH TO DATE    T                         0.49  -0.49
  SINCE MAR 1      T                         0.49  -0.49
  SINCE JAN 1      1.39                      1.35   0.04

SNOWFALL (IN)
  YESTERDAY       MM
  MONTH TO DATE    0.0
  SINCE MAR 1      0.0
  SINCE JUL 1      2.9
  SNOW DEPTH       0

DEGREE DAYS
 HEATING
  YESTERDAY       12                        15     -3       18
  MONTH TO DATE  256                       469   -213      353
  SINCE MAR 1    256                       469   -213      353
  SINCE JUL 1   2938                      3772   -834     3363

 COOLING
  YESTERDAY        0                         0      0        0
  MONTH TO DATE    1                         0      1        0
  SINCE MAR 1      1                         0      1        0
  SINCE JAN 1      1                         0      1        0
..................................................................


WIND (MPH)
  HIGHEST WIND SPEED    22   HIGHEST WIND DIRECTION    SW (240)
  HIGHEST GUST SPEED    28   HIGHEST GUST DIRECTION    SW (240)
  AVERAGE WIND SPEED     7.2


SKY COVER
  POSSIBLE SUNSHINE  MM
  AVERAGE SKY COVER 0.5


WEATHER CONDITIONS
 THE FOLLOWING WEATHER WAS RECORDED YESTERDAY.
  NO SIGNIFICANT WEATHER WAS OBSERVED.


RELATIVE HUMIDITY (PERCENT)
 HIGHEST    59          1100 PM
 LOWEST     14           300 PM
 AVERAGE    37

..........................................................


THE ALBUQUERQUE  NM CLIMATE NORMALS FOR TODAY
                         NORMAL    RECORD    YEAR
 MAXIMUM TEMPERATURE (F)   64        81      2015
 MINIMUM TEMPERATURE (F)   38        18      1913


SUNRISE AND SUNSET
MARCH 28 2017.........SUNRISE   658 AM MDT   SUNSET   725 PM MDT
MARCH 29 2017.........SUNRISE   657 AM MDT   SUNSET   726 PM MDT


-  INDICATES NEGATIVE NUMBERS.
R  INDICATES RECORD WAS SET OR TIED.
MM INDICATES DATA IS MISSING.
T  INDICATES TRACE AMOUNT.




$$
