000
CDUS45 KABQ 030842
CLIABQ


CLIMATE REPORT
NATIONAL WEATHER SERVICE ALBUQUERQUE NM
139 AM MST TUE MAR 3 2015


...................................

...THE ALBUQUERQUE  NM CLIMATE SUMMARY FOR MARCH 2 2015...

CLIMATE NORMAL PERIOD 1981 TO 2010
CLIMATE RECORD PERIOD 1891 TO 2015


WEATHER ITEM   OBSERVED TIME   RECORD YEAR NORMAL DEPARTURE LAST
                VALUE   (LST)  VALUE       VALUE  FROM      YEAR
                                                  NORMAL
..................................................................
TEMPERATURE (F)
 YESTERDAY
  MAXIMUM         59    411 PM  76    1904  57      2       57
  MINIMUM         35    735 AM   6    1922  33      2       37
  AVERAGE         47                        45      2       47

PRECIPITATION (IN)
  YESTERDAY        T             0.35 1915   0.01  -0.01
  MONTH TO DATE    T                         0.03  -0.03
  SINCE MAR 1      T                         0.03  -0.03
  SINCE JAN 1      1.31                      0.89   0.42

SNOWFALL (IN)
  YESTERDAY        0.0
  MONTH TO DATE    0.0
  SINCE MAR 1      0.0
  SINCE JUL 1     15.2
  SNOW DEPTH       0

DEGREE DAYS
 HEATING
  YESTERDAY       18                        20     -2       18
  MONTH TO DATE   35                        40     -5       33
  SINCE MAR 1     35                        40     -5       33
  SINCE JUL 1   2956                      3343   -387     3176

 COOLING
  YESTERDAY        0                         0      0        0
  MONTH TO DATE    0                         0      0        0
  SINCE MAR 1      0                         0      0        0
  SINCE JAN 1      0                         0      0        0
..................................................................


WIND (MPH)
  HIGHEST WIND SPEED    35   HIGHEST WIND DIRECTION     S (190)
  HIGHEST GUST SPEED    46   HIGHEST GUST DIRECTION     S (190)
  AVERAGE WIND SPEED    15.3


SKY COVER
  POSSIBLE SUNSHINE  MM
  AVERAGE SKY COVER 0.9


WEATHER CONDITIONS
 THE FOLLOWING WEATHER WAS RECORDED YESTERDAY.
  LIGHT RAIN


RELATIVE HUMIDITY (PERCENT)
 HIGHEST    76           200 AM
 LOWEST     36           200 PM
 AVERAGE    56

..........................................................


THE ALBUQUERQUE  NM CLIMATE NORMALS FOR TODAY
                         NORMAL    RECORD    YEAR
 MAXIMUM TEMPERATURE (F)   57        77      1972
 MINIMUM TEMPERATURE (F)   34        13      1971


SUNRISE AND SUNSET
MARCH  3 2015.........SUNRISE   634 AM MST   SUNSET   604 PM MST
MARCH  4 2015.........SUNRISE   632 AM MST   SUNSET   605 PM MST


-  INDICATES NEGATIVE NUMBERS.
R  INDICATES RECORD WAS SET OR TIED.
MM INDICATES DATA IS MISSING.
T  INDICATES TRACE AMOUNT.




$$
