000
CDUS45 KABQ 260826
CLIABQ


CLIMATE REPORT
NATIONAL WEATHER SERVICE ALBUQUERQUE NM
225 AM MDT THU MAY 26 2016


...................................

...THE ALBUQUERQUE  NM CLIMATE SUMMARY FOR MAY 25 2016...

CLIMATE NORMAL PERIOD 1981 TO 2010
CLIMATE RECORD PERIOD 1891 TO 2016


WEATHER ITEM   OBSERVED TIME   RECORD YEAR NORMAL DEPARTURE LAST
                VALUE   (LST)  VALUE       VALUE  FROM      YEAR
                                                  NORMAL
..................................................................
TEMPERATURE (F)
 YESTERDAY
  MAXIMUM         80    535 PM  92    2013  82     -2       70
                                      2006
                                      1984
  MINIMUM         51    232 AM  33    1980  55     -4       48
  AVERAGE         66                        68     -2       59

PRECIPITATION (IN)
  YESTERDAY        0.00          0.77 1994   0.02  -0.02
  MONTH TO DATE    0.11                      0.40  -0.29
  SINCE MAR 1      0.77                      1.58  -0.81
  SINCE JAN 1      1.19                      2.44  -1.25

SNOWFALL (IN)
  YESTERDAY        0.0
  MONTH TO DATE    T
  SINCE MAR 1      T
  SINCE JUL 1      9.8
  SNOW DEPTH       0

DEGREE DAYS
 HEATING
  YESTERDAY        0                         1     -1        6
  MONTH TO DATE   83                        66     17      122
  SINCE MAR 1    767                       867   -100      727
  SINCE JUL 1   3777                      4170   -393     3648

 COOLING
  YESTERDAY        1                         5     -4        0
  MONTH TO DATE   48                        60    -12        4
  SINCE MAR 1     53                        67    -14        4
  SINCE JAN 1     53                        67    -14        4
..................................................................


WIND (MPH)
  HIGHEST WIND SPEED    23   HIGHEST WIND DIRECTION     S (160)
  HIGHEST GUST SPEED    27   HIGHEST GUST DIRECTION     S (160)
  AVERAGE WIND SPEED     6.8


SKY COVER
  POSSIBLE SUNSHINE  MM
  AVERAGE SKY COVER 0.2


WEATHER CONDITIONS
 THE FOLLOWING WEATHER WAS RECORDED YESTERDAY.
  NO SIGNIFICANT WEATHER WAS OBSERVED.


RELATIVE HUMIDITY (PERCENT)
 HIGHEST    19           300 AM
 LOWEST      8           600 PM
 AVERAGE    14

..........................................................


THE ALBUQUERQUE  NM CLIMATE NORMALS FOR TODAY
                         NORMAL    RECORD    YEAR
 MAXIMUM TEMPERATURE (F)   82        95      1951
 MINIMUM TEMPERATURE (F)   55        34      1917


SUNRISE AND SUNSET
MAY 26 2016...........SUNRISE   556 AM MDT   SUNSET   812 PM MDT
MAY 27 2016...........SUNRISE   555 AM MDT   SUNSET   812 PM MDT


-  INDICATES NEGATIVE NUMBERS.
R  INDICATES RECORD WAS SET OR TIED.
MM INDICATES DATA IS MISSING.
T  INDICATES TRACE AMOUNT.




$$
