000
CDUS43 KABR 181200
CLIABR


CLIMATE REPORT
NATIONAL WEATHER SERVICE ABERDEEN SD
700 AM CDT FRI AUG 18 2017


...................................

...THE ABERDEEN SD CLIMATE SUMMARY FOR AUGUST 17 2017...

CLIMATE NORMAL PERIOD 1981 TO 2010
CLIMATE RECORD PERIOD 1893 TO 2017


WEATHER ITEM   OBSERVED TIME   RECORD YEAR NORMAL DEPARTURE LAST
                VALUE   (LST)  VALUE       VALUE  FROM      YEAR
                                                  NORMAL
..................................................................
TEMPERATURE (F)
 YESTERDAY
  MAXIMUM         81    404 PM 104    1976  82     -1       88
  MINIMUM         57    600 AM  39    2012  56      1       55
  AVERAGE         69                        69      0       72

PRECIPITATION (IN)
  YESTERDAY        0.00          3.25 1990   0.08  -0.08     0.00
  MONTH TO DATE    1.40                      1.33   0.07     1.69
  SINCE JUN 1      7.39                      8.05  -0.66     6.79
  SINCE JAN 1     10.77                     15.19  -4.42    13.73

DEGREE DAYS
 HEATING
  YESTERDAY        0                         1     -1        0
  MONTH TO DATE   10                        13     -3        0
  SINCE JUN 1     62                       103    -41       28
  SINCE JUL 1     10                        27    -17        8

 COOLING
  YESTERDAY        4                         5     -1        7
  MONTH TO DATE   26                       104    -78      138
  SINCE JUN 1    443                       404     39      560
  SINCE JAN 1    455                       427     28      593
..................................................................


WIND (MPH)
  HIGHEST WIND SPEED    13   HIGHEST WIND DIRECTION    NW (320)
  HIGHEST GUST SPEED    15   HIGHEST GUST DIRECTION    NW (320)
  AVERAGE WIND SPEED     6.7


SKY COVER
  POSSIBLE SUNSHINE  MM
  AVERAGE SKY COVER 0.0


WEATHER CONDITIONS
 THE FOLLOWING WEATHER WAS RECORDED YESTERDAY.
  NO SIGNIFICANT WEATHER WAS OBSERVED.


RELATIVE HUMIDITY (PERCENT)
 HIGHEST   100          1200 AM
 LOWEST     39           200 PM
 AVERAGE    70

..........................................................


THE ABERDEEN SD CLIMATE NORMALS FOR TODAY
                         NORMAL    RECORD    YEAR
 MAXIMUM TEMPERATURE (F)   82       109      1959
 MINIMUM TEMPERATURE (F)   56        38      2002


SUNRISE AND SUNSET
AUGUST 18 2017........SUNRISE   638 AM CDT   SUNSET   836 PM CDT
AUGUST 19 2017........SUNRISE   640 AM CDT   SUNSET   834 PM CDT


-  INDICATES NEGATIVE NUMBERS.
R  INDICATES RECORD WAS SET OR TIED.
MM INDICATES DATA IS MISSING.
T  INDICATES TRACE AMOUNT.




$$
