374
CDUS43 KABR 191032
CLIABR


CLIMATE REPORT
NATIONAL WEATHER SERVICE ABERDEEN SD
531 AM CDT THU OCT 19 2017


...................................

...THE ABERDEEN SD CLIMATE SUMMARY FOR OCTOBER 18 2017...

CLIMATE NORMAL PERIOD 1981 TO 2010
CLIMATE RECORD PERIOD 1893 TO 2017


WEATHER ITEM   OBSERVED TIME   RECORD YEAR NORMAL DEPARTURE LAST
                VALUE   (LST)  VALUE       VALUE  FROM      YEAR
                                                  NORMAL
..................................................................
TEMPERATURE (F)
 YESTERDAY
  MAXIMUM         63   1036 AM  90    1910  57      6       67
  MINIMUM         34   1100 PM  12    1930  32      2       40
  AVERAGE         49                        44      5       54

PRECIPITATION (IN)
  YESTERDAY        0.00          2.00 1944   0.07  -0.07      T
  MONTH TO DATE    0.68                      1.30  -0.62     0.67
  SINCE SEP 1      2.57                      3.49  -0.92     1.90
  SINCE JAN 1     14.63                     19.78  -5.15    15.96

SNOWFALL (IN)
  YESTERDAY        0.0           2.4  1976   0.1   -0.1      0.0
  MONTH TO DATE    0.0                       0.2   -0.2      0.0
  SINCE OCT 1      0.0                       0.2   -0.2      0.0
  SINCE JUL 1      0.0                       0.2   -0.2      0.0
  SNOW DEPTH       0

DEGREE DAYS
 HEATING
  YESTERDAY       16                        21     -5       11
  MONTH TO DATE  275                       305    -30      242
  SINCE SEP 1    429                       528    -99      369
  SINCE JUL 1    448                       579   -131      400

 COOLING
  YESTERDAY        0                         0      0        0
  MONTH TO DATE    2                         0      2        7
  SINCE SEP 1     65                        40     25       61
  SINCE JAN 1    550                       523     27      722
..................................................................


WIND (MPH)
  HIGHEST WIND SPEED    28   HIGHEST WIND DIRECTION    NW (330)
  HIGHEST GUST SPEED    34   HIGHEST GUST DIRECTION    NW (330)
  AVERAGE WIND SPEED     9.1


SKY COVER
  POSSIBLE SUNSHINE  MM
  AVERAGE SKY COVER 0.0


WEATHER CONDITIONS
 THE FOLLOWING WEATHER WAS RECORDED YESTERDAY.
  NO SIGNIFICANT WEATHER WAS OBSERVED.


RELATIVE HUMIDITY (PERCENT)
 HIGHEST    93           600 AM
 LOWEST     22          1100 AM
 AVERAGE    58

..........................................................


THE ABERDEEN SD CLIMATE NORMALS FOR TODAY
                         NORMAL    RECORD    YEAR
 MAXIMUM TEMPERATURE (F)   56        86      1958
                                             1947
 MINIMUM TEMPERATURE (F)   32        10      1917


SUNRISE AND SUNSET
OCTOBER 19 2017.......SUNRISE   756 AM CDT   SUNSET   641 PM CDT
OCTOBER 20 2017.......SUNRISE   757 AM CDT   SUNSET   639 PM CDT


-  INDICATES NEGATIVE NUMBERS.
R  INDICATES RECORD WAS SET OR TIED.
MM INDICATES DATA IS MISSING.
T  INDICATES TRACE AMOUNT.




$$
