000
CDUS43 KABR 021040
CLIABR


CLIMATE REPORT
NATIONAL WEATHER SERVICE ABERDEEN SD
440 AM CST MON MAR 2 2015


...................................

...THE ABERDEEN SD CLIMATE SUMMARY FOR MARCH 1 2015...

CLIMATE NORMAL PERIOD 1981 TO 2010
CLIMATE RECORD PERIOD 1893 TO 2015


WEATHER ITEM   OBSERVED TIME   RECORD YEAR NORMAL DEPARTURE LAST
                VALUE   (LST)  VALUE       VALUE  FROM      YEAR
                                                  NORMAL
..................................................................
TEMPERATURE (F)
 YESTERDAY
  MAXIMUM         29    355 PM  73    1992  33     -4        0
  MINIMUM         -1    639 AM -29    1962  13    -14      -14
  AVERAGE         14                        23     -9       -7

PRECIPITATION (IN)
  YESTERDAY        0.00          0.36 1976   0.03  -0.03     0.00
  MONTH TO DATE    0.00                      0.03  -0.03     0.00
  SINCE MAR 1      0.00                      0.03  -0.03     0.00
  SINCE JAN 1      1.05                      1.05   0.00     0.44

SNOWFALL (IN)
  YESTERDAY        0.0
  MONTH TO DATE    0.0
  SINCE OCT 1     18.5
  SINCE JUL 1     18.5
  SNOW DEPTH       0

DEGREE DAYS
 HEATING
  YESTERDAY       51                        42      9       72
  MONTH TO DATE   51                        42      9       72
  SINCE MAR 1     51                        42      9       72
  SINCE JUL 1   6319                      6505   -186     7231

 COOLING
  YESTERDAY        0                         0      0        0
  MONTH TO DATE    0                         0      0        0
  SINCE MAR 1      0                         0      0        0
  SINCE JAN 1      0                         0      0        0
..................................................................


WIND (MPH)
  HIGHEST WIND SPEED    24   HIGHEST WIND DIRECTION    NW (330)
  HIGHEST GUST SPEED    27   HIGHEST GUST DIRECTION    NW (320)
  AVERAGE WIND SPEED     9.4


SKY COVER
  POSSIBLE SUNSHINE  MM
  AVERAGE SKY COVER 0.2


WEATHER CONDITIONS
 THE FOLLOWING WEATHER WAS RECORDED YESTERDAY.
  NO SIGNIFICANT WEATHER WAS OBSERVED.


RELATIVE HUMIDITY (PERCENT)
 HIGHEST    88          1000 PM
 LOWEST     57           500 PM
 AVERAGE    73

..........................................................


THE ABERDEEN SD CLIMATE NORMALS FOR TODAY
                         NORMAL    RECORD    YEAR
 MAXIMUM TEMPERATURE (F)   33        72      1905
 MINIMUM TEMPERATURE (F)   14       -21      1913


SUNRISE AND SUNSET
MARCH  2 2015.........SUNRISE   711 AM CST   SUNSET   622 PM CST
MARCH  3 2015.........SUNRISE   709 AM CST   SUNSET   623 PM CST


-  INDICATES NEGATIVE NUMBERS.
R  INDICATES RECORD WAS SET OR TIED.
MM INDICATES DATA IS MISSING.
T  INDICATES TRACE AMOUNT.




$$
