000
CDUS43 KABR 011027
CLIABR


CLIMATE REPORT
NATIONAL WEATHER SERVICE ABERDEEN SD
526 AM CDT WED OCT 1 2014


...................................

...THE ABERDEEN SD CLIMATE SUMMARY FOR SEPTEMBER 30 2014...

CLIMATE NORMAL PERIOD 1981 TO 2010
CLIMATE RECORD PERIOD 1893 TO 2014


WEATHER ITEM   OBSERVED TIME   RECORD YEAR NORMAL DEPARTURE LAST
                VALUE   (LST)  VALUE       VALUE  FROM      YEAR
                                                  NORMAL
..................................................................
TEMPERATURE (F)
 YESTERDAY
  MAXIMUM         69    635 PM  92    1989  66      3       79
  MINIMUM         51    107 AM  15    1939  39     12       41
  AVERAGE         60                        52      8       60

PRECIPITATION (IN)
  YESTERDAY        0.22          2.10 1923   0.07   0.15     0.00
  MONTH TO DATE    1.00                      2.19  -1.19     2.44
  SINCE SEP 1      1.00                      2.19  -1.19     2.44
  SINCE JAN 1     16.63                     18.48  -1.85    16.20

DEGREE DAYS
 HEATING
  YESTERDAY        5                        13     -8        5
  MONTH TO DATE  193                       224    -31      115
  SINCE SEP 1    193                       223    -30      115
  SINCE JUL 1    255                       274    -19      166

 COOLING
  YESTERDAY        0                         0      0        0
  MONTH TO DATE   38                        40     -2       91
  SINCE SEP 1     38                        40     -2       91
  SINCE JAN 1    342                       523   -181      580
..................................................................


WIND (MPH)
  HIGHEST WIND SPEED    32   HIGHEST WIND DIRECTION    SE (120)
  HIGHEST GUST SPEED    43   HIGHEST GUST DIRECTION    SE (140)
  AVERAGE WIND SPEED    15.0


SKY COVER
  POSSIBLE SUNSHINE  MM
  AVERAGE SKY COVER 0.7


WEATHER CONDITIONS
 THE FOLLOWING WEATHER WAS RECORDED YESTERDAY.
  THUNDERSTORM
  HEAVY RAIN
  RAIN
  LIGHT RAIN
  FOG


RELATIVE HUMIDITY (PERCENT)
 HIGHEST    93          1100 AM
 LOWEST     58           700 PM
 AVERAGE    76

..........................................................


THE ABERDEEN SD CLIMATE NORMALS FOR TODAY
                         NORMAL    RECORD    YEAR
 MAXIMUM TEMPERATURE (F)   65        92      1922
 MINIMUM TEMPERATURE (F)   39        21      1974


SUNRISE AND SUNSET
OCTOBER  1 2014.......SUNRISE   732 AM CDT   SUNSET   714 PM CDT
OCTOBER  2 2014.......SUNRISE   733 AM CDT   SUNSET   712 PM CDT


-  INDICATES NEGATIVE NUMBERS.
R  INDICATES RECORD WAS SET OR TIED.
MM INDICATES DATA IS MISSING.
T  INDICATES TRACE AMOUNT.




$$
