000
CDUS43 KABR 202329
CLIABR


CLIMATE REPORT
NATIONAL WEATHER SERVICE ABERDEEN SD
526 PM CST SAT DEC 20 2014


...................................

...THE ABERDEEN SD CLIMATE SUMMARY FOR DECEMBER 20 2014...
VALID TODAY AS OF 0500 PM LOCAL TIME.

CLIMATE NORMAL PERIOD 1981 TO 2010
CLIMATE RECORD PERIOD 1893 TO 2014


WEATHER ITEM   OBSERVED TIME   RECORD YEAR NORMAL DEPARTURE LAST
                VALUE   (LST)  VALUE       VALUE  FROM      YEAR
                                                  NORMAL
..................................................................
TEMPERATURE (F)
 TODAY
  MAXIMUM         29    454 PM  60    1893  24      5        7
  MINIMUM         25    933 AM -29    1916   4     21      -11
  AVERAGE         27                        14     13       -2

PRECIPITATION (IN)
  TODAY            0.00          0.36 2010   0.02  -0.02     0.00
  MONTH TO DATE    T                         0.33  -0.33     0.52
  SINCE DEC 1      T                         0.33  -0.33     0.52
  SINCE JAN 1     17.53                     21.53  -4.00    21.54

SNOWFALL (IN)
  TODAY            0.0
  MONTH TO DATE    T
  SINCE OCT 1      8.1
  SINCE JUL 1      8.1
  SNOW DEPTH       0

DEGREE DAYS
 HEATING
  TODAY           38                        51    -13       67
  MONTH TO DATE  807                       959   -152     1139
  SINCE DEC 1    807                       959   -152     1139
  SINCE JUL 1   2853                      2922    -69     3130
..................................................................


WIND (MPH)
  HIGHEST WIND SPEED    15   HIGHEST WIND DIRECTION     S (170)
  HIGHEST GUST SPEED    19   HIGHEST GUST DIRECTION     S (170)
  AVERAGE WIND SPEED    11.2


SKY COVER
  POSSIBLE SUNSHINE  MM
  AVERAGE SKY COVER 1.0


WEATHER CONDITIONS
 THE FOLLOWING WEATHER WAS RECORDED TODAY.
  FOG
  FOG W/VISIBILITY <= 1/4 MILE


RELATIVE HUMIDITY (PERCENT)
 HIGHEST   100           500 AM
 LOWEST     85          1200 AM
 AVERAGE    93

..........................................................


THE ABERDEEN SD CLIMATE NORMALS FOR TOMORROW
                         NORMAL    RECORD    YEAR
 MAXIMUM TEMPERATURE (F)   24        50      1979
                                             1957
                                             1893
 MINIMUM TEMPERATURE (F)    4       -31      1916


SUNRISE AND SUNSET
DECEMBER 20 2014......SUNRISE   810 AM CST   SUNSET   453 PM CST
DECEMBER 21 2014......SUNRISE   811 AM CST   SUNSET   453 PM CST


-  INDICATES NEGATIVE NUMBERS.
R  INDICATES RECORD WAS SET OR TIED.
MM INDICATES DATA IS MISSING.
T  INDICATES TRACE AMOUNT.

&&

PEAK WIND WAS 19 MPH FROM THE SOUTH AT 343 PM

$$
