000
CDUS43 KABR 241200
CLIABR


CLIMATE REPORT
NATIONAL WEATHER SERVICE ABERDEEN SD
700 AM CDT SAT JUN 24 2017


...................................

...THE ABERDEEN SD CLIMATE SUMMARY FOR JUNE 23 2017...

CLIMATE NORMAL PERIOD 1981 TO 2010
CLIMATE RECORD PERIOD 1893 TO 2017


WEATHER ITEM   OBSERVED TIME   RECORD YEAR NORMAL DEPARTURE LAST
                VALUE   (LST)  VALUE       VALUE  FROM      YEAR
                                                  NORMAL
..................................................................
TEMPERATURE (F)
 YESTERDAY
  MAXIMUM         69    419 PM 104    1911  80    -11       80
  MINIMUM         44   1159 PM  33    1942  56    -12       55
  AVERAGE         57                        68    -11       68

PRECIPITATION (IN)
  YESTERDAY        0.00          1.90 1930   0.13  -0.13     0.00
  MONTH TO DATE    3.81                      2.84   0.97     1.41
  SINCE JUN 1      3.81                      2.84   0.97     1.41
  SINCE JAN 1      7.19                      9.98  -2.79     8.35

DEGREE DAYS
 HEATING
  YESTERDAY        8                         1      7        0
  MONTH TO DATE   12                        69    -57       18
  SINCE JUN 1     12                        69    -57       18
  SINCE JUL 1   7512                      8527  -1015     6785

 COOLING
  YESTERDAY        0                         4     -4        3
  MONTH TO DATE  128                        58     70      155
  SINCE JUN 1    128                        58     70      155
  SINCE JAN 1    140                        81     59      188
..................................................................


WIND (MPH)
  HIGHEST WIND SPEED    26   HIGHEST WIND DIRECTION    NW (330)
  HIGHEST GUST SPEED    34   HIGHEST GUST DIRECTION     W (290)
  AVERAGE WIND SPEED    15.6


SKY COVER
  POSSIBLE SUNSHINE  MM
  AVERAGE SKY COVER 0.5


WEATHER CONDITIONS
 THE FOLLOWING WEATHER WAS RECORDED YESTERDAY.
  NO SIGNIFICANT WEATHER WAS OBSERVED.


RELATIVE HUMIDITY (PERCENT)
 HIGHEST    72           300 AM
 LOWEST     33           300 PM
 AVERAGE    53

..........................................................


THE ABERDEEN SD CLIMATE NORMALS FOR TODAY
                         NORMAL    RECORD    YEAR
 MAXIMUM TEMPERATURE (F)   80       108      1988
 MINIMUM TEMPERATURE (F)   56        41      1958


SUNRISE AND SUNSET
JUNE 24 2017..........SUNRISE   546 AM CDT   SUNSET   926 PM CDT
JUNE 25 2017..........SUNRISE   546 AM CDT   SUNSET   926 PM CDT


-  INDICATES NEGATIVE NUMBERS.
R  INDICATES RECORD WAS SET OR TIED.
MM INDICATES DATA IS MISSING.
T  INDICATES TRACE AMOUNT.




$$
