000
CDUS43 KABR 221027
CLIABR


CLIMATE REPORT
NATIONAL WEATHER SERVICE ABERDEEN SD
426 AM CST SAT NOV 22 2014


...................................

...THE ABERDEEN SD CLIMATE SUMMARY FOR NOVEMBER 21 2014...

CLIMATE NORMAL PERIOD 1981 TO 2010
CLIMATE RECORD PERIOD 1893 TO 2014


WEATHER ITEM   OBSERVED TIME   RECORD YEAR NORMAL DEPARTURE LAST
                VALUE   (LST)  VALUE       VALUE  FROM      YEAR
                                                  NORMAL
..................................................................
TEMPERATURE (F)
 YESTERDAY
  MAXIMUM         34    627 PM  66    1904  36     -2       22
  MINIMUM          8   1258 AM -18    1964  16     -8       -2
  AVERAGE         21                        26     -5       10

PRECIPITATION (IN)
  YESTERDAY        0.00          0.60 1930   0.02  -0.02      T
  MONTH TO DATE    0.53                      0.55  -0.02     0.10
  SINCE SEP 1      1.79                      4.73  -2.94     7.26
  SINCE JAN 1     17.42                     21.02  -3.60    21.02

SNOWFALL (IN)
  YESTERDAY        0.0
  MONTH TO DATE    6.3
  SINCE OCT 1      6.3
  SINCE JUL 1      6.3
  SNOW DEPTH       5

DEGREE DAYS
 HEATING
  YESTERDAY       44                        39      5       55
  MONTH TO DATE  843                       698    145      713
  SINCE SEP 1   1543                      1538      5     1522
  SINCE JUL 1   1605                      1589     16     1573

 COOLING
  YESTERDAY        0                         0      0        0
  MONTH TO DATE    0                         0      0        0
  SINCE SEP 1     38                        42     -4       91
  SINCE JAN 1    342                       525   -183      580
..................................................................


WIND (MPH)
  HIGHEST WIND SPEED    21   HIGHEST WIND DIRECTION     S (190)
  HIGHEST GUST SPEED    26   HIGHEST GUST DIRECTION     S (170)
  AVERAGE WIND SPEED    13.7


SKY COVER
  POSSIBLE SUNSHINE  MM
  AVERAGE SKY COVER 0.1


WEATHER CONDITIONS
 THE FOLLOWING WEATHER WAS RECORDED YESTERDAY.
  NO SIGNIFICANT WEATHER WAS OBSERVED.


RELATIVE HUMIDITY (PERCENT)
 HIGHEST    85           900 PM
 LOWEST     72           100 PM
 AVERAGE    79

..........................................................


THE ABERDEEN SD CLIMATE NORMALS FOR TODAY
                         NORMAL    RECORD    YEAR
 MAXIMUM TEMPERATURE (F)   35        65      2006
 MINIMUM TEMPERATURE (F)   16       -14      1895


SUNRISE AND SUNSET
NOVEMBER 22 2014......SUNRISE   742 AM CST   SUNSET   457 PM CST
NOVEMBER 23 2014......SUNRISE   743 AM CST   SUNSET   457 PM CST


-  INDICATES NEGATIVE NUMBERS.
R  INDICATES RECORD WAS SET OR TIED.
MM INDICATES DATA IS MISSING.
T  INDICATES TRACE AMOUNT.




$$
