000
CDUS43 KABR 311039
CLIABR


CLIMATE REPORT
NATIONAL WEATHER SERVICE ABERDEEN SD
438 AM CST SAT JAN 31 2015


...................................

...THE ABERDEEN SD CLIMATE SUMMARY FOR JANUARY 30 2015...

CLIMATE NORMAL PERIOD 1981 TO 2010
CLIMATE RECORD PERIOD 1893 TO 2015


WEATHER ITEM   OBSERVED TIME   RECORD YEAR NORMAL DEPARTURE LAST
                VALUE   (LST)  VALUE       VALUE  FROM      YEAR
                                                  NORMAL
..................................................................
TEMPERATURE (F)
 YESTERDAY
  MAXIMUM         42    423 PM  55    1931  24     18       16
  MINIMUM         14    432 AM -32    1916   2     12      -15
  AVERAGE         28                        13     15        1

PRECIPITATION (IN)
  YESTERDAY        0.00          0.50 1929   0.02  -0.02     0.03
  MONTH TO DATE    0.68                      0.46   0.22     0.28
  SINCE DEC 1      0.93                      0.98  -0.05     1.16
  SINCE JAN 1      0.68                      0.46   0.22     0.28

SNOWFALL (IN)
  YESTERDAY        0.0
  MONTH TO DATE    4.6
  SINCE OCT 1     13.4
  SINCE JUL 1     13.4
  SNOW DEPTH       0

DEGREE DAYS
 HEATING
  YESTERDAY       37                        52    -15       64
  MONTH TO DATE 1393                      1586   -193     1668
  SINCE DEC 1   2706                      3114   -408     3473
  SINCE JUL 1   4752                      5077   -325     5464

 COOLING
  YESTERDAY        0                         0      0        0
  MONTH TO DATE    0                         0      0        0
  SINCE DEC 1      0                         0      0        0
  SINCE JAN 1      0                         0      0        0
..................................................................


WIND (MPH)
  HIGHEST WIND SPEED    22   HIGHEST WIND DIRECTION     S (170)
  HIGHEST GUST SPEED    27   HIGHEST GUST DIRECTION     S (180)
  AVERAGE WIND SPEED     9.2


SKY COVER
  POSSIBLE SUNSHINE  MM
  AVERAGE SKY COVER 0.0


WEATHER CONDITIONS
 THE FOLLOWING WEATHER WAS RECORDED YESTERDAY.
  FOG


RELATIVE HUMIDITY (PERCENT)
 HIGHEST    92           800 PM
 LOWEST     60           400 PM
 AVERAGE    76

..........................................................


THE ABERDEEN SD CLIMATE NORMALS FOR TODAY
                         NORMAL    RECORD    YEAR
 MAXIMUM TEMPERATURE (F)   24        51      1924
 MINIMUM TEMPERATURE (F)    2       -32      1996


SUNRISE AND SUNSET
JANUARY 31 2015.......SUNRISE   756 AM CST   SUNSET   539 PM CST
FEBRUARY  1 2015......SUNRISE   755 AM CST   SUNSET   540 PM CST


-  INDICATES NEGATIVE NUMBERS.
R  INDICATES RECORD WAS SET OR TIED.
MM INDICATES DATA IS MISSING.
T  INDICATES TRACE AMOUNT.




$$
