041
CDUS43 KABR 171041
CLIABR


CLIMATE REPORT
NATIONAL WEATHER SERVICE ABERDEEN SD
440 AM CST SUN DEC 17 2017


...................................

...THE ABERDEEN SD CLIMATE SUMMARY FOR DECEMBER 16 2017...

CLIMATE NORMAL PERIOD 1981 TO 2010
CLIMATE RECORD PERIOD 1893 TO 2017


WEATHER ITEM   OBSERVED TIME   RECORD YEAR NORMAL DEPARTURE LAST
                VALUE   (LST)  VALUE       VALUE  FROM      YEAR
                                                  NORMAL
..................................................................
TEMPERATURE (F)
 YESTERDAY
  MAXIMUM         44    134 PM  62    1962  25     19       11
  MINIMUM         27   1157 PM -28    1951   5     22       -3
  AVERAGE         36                        15     21        4

PRECIPITATION (IN)
  YESTERDAY        0.01          0.58 1904   0.02  -0.01     0.13
  MONTH TO DATE    0.12                      0.27  -0.15     0.46
  SINCE DEC 1      0.12                      0.27  -0.15     0.46
  SINCE JAN 1     14.99                     21.47  -6.48    19.27

SNOWFALL (IN)
  YESTERDAY        T             3.5  2016   0.2   -0.2      3.5
  MONTH TO DATE    0.8                       3.5   -2.7      9.8
  SINCE OCT 1      1.6                      11.2   -9.6     15.0
  SINCE JUL 1      1.6                      11.2   -9.6     15.0
  SNOW DEPTH       0

DEGREE DAYS
 HEATING
  YESTERDAY       29                        50    -21       61
  MONTH TO DATE  595                       757   -162      873
  SINCE DEC 1    595                       757   -162      873
  SINCE JUL 1   2372                      2720   -348     2223

 COOLING
  YESTERDAY        0                         0      0        0
  MONTH TO DATE    0                         0      0        0
  SINCE DEC 1      0                         0      0        0
  SINCE JAN 1    552                       525     27      722
..................................................................


WIND (MPH)
  HIGHEST WIND SPEED    16   HIGHEST WIND DIRECTION     N (350)
  HIGHEST GUST SPEED    19   HIGHEST GUST DIRECTION     N (350)
  AVERAGE WIND SPEED     6.1


SKY COVER
  POSSIBLE SUNSHINE  MM
  AVERAGE SKY COVER 0.7


WEATHER CONDITIONS
 THE FOLLOWING WEATHER WAS RECORDED YESTERDAY.
  LIGHT RAIN
  LIGHT SNOW


RELATIVE HUMIDITY (PERCENT)
 HIGHEST   100           800 AM
 LOWEST     67           200 PM
 AVERAGE    84

..........................................................


THE ABERDEEN SD CLIMATE NORMALS FOR TODAY
                         NORMAL    RECORD    YEAR
 MAXIMUM TEMPERATURE (F)   25        53      1939
 MINIMUM TEMPERATURE (F)    5       -32      2016


SUNRISE AND SUNSET
DECEMBER 17 2017......SUNRISE   808 AM CST   SUNSET   452 PM CST
DECEMBER 18 2017......SUNRISE   809 AM CST   SUNSET   452 PM CST


-  INDICATES NEGATIVE NUMBERS.
R  INDICATES RECORD WAS SET OR TIED.
MM INDICATES DATA IS MISSING.
T  INDICATES TRACE AMOUNT.




$$
