000
CDUS42 KTAE 242240
CLIABY


CLIMATE REPORT
NATIONAL WEATHER SERVICE TALLAHASSEE FL
540 PM EST MON NOV 24 2014


...................................

...THE ALBANY CLIMATE SUMMARY FOR NOVEMBER 24 2014...
VALID TODAY AS OF 0500 PM LOCAL TIME.

CLIMATE NORMAL PERIOD 1981 TO 2010
CLIMATE RECORD PERIOD 1930 TO 2014


WEATHER ITEM   OBSERVED TIME   RECORD YEAR NORMAL DEPARTURE LAST
                VALUE   (LST)  VALUE       VALUE  FROM      YEAR
                                                  NORMAL
..................................................................
TEMPERATURE (F)
 TODAY
  MAXIMUM         77    241 PM  83    1978  68      9       56
  MINIMUM         65    348 AM  20    1970  44     21       37
  AVERAGE         71                        56     15       47

PRECIPITATION (IN)
  TODAY            0.32                      0.12   0.20     0.00
  MONTH TO DATE    3.20                      2.29   0.91     1.39
  SINCE SEP 1     17.67                      8.32   9.35     2.92
  SINCE JAN 1     42.80                     43.92  -1.12    44.28

..................................................................







THE ALBANY CLIMATE NORMALS FOR TOMORROW
                         NORMAL    RECORD    YEAR
 MAXIMUM TEMPERATURE (F)   68        83      1958
 MINIMUM TEMPERATURE (F)   43        14      1970



-  INDICATES NEGATIVE NUMBERS.
R  INDICATES RECORD WAS SET OR TIED.
MM INDICATES DATA IS MISSING.
T  INDICATES TRACE AMOUNT.




$$
