000
CDUS42 KTAE 242139
CLIABY


CLIMATE REPORT
NATIONAL WEATHER SERVICE TALLAHASSEE FL
539 PM EDT WED MAY 24 2017


...................................

...THE ALBANY CLIMATE SUMMARY FOR MAY 24 2017...
VALID TODAY AS OF 0500 PM LOCAL TIME.

CLIMATE NORMAL PERIOD 1981 TO 2010
CLIMATE RECORD PERIOD 1930 TO 2017


WEATHER ITEM   OBSERVED TIME   RECORD YEAR NORMAL DEPARTURE LAST
                VALUE   (LST)  VALUE       VALUE  FROM      YEAR
                                                  NORMAL
..................................................................
TEMPERATURE (F)
 TODAY
  MAXIMUM         80   1132 AM  99    1941  89     -9       90
  MINIMUM         68    219 PM  45    1993  65      3       56
  AVERAGE         74                        77     -3       73

PRECIPITATION (IN)
  TODAY            0.66                      0.09   0.57     0.00
  MONTH TO DATE    3.80                      1.79   2.01     0.78
  SINCE MAR 1      7.15                     10.48  -3.33    12.42
  SINCE JAN 1     18.97                     19.46  -0.49    22.73

..................................................................







THE ALBANY CLIMATE NORMALS FOR TOMORROW
                         NORMAL    RECORD    YEAR
 MAXIMUM TEMPERATURE (F)   89        99      2012
                                             1962
 MINIMUM TEMPERATURE (F)   65        48      1979



-  INDICATES NEGATIVE NUMBERS.
R  INDICATES RECORD WAS SET OR TIED.
MM INDICATES DATA IS MISSING.
T  INDICATES TRACE AMOUNT.




$$
