000
CDUS42 KTAE 222230
CLIABY


CLIMATE REPORT
NATIONAL WEATHER SERVICE TALLAHASSEE FL
529 PM EST SAT NOV 22 2014


...................................

...THE ALBANY CLIMATE SUMMARY FOR NOVEMBER 22 2014...
VALID TODAY AS OF 0500 PM LOCAL TIME.

CLIMATE NORMAL PERIOD 1981 TO 2010
CLIMATE RECORD PERIOD 1930 TO 2014


WEATHER ITEM   OBSERVED TIME   RECORD YEAR NORMAL DEPARTURE LAST
                VALUE   (LST)  VALUE       VALUE  FROM      YEAR
                                                  NORMAL
..................................................................
TEMPERATURE (F)
 TODAY
  MAXIMUM         69    227 PM  84    1991  69      0       75
  MINIMUM         40    115 AM  23    1968  44     -4       58
  AVERAGE         55                        57     -2       67

PRECIPITATION (IN)
  TODAY            0.00                      0.12  -0.12     0.00
  MONTH TO DATE    0.32                      2.05  -1.73     1.39
  SINCE SEP 1     14.79                      8.08   6.71     2.92
  SINCE JAN 1     39.92                     43.68  -3.76    44.28

..................................................................







THE ALBANY CLIMATE NORMALS FOR TOMORROW
                         NORMAL    RECORD    YEAR
 MAXIMUM TEMPERATURE (F)   69        81      2010
                                             1941
 MINIMUM TEMPERATURE (F)   44        22      1976



-  INDICATES NEGATIVE NUMBERS.
R  INDICATES RECORD WAS SET OR TIED.
MM INDICATES DATA IS MISSING.
T  INDICATES TRACE AMOUNT.




$$
