000
CDUS42 KTAE 040637
CLIABY


CLIMATE REPORT
NATIONAL WEATHER SERVICE TALLAHASSEE FL
237 AM EDT SAT JUL 4 2015


...................................

...THE ALBANY CLIMATE SUMMARY FOR JULY 3 2015...

CLIMATE NORMAL PERIOD 1981 TO 2010
CLIMATE RECORD PERIOD 1930 TO 2015


WEATHER ITEM   OBSERVED TIME   RECORD YEAR NORMAL DEPARTURE LAST
                VALUE   (LST)  VALUE       VALUE  FROM      YEAR
                                                  NORMAL
..................................................................
TEMPERATURE (F)
 YESTERDAY
  MAXIMUM         91    424 PM 101    1931  93     -2       96
  MINIMUM         73    557 AM  64    1976  72      1       75
  AVERAGE         82                        82      0       86

PRECIPITATION (IN)
  YESTERDAY        0.00                      0.17  -0.17     0.00
  MONTH TO DATE    0.32                      0.51  -0.19     0.00
  SINCE JUN 1      5.69                      5.45   0.24     4.76
  SINCE JAN 1     21.55                     25.81  -4.26    23.82

SNOWFALL (IN)
  YESTERDAY        0.0

DEGREE DAYS
 HEATING
  YESTERDAY        0                         0      0        0
  MONTH TO DATE    0                         0      0        0
  SINCE JUN 1      0                         0      0        0
  SINCE JUL 1      0                         0      0        0

 COOLING
  YESTERDAY       17                        17      0       21
  MONTH TO DATE   48                        51     -3       60
  SINCE JUN 1    530                       516     14      525
  SINCE JAN 1   1134                       956    178      919
..................................................................


WIND (MPH)
  HIGHEST WIND SPEED    18   HIGHEST WIND DIRECTION     W (260)
  HIGHEST GUST SPEED    24   HIGHEST GUST DIRECTION     W (260)
  AVERAGE WIND SPEED     7.2




RELATIVE HUMIDITY (PERCENT)
 HIGHEST    94
 LOWEST     52
 AVERAGE    73

..........................................................


THE ALBANY CLIMATE NORMALS FOR TODAY
                         NORMAL    RECORD    YEAR
 MAXIMUM TEMPERATURE (F)   93       103      1931
 MINIMUM TEMPERATURE (F)   72        62      1986


SUNRISE AND SUNSET
JULY  4 2015..........SUNRISE   637 AM EDT   SUNSET   845 PM EDT
JULY  5 2015..........SUNRISE   637 AM EDT   SUNSET   845 PM EDT


-  INDICATES NEGATIVE NUMBERS.
R  INDICATES RECORD WAS SET OR TIED.
MM INDICATES DATA IS MISSING.
T  INDICATES TRACE AMOUNT.




$$
