000
CDUS44 KFWD 240641
CLIACT

CLIMATE REPORT
NATIONAL WEATHER SERVICE FORT WORTH TX
140 AM CDT FRI OCT 24 2014

...THE WACO CLIMATE SUMMARY FOR OCTOBER 23 2014...

CLIMATE NORMAL PERIOD 1981 TO 2010
CLIMATE RECORD PERIOD 1901 TO 2014


WEATHER ITEM   OBSERVED TIME   RECORD YEAR NORMAL DEPARTURE LAST
                VALUE   (LST)  VALUE       VALUE  FROM      YEAR
                                                  NORMAL
..................................................................
TEMPERATURE (F)
 YESTERDAY
  MAXIMUM         81    344 PM  89    2003  78      3       83
                                      2001
                                      1991
  MINIMUM         63    743 AM  36    2006  55      8       45
  AVERAGE         72                        66      6       64

PRECIPITATION (IN)
  YESTERDAY        0.01          1.81 1919   0.13  -0.12     0.00
  MONTH TO DATE    5.01                      2.97   2.04     4.87
  SINCE SEP 1      6.29                      6.03   0.26    10.30
  SINCE JAN 1     26.87                     28.19  -1.32    31.73

SNOWFALL (IN)
  YESTERDAY        0.0           0.0    MM   0.0    0.0      0.0
  MONTH TO DATE    0.0                       0.0    0.0      0.0
  SINCE SEP 1      0.0                       0.0    0.0      0.0
  SINCE JUL 1      0.0                       0.0    0.0      0.0
  SNOW DEPTH       0

DEGREE DAYS
 HEATING
  YESTERDAY        0                         3     -3        1
  MONTH TO DATE    3                        34    -31       44
  SINCE SEP 1      3                        40    -37       44
  SINCE JUL 1      3                        40    -37       44

 COOLING
  YESTERDAY        7                         4      3        0
  MONTH TO DATE  184                       134     50      120
  SINCE SEP 1    623                       533     90      616
  SINCE JAN 1   2698                      2728    -30     2827
..................................................................


WIND (MPH)
  HIGHEST WIND SPEED    14   HIGHEST WIND DIRECTION     S (200)
  HIGHEST GUST SPEED    14   HIGHEST GUST DIRECTION    SE (130)
  AVERAGE WIND SPEED     4.7


SKY COVER
  POSSIBLE SUNSHINE  MM
  AVERAGE SKY COVER 0.3


WEATHER CONDITIONS
 THE FOLLOWING WEATHER WAS RECORDED YESTERDAY.
  LIGHT RAIN


RELATIVE HUMIDITY (PERCENT)
 HIGHEST    84           700 AM
 LOWEST     42           300 PM
 AVERAGE    63

..........................................................


THE WACO CLIMATE NORMALS FOR TODAY
                         NORMAL    RECORD    YEAR
 MAXIMUM TEMPERATURE (F)   77        91      1992
                                             1991
 MINIMUM TEMPERATURE (F)   54        32      1917


SUNRISE AND SUNSET
OCTOBER 24 2014.......SUNRISE   739 AM CDT   SUNSET   647 PM CDT
OCTOBER 25 2014.......SUNRISE   739 AM CDT   SUNSET   646 PM CDT


-  INDICATES NEGATIVE NUMBERS.
R  INDICATES RECORD WAS SET OR TIED.
MM INDICATES DATA IS MISSING.
T  INDICATES TRACE AMOUNT.




$$
