000
CDUS44 KFWD 290646
CLIACT


CLIMATE REPORT
NATIONAL WEATHER SERVICE FORT WORTH TX
145 AM CDT FRI JUL 29 2016


...................................

...THE WACO CLIMATE SUMMARY FOR JULY 28 2016...

CLIMATE NORMAL PERIOD 1981 TO 2010
CLIMATE RECORD PERIOD 1901 TO 2016


WEATHER ITEM   OBSERVED TIME   RECORD YEAR NORMAL DEPARTURE LAST
                VALUE   (LST)  VALUE       VALUE  FROM      YEAR
                                                  NORMAL
..................................................................
TEMPERATURE (F)
 YESTERDAY
  MAXIMUM         97    200 PM 106    1969  98     -1       99
  MINIMUM         77    526 AM  60    1994  75      2       77
  AVERAGE         87                        86      1       88

PRECIPITATION (IN)
  YESTERDAY        0.00          2.02 1902   0.06  -0.06     0.00
  MONTH TO DATE    0.06                      1.62  -1.56     0.00
  SINCE JUN 1      4.65                      5.05  -0.40     5.97
  SINCE JAN 1     27.29                     19.94   7.35    27.31

DEGREE DAYS
 HEATING
  YESTERDAY        0                         0      0        0
  MONTH TO DATE    0                         0      0        0
  SINCE JUN 1      0                         0      0        0
  SINCE JUL 1      0                         0      0        0

 COOLING
  YESTERDAY       22                        21      1       23
  MONTH TO DATE  635                       563     72      578
  SINCE JUN 1   1164                      1051    113     1082
  SINCE JAN 1   1555                      1503     52     1517
..................................................................


WIND (MPH)
  HIGHEST WIND SPEED    26   HIGHEST WIND DIRECTION     S (160)
  HIGHEST GUST SPEED    34   HIGHEST GUST DIRECTION     S (160)
  AVERAGE WIND SPEED    10.7


SKY COVER
  POSSIBLE SUNSHINE  MM
  AVERAGE SKY COVER 0.3


WEATHER CONDITIONS
 THE FOLLOWING WEATHER WAS RECORDED YESTERDAY.
  THUNDERSTORM


RELATIVE HUMIDITY (PERCENT)
 HIGHEST    85           700 AM
 LOWEST     36           400 PM
 AVERAGE    61

..........................................................


THE WACO CLIMATE NORMALS FOR TODAY
                         NORMAL    RECORD    YEAR
 MAXIMUM TEMPERATURE (F)   98       106      1986
                                             1974
                                             1912
 MINIMUM TEMPERATURE (F)   75        65      1994


SUNRISE AND SUNSET
JULY 29 2016..........SUNRISE   643 AM CDT   SUNSET   827 PM CDT
JULY 30 2016..........SUNRISE   644 AM CDT   SUNSET   826 PM CDT


-  INDICATES NEGATIVE NUMBERS.
R  INDICATES RECORD WAS SET OR TIED.
MM INDICATES DATA IS MISSING.
T  INDICATES TRACE AMOUNT.




$$
