000
CDUS44 KFWD 180646
CLIACT

CLIMATE REPORT
NATIONAL WEATHER SERVICE FORT WORTH TX
1238 AM CST THU DEC 18 2014

...THE WACO CLIMATE SUMMARY FOR DECEMBER 17 2014...

CLIMATE NORMAL PERIOD 1981 TO 2010
CLIMATE RECORD PERIOD 1901 TO 2014


WEATHER ITEM   OBSERVED TIME   RECORD YEAR NORMAL DEPARTURE LAST
                VALUE   (LST)  VALUE       VALUE  FROM      YEAR
                                                  NORMAL
..................................................................
TEMPERATURE (F)
 YESTERDAY
  MAXIMUM         49    302 PM  81    1990  58     -9       72
                                      1908
  MINIMUM         42   1209 AM  18    1932  37      5       30
  AVERAGE         46                        48     -2       51

PRECIPITATION (IN)
  YESTERDAY        0.03          1.70 1984   0.09  -0.06     0.00
  MONTH TO DATE    0.10                      1.51  -1.41     0.34
  SINCE DEC 1      0.10                      1.51  -1.41     0.34
  SINCE JAN 1     29.65                     33.45  -3.80    36.89

SNOWFALL (IN)
  YESTERDAY        0.0           0.1  1932   0.0    0.0      0.0
  MONTH TO DATE    0.0                       0.0    0.0       T
  SINCE DEC 1      0.0                       0.0    0.0       T
  SINCE JUL 1      0.0                       0.1   -0.1       T
  SNOW DEPTH       0

DEGREE DAYS
 HEATING
  YESTERDAY       19                        17      2       14
  MONTH TO DATE  187                       268    -81      369
  SINCE DEC 1    187                       268    -81      369
  SINCE JUL 1    569                       596    -27      783

 COOLING
  YESTERDAY        0                         0      0        0
  MONTH TO DATE    4                         0      4        0
  SINCE DEC 1      4                         0      4        0
  SINCE JAN 1   2754                      2792    -38     2870
..................................................................


WIND (MPH)
  HIGHEST WIND SPEED    15   HIGHEST WIND DIRECTION     E (110)
  HIGHEST GUST SPEED    18   HIGHEST GUST DIRECTION    SE (130)
  AVERAGE WIND SPEED     6.7


SKY COVER
  POSSIBLE SUNSHINE  MM
  AVERAGE SKY COVER 1.0


WEATHER CONDITIONS
 THE FOLLOWING WEATHER WAS RECORDED YESTERDAY.
  LIGHT RAIN
  FOG


RELATIVE HUMIDITY (PERCENT)
 HIGHEST    93           900 PM
 LOWEST     60           600 AM
 AVERAGE    77

..........................................................


THE WACO CLIMATE NORMALS FOR TODAY
                         NORMAL    RECORD    YEAR
 MAXIMUM TEMPERATURE (F)   58        83      2012
 MINIMUM TEMPERATURE (F)   37        21      1983
                                             1979


SUNRISE AND SUNSET
DECEMBER 18 2014......SUNRISE   723 AM CST   SUNSET   528 PM CST
DECEMBER 19 2014......SUNRISE   723 AM CST   SUNSET   529 PM CST


-  INDICATES NEGATIVE NUMBERS.
R  INDICATES RECORD WAS SET OR TIED.
MM INDICATES DATA IS MISSING.
T  INDICATES TRACE AMOUNT.




$$
