000
CDUS44 KFWD 180647
CLIACT

CLIMATE REPORT
NATIONAL WEATHER SERVICE FORT WORTH TX
147 AM CDT FRI APR 18 2014

...................................

...THE WACO CLIMATE SUMMARY FOR APRIL 17 2014...

CLIMATE NORMAL PERIOD 1981 TO 2010
CLIMATE RECORD PERIOD 1901 TO 2014


WEATHER ITEM   OBSERVED TIME   RECORD YEAR NORMAL DEPARTURE LAST
                VALUE   (LST)  VALUE       VALUE  FROM      YEAR
                                                  NORMAL
..................................................................
TEMPERATURE (F)
 YESTERDAY
  MAXIMUM         69    244 PM  97    2006  78     -9       84
  MINIMUM         52    305 AM  35    1999  55     -3       73
  AVERAGE         61                        66     -5       79

PRECIPITATION (IN)
  YESTERDAY        0.01          2.89 2010   0.09  -0.08      T
  MONTH TO DATE    1.67                      1.32   0.35     0.99
  SINCE MAR 1      2.54                      4.47  -1.93     2.82
  SINCE JAN 1      3.30                      9.22  -5.92     9.97

SNOWFALL (IN)
  YESTERDAY        0.0           0.0    MM   0.0    0.0      0.0
  MONTH TO DATE    0.0                       0.2   -0.2      0.0
  SINCE MAR 1      0.1                       0.3   -0.2      0.0
  SINCE JUL 1      0.1                       1.2   -1.1       T
  SNOW DEPTH       0

DEGREE DAYS
 HEATING
  YESTERDAY        4                         2      2        0
  MONTH TO DATE   87                        60     27       74
  SINCE MAR 1    437                       306    131      356
  SINCE JUL 1   2580                      2118    462     1922

 COOLING
  YESTERDAY        0                         4     -4       14
  MONTH TO DATE   59                        48     11       66
  SINCE MAR 1     74                        82     -8       92
  SINCE JAN 1     74                        91    -17      109
..................................................................


WIND (MPH)
  HIGHEST WIND SPEED    14   HIGHEST WIND DIRECTION     E (100)
  HIGHEST GUST SPEED    17   HIGHEST GUST DIRECTION     E (100)
  AVERAGE WIND SPEED     7.2


SKY COVER
  POSSIBLE SUNSHINE  MM
  AVERAGE SKY COVER 0.8


WEATHER CONDITIONS
 THE FOLLOWING WEATHER WAS RECORDED YESTERDAY.
  LIGHT RAIN
  FOG
  HAZE


RELATIVE HUMIDITY (PERCENT)
 HIGHEST    97           700 PM
 LOWEST     63           200 PM
 AVERAGE    80

..........................................................


THE WACO CLIMATE NORMALS FOR TODAY
                         NORMAL    RECORD    YEAR
 MAXIMUM TEMPERATURE (F)   78        98      2006
 MINIMUM TEMPERATURE (F)   55        39      1921


SUNRISE AND SUNSET
APRIL 18 2014.........SUNRISE   657 AM CDT   SUNSET   800 PM CDT
APRIL 19 2014.........SUNRISE   656 AM CDT   SUNSET   800 PM CDT


-  INDICATES NEGATIVE NUMBERS.
R  INDICATES RECORD WAS SET OR TIED.
MM INDICATES DATA IS MISSING.
T  INDICATES TRACE AMOUNT.


$$

58
