000
CDUS44 KFWD 250659
CLIACT

FTWCLIACT 000
TTAA00 KFWD 250657


CLIMATE REPORT
NATIONAL WEATHER SERVICE FORT WORTH TX
157 AM CDT FRI JUL 25 2014


...................................

...THE WACO CLIMATE SUMMARY FOR JULY 24 2014...

CLIMATE NORMAL PERIOD 1981 TO 2010
CLIMATE RECORD PERIOD 1901 TO 2014


WEATHER ITEM   OBSERVED TIME   RECORD YEAR NORMAL DEPARTURE LAST
                VALUE   (LST)  VALUE       VALUE  FROM      YEAR
                                                  NORMAL
..................................................................
TEMPERATURE (F)
 YESTERDAY
  MAXIMUM         96    529 PM 105    2011  97     -1       95
                                      1977
                                      1969
  MINIMUM         73    614 AM  65    1989  75     -2       76
                                      1942
                                      1915
  AVERAGE         85                        86     -1       86

PRECIPITATION (IN)
  YESTERDAY        0.00          2.74 1971   0.05  -0.05     0.00
  MONTH TO DATE    0.15                      1.39  -1.24     5.00
  SINCE JUN 1      8.46                      4.82   3.64     6.62
  SINCE JAN 1     19.60                     19.71  -0.11    20.71

DEGREE DAYS
 HEATING
  YESTERDAY        0                         0      0        0
  MONTH TO DATE    0                         0      0        0
  SINCE JUN 1      0                         0      0        0
  SINCE JUL 1      0                         0      0        0

 COOLING
  YESTERDAY       20                        21     -1       21
  MONTH TO DATE  422                       479    -57      453
  SINCE JUN 1    903                       967    -64     1005
  SINCE JAN 1   1290                      1419   -129     1422
..................................................................


WIND (MPH)
  HIGHEST WIND SPEED    12   HIGHEST WIND DIRECTION    SE (120)
  HIGHEST GUST SPEED    16   HIGHEST GUST DIRECTION     S (170)
  AVERAGE WIND SPEED     5.0


SKY COVER
  POSSIBLE SUNSHINE  MM
  AVERAGE SKY COVER 0.3


WEATHER CONDITIONS
 THE FOLLOWING WEATHER WAS RECORDED YESTERDAY.
  NO SIGNIFICANT WEATHER WAS OBSERVED.


RELATIVE HUMIDITY (PERCENT)
 HIGHEST    79           600 AM
 LOWEST     34           600 PM
 AVERAGE    57

..........................................................


THE WACO CLIMATE NORMALS FOR TODAY
                         NORMAL    RECORD    YEAR
 MAXIMUM TEMPERATURE (F)   97       108      1954
 MINIMUM TEMPERATURE (F)   75        65      1911


SUNRISE AND SUNSET
JULY 25 2014..........SUNRISE   640 AM CDT   SUNSET   830 PM CDT
JULY 26 2014..........SUNRISE   641 AM CDT   SUNSET   829 PM CDT


-  INDICATES NEGATIVE NUMBERS.
R  INDICATES RECORD WAS SET OR TIED.
MM INDICATES DATA IS MISSING.
T  INDICATES TRACE AMOUNT.




$$
