000
CDUS44 KFWD 012125
CLIACT


CLIMATE REPORT
NATIONAL WEATHER SERVICE FORT WORTH TX
425 PM CDT MON JUN 1 2015


...................................

...THE WACO CLIMATE SUMMARY FOR JUNE 1 2015...
VALID AS OF 0400 PM LOCAL TIME.

CLIMATE NORMAL PERIOD 1981 TO 2010
CLIMATE RECORD PERIOD 1901 TO 2015


WEATHER ITEM   OBSERVED TIME   RECORD YEAR NORMAL DEPARTURE LAST
                VALUE   (LST)  VALUE       VALUE  FROM      YEAR
                                                  NORMAL
..................................................................
TEMPERATURE (F)
 TODAY
  MAXIMUM         86    241 PM 102    1911  89     -3       89
  MINIMUM         60    536 AM  52    1964  68     -8       69
  AVERAGE         73

PRECIPITATION (IN)
  TODAY            0.00          2.44 1909   0.14  -0.14     0.00
  MONTH TO DATE    0.00                      0.14  -0.14     0.00
  SINCE JUN 1      0.00                      0.14  -0.14     0.00
  SINCE JAN 1     21.34                     15.03   6.31    11.14

..................................................................


WIND (MPH)
  HIGHEST WIND SPEED     9   HIGHEST WIND DIRECTION    SE (150)
  HIGHEST GUST SPEED    12   HIGHEST GUST DIRECTION    SW (210)
  AVERAGE WIND SPEED     3.7




..........................................................


THE WACO CLIMATE NORMALS FOR TOMORROW
                         NORMAL    RECORD    YEAR
 MAXIMUM TEMPERATURE (F)   89       100      1913
                                             1910
 MINIMUM TEMPERATURE (F)   68        53      1964


SUNRISE AND SUNSET
JUNE  1 2015..........SUNRISE   625 AM CDT   SUNSET   829 PM CDT
JUNE  2 2015..........SUNRISE   624 AM CDT   SUNSET   830 PM CDT


-  INDICATES NEGATIVE NUMBERS.
R  INDICATES RECORD WAS SET OR TIED.
MM INDICATES DATA IS MISSING.
T  INDICATES TRACE AMOUNT.




$$
