000
CDUS44 KFWD 280639
CLIACT


CLIMATE REPORT
NATIONAL WEATHER SERVICE FORT WORTH TX
138 AM CDT FRI JUL 28 2017


...................................

...THE WACO CLIMATE SUMMARY FOR JULY 27 2017...

CLIMATE NORMAL PERIOD 1981 TO 2010
CLIMATE RECORD PERIOD 1901 TO 2017


WEATHER ITEM   OBSERVED TIME   RECORD YEAR NORMAL DEPARTURE LAST
                VALUE   (LST)  VALUE       VALUE  FROM      YEAR
                                                  NORMAL
..................................................................
TEMPERATURE (F)
 YESTERDAY
  MAXIMUM        102    302 PM 105    2011  98      4       98
                                      1977
                                      1960
  MINIMUM         76    552 AM  66    1911  75      1       76
  AVERAGE         89                        86      3       87

PRECIPITATION (IN)
  YESTERDAY        0.00          0.85 1928   0.05  -0.05     0.00
  MONTH TO DATE    2.09                      1.56   0.53     0.06
  SINCE JUN 1      6.83                      4.99   1.84     4.65
  SINCE JAN 1     26.14                     19.88   6.26    27.29

DEGREE DAYS
 HEATING
  YESTERDAY        0                         0      0        0
  MONTH TO DATE    0                         0      0        0
  SINCE JUN 1      0                         0      0        0
  SINCE JUL 1      0                         0      0        0

 COOLING
  YESTERDAY       24                        21      3       22
  MONTH TO DATE  572                       542     30      613
  SINCE JUN 1   1089                      1030     59     1142
  SINCE JAN 1   1658                      1482    176     1533
..................................................................


WIND (MPH)
  HIGHEST WIND SPEED    18   HIGHEST WIND DIRECTION     S (190)
  HIGHEST GUST SPEED    22   HIGHEST GUST DIRECTION     S (190)
  AVERAGE WIND SPEED    10.9


SKY COVER
  POSSIBLE SUNSHINE  MM
  AVERAGE SKY COVER 0.0


WEATHER CONDITIONS
 THE FOLLOWING WEATHER WAS RECORDED YESTERDAY.
  NO SIGNIFICANT WEATHER WAS OBSERVED.


RELATIVE HUMIDITY (PERCENT)
 HIGHEST    87           600 AM
 LOWEST     31           400 PM
 AVERAGE    59

..........................................................


THE WACO CLIMATE NORMALS FOR TODAY
                         NORMAL    RECORD    YEAR
 MAXIMUM TEMPERATURE (F)   98       106      1969
 MINIMUM TEMPERATURE (F)   75        60      1994


SUNRISE AND SUNSET
JULY 28 2017..........SUNRISE   643 AM CDT   SUNSET   828 PM CDT
JULY 29 2017..........SUNRISE   643 AM CDT   SUNSET   827 PM CDT


-  INDICATES NEGATIVE NUMBERS.
R  INDICATES RECORD WAS SET OR TIED.
MM INDICATES DATA IS MISSING.
T  INDICATES TRACE AMOUNT.




$$
