748
CDUS44 KFWD 242229
CLIACT


CLIMATE REPORT
NATIONAL WEATHER SERVICE FORT WORTH TX
427 PM CST SAT FEB 24 2018


...................................

...THE WACO CLIMATE SUMMARY FOR FEBRUARY 24 2018...
VALID AS OF 0400 PM LOCAL TIME.

CLIMATE NORMAL PERIOD 1981 TO 2010
CLIMATE RECORD PERIOD 1901 TO 2018


WEATHER ITEM   OBSERVED TIME   RECORD YEAR NORMAL DEPARTURE LAST
                VALUE   (LST)  VALUE       VALUE  FROM      YEAR
                                                  NORMAL
..................................................................
TEMPERATURE (F)
 TODAY
  MAXIMUM         78    238 PM  85    1977  64     14       65
                                      1972
  MINIMUM         47    347 AM  20    1965  42      5       45
                                      1914
  AVERAGE         63

PRECIPITATION (IN)
  TODAY            0.17          1.96 2004   0.10   0.07     0.00
  MONTH TO DATE    2.04                      2.20  -0.16     3.05
  SINCE DEC 1      4.13                      7.07  -2.94     7.43
  SINCE JAN 1      2.35                      4.32  -1.97     6.16

SNOWFALL (IN)
  TODAY           MM             2.0  1965   0.1   MM        0.0
  MONTH TO DATE    T                         0.4   -0.4      0.0
  SINCE DEC 1      T                         0.7   -0.7       T
  SINCE JUL 1      T                         0.8   -0.8       T
  SNOW DEPTH       0

..................................................................


WIND (MPH)
  HIGHEST WIND SPEED    21   HIGHEST WIND DIRECTION     N (360)
  HIGHEST GUST SPEED    27   HIGHEST GUST DIRECTION     N (350)
  AVERAGE WIND SPEED     8.3




..........................................................


THE WACO CLIMATE NORMALS FOR TOMORROW
                         NORMAL    RECORD    YEAR
 MAXIMUM TEMPERATURE (F)   64        95      1918
 MINIMUM TEMPERATURE (F)   42        19      1960


SUNRISE AND SUNSET
FEBRUARY 24 2018......SUNRISE   701 AM CST   SUNSET   623 PM CST
FEBRUARY 25 2018......SUNRISE   700 AM CST   SUNSET   624 PM CST


-  INDICATES NEGATIVE NUMBERS.
R  INDICATES RECORD WAS SET OR TIED.
MM INDICATES DATA IS MISSING.
T  INDICATES TRACE AMOUNT.




$$
