000
CDUS41 KPHI 200630
CLIACY


CLIMATE REPORT
NATIONAL WEATHER SERVICE MOUNT HOLLY NJ
228 AM EDT SAT SEP 20 2014


...................................

...THE ATLANTIC CITY NJ CLIMATE SUMMARY FOR SEPTEMBER 19 2014...

CLIMATE NORMAL PERIOD 1981 TO 2010
CLIMATE RECORD PERIOD 1874 TO 2014


WEATHER ITEM   OBSERVED TIME   RECORD YEAR NORMAL DEPARTURE LAST
                VALUE   (LST)  VALUE       VALUE  FROM      YEAR
                                                  NORMAL
..................................................................
TEMPERATURE (F)
 YESTERDAY
  MAXIMUM         70   1218 PM  91    1983  76     -6       76
                                      1965
  MINIMUM         53    616 AM  40    1990  56     -3       42
                                      1959
  AVERAGE         62                        66     -4       59

PRECIPITATION (IN)
  YESTERDAY        0.00          4.34 1928   0.11  -0.11     0.00
  MONTH TO DATE    1.05                      1.89  -0.84     0.71
  SINCE SEP 1      1.05                      1.89  -0.84     0.71
  SINCE JAN 1     37.77                     30.11   7.66    32.13

SNOWFALL (IN)
  YESTERDAY        0.0           0.0  1903   0.0    0.0      0.0
  MONTH TO DATE    0.0                       0.0    0.0      0.0
  SINCE SEP 1      0.0                       0.0    0.0      0.0
  SINCE JUL 1      0.0                       0.0    0.0      0.0
  SNOW DEPTH       0

DEGREE DAYS
 HEATING
  YESTERDAY        3                         2      1        6
  MONTH TO DATE   17                        21     -4       49
  SINCE SEP 1     17                        21     -4       49
  SINCE JUL 1     17                        24     -7       49

 COOLING
  YESTERDAY        0                         3     -3        0
  MONTH TO DATE  111                       101     10       96
  SINCE SEP 1    111                       101     10       96
  SINCE JAN 1    823                      1010   -187     1052
..................................................................


WIND (MPH)
  HIGHEST WIND SPEED    21   HIGHEST WIND DIRECTION    NE (50)
  HIGHEST GUST SPEED    26   HIGHEST GUST DIRECTION    NE (60)
  AVERAGE WIND SPEED    10.2


SKY COVER
  POSSIBLE SUNSHINE  MM
  AVERAGE SKY COVER 0.5


WEATHER CONDITIONS
 THE FOLLOWING WEATHER WAS RECORDED YESTERDAY.
  NO SIGNIFICANT WEATHER WAS OBSERVED.


RELATIVE HUMIDITY (PERCENT)
 HIGHEST    93          1200 AM
 LOWEST     61           200 PM
 AVERAGE    77

..........................................................


THE ATLANTIC CITY NJ CLIMATE NORMALS FOR TODAY
                         NORMAL    RECORD    YEAR
 MAXIMUM TEMPERATURE (F)   76        89      1983
 MINIMUM TEMPERATURE (F)   56        34      1979


SUNRISE AND SUNSET
SEPTEMBER 20 2014.....SUNRISE   644 AM EDT   SUNSET   659 PM EDT
SEPTEMBER 21 2014.....SUNRISE   645 AM EDT   SUNSET   657 PM EDT


-  INDICATES NEGATIVE NUMBERS.
R  INDICATES RECORD WAS SET OR TIED.
MM INDICATES DATA IS MISSING.
T  INDICATES TRACE AMOUNT.




$$
