000
CDUS41 KPHI 212127
CLIACY


CLIMATE REPORT
NATIONAL WEATHER SERVICE MOUNT HOLLY NJ
426 PM EST FRI NOV 21 2014


...................................

...THE ATLANTIC CITY NJ CLIMATE SUMMARY FOR NOVEMBER 21 2014...
VALID TODAY AS OF 0400 PM LOCAL TIME.

CLIMATE NORMAL PERIOD 1981 TO 2010
CLIMATE RECORD PERIOD 1874 TO 2014


WEATHER ITEM   OBSERVED TIME   RECORD YEAR NORMAL DEPARTURE LAST
                VALUE   (LST)  VALUE       VALUE  FROM      YEAR
                                                  NORMAL
..................................................................
TEMPERATURE (F)
 TODAY
  MAXIMUM         37    233 PM  75    1991  54    -17       55
                                      1942
  MINIMUM         27    656 AM  17    1967  36     -9       30
  AVERAGE         32                        45    -13       43

PRECIPITATION (IN)
  TODAY            0.00          1.67 1952   0.11  -0.11     0.00
  MONTH TO DATE    3.82                      2.25   1.57     0.74
  SINCE SEP 1     10.56                      8.82   1.74     6.83
  SINCE JAN 1     47.28                     37.04  10.24    38.25

SNOWFALL (IN)
  TODAY            0.0           T    2008   0.0    0.0      0.0
                                      1987
                                      1950
  MONTH TO DATE    T                         0.0    0.0       T
  SINCE SEP 1      T                         0.0    0.0       T
  SINCE JUL 1      T                         0.0    0.0       T
  SNOW DEPTH       0

DEGREE DAYS
 HEATING
  TODAY           33                        20     13       22
  MONTH TO DATE  434                       353     81      391
  SINCE SEP 1    708                       708      0      756
  SINCE JUL 1    708                       711     -3      756

 COOLING
  TODAY            0                         0      0        0
  MONTH TO DATE    0                         0      0        0
  SINCE SEP 1    145                       145      0      132
  SINCE JAN 1    857                      1054   -197     1088
..................................................................


WIND (MPH)
  HIGHEST WIND SPEED    25   HIGHEST WIND DIRECTION     W (290)
  HIGHEST GUST SPEED    33   HIGHEST GUST DIRECTION    NW (300)
  AVERAGE WIND SPEED    16.5


SKY COVER
  POSSIBLE SUNSHINE  MM
  AVERAGE SKY COVER 0.0


WEATHER CONDITIONS
 THE FOLLOWING WEATHER WAS RECORDED TODAY.
  NO SIGNIFICANT WEATHER WAS OBSERVED.


RELATIVE HUMIDITY (PERCENT)
 HIGHEST    50           700 AM
 LOWEST     27           100 PM
 AVERAGE    39

..........................................................


THE ATLANTIC CITY NJ CLIMATE NORMALS FOR TOMORROW
                         NORMAL    RECORD    YEAR
 MAXIMUM TEMPERATURE (F)   54        72      2007
                                             1931
 MINIMUM TEMPERATURE (F)   36        12      1879


SUNRISE AND SUNSET
NOVEMBER 21 2014......SUNRISE   649 AM EST   SUNSET   439 PM EST
NOVEMBER 22 2014......SUNRISE   650 AM EST   SUNSET   439 PM EST


-  INDICATES NEGATIVE NUMBERS.
R  INDICATES RECORD WAS SET OR TIED.
MM INDICATES DATA IS MISSING.
T  INDICATES TRACE AMOUNT.




$$
