000
CDUS41 KPHI 250628
CLIACY


CLIMATE REPORT
NATIONAL WEATHER SERVICE MOUNT HOLLY NJ
126 AM EST SAT FEB 25 2017


...................................

...THE ATLANTIC CITY NJ CLIMATE SUMMARY FOR FEBRUARY 24 2017...

CLIMATE NORMAL PERIOD 1981 TO 2010
CLIMATE RECORD PERIOD 1874 TO 2017


WEATHER ITEM   OBSERVED TIME   RECORD YEAR NORMAL DEPARTURE LAST
                VALUE   (LST)  VALUE       VALUE  FROM      YEAR
                                                  NORMAL
..................................................................
TEMPERATURE (F)
 YESTERDAY
  MAXIMUM         71    140 PM  75    1985  46     25       62
  MINIMUM         52    641 AM   2    1889  28     24       45
  AVERAGE         62                        37     25       54

PRECIPITATION (IN)
  YESTERDAY        0.00          2.15 1979   0.11  -0.11     0.66
  MONTH TO DATE    0.97                      2.42  -1.45     4.49
  SINCE DEC 1      8.44                      9.33  -0.89    12.77
  SINCE JAN 1      5.15                      5.64  -0.49     7.33

SNOWFALL (IN)
  YESTERDAY        0.0          12.3  1989   0.2   -0.2      0.0
  MONTH TO DATE    0.3                       6.0   -5.7      3.9
  SINCE DEC 1      7.5                      14.2   -6.7     20.6
  SINCE JUL 1      7.5                      14.4   -6.9     20.6
  SNOW DEPTH       0

DEGREE DAYS
 HEATING
  YESTERDAY        3                        28    -25       11
  MONTH TO DATE  538                       721   -183      668
  SINCE DEC 1   2176                      2575   -399     2079
  SINCE JUL 1   2923                      3482   -559     2774

 COOLING
  YESTERDAY        0                         0      0        0
  MONTH TO DATE    0                         0      0        0
  SINCE DEC 1      0                         0      0        3
  SINCE JAN 1      0                         0      0        0
..................................................................


WIND (MPH)
  HIGHEST WIND SPEED    18   HIGHEST WIND DIRECTION     S (160)
  HIGHEST GUST SPEED    25   HIGHEST GUST DIRECTION     S (190)
  AVERAGE WIND SPEED     9.1


SKY COVER
  POSSIBLE SUNSHINE  MM
  AVERAGE SKY COVER 0.1


WEATHER CONDITIONS
 THE FOLLOWING WEATHER WAS RECORDED YESTERDAY.
  NO SIGNIFICANT WEATHER WAS OBSERVED.


RELATIVE HUMIDITY (PERCENT)
 HIGHEST    93           800 PM
 LOWEST     53          1200 PM
 AVERAGE    73

..........................................................


THE ATLANTIC CITY NJ CLIMATE NORMALS FOR TODAY
                         NORMAL    RECORD    YEAR
 MAXIMUM TEMPERATURE (F)   47        77      1930
 MINIMUM TEMPERATURE (F)   28         3      1914


SUNRISE AND SUNSET
FEBRUARY 25 2017......SUNRISE   637 AM EST   SUNSET   546 PM EST
FEBRUARY 26 2017......SUNRISE   635 AM EST   SUNSET   548 PM EST


-  INDICATES NEGATIVE NUMBERS.
R  INDICATES RECORD WAS SET OR TIED.
MM INDICATES DATA IS MISSING.
T  INDICATES TRACE AMOUNT.




$$
