000
CDUS41 KPHI 242130
CLIACY


CLIMATE REPORT
NATIONAL WEATHER SERVICE MOUNT HOLLY NJ
427 PM EST TUE JAN 24 2017


...................................

...THE ATLANTIC CITY NJ CLIMATE SUMMARY FOR JANUARY 24 2017...
VALID TODAY AS OF 0400 PM LOCAL TIME.

CLIMATE NORMAL PERIOD 1981 TO 2010
CLIMATE RECORD PERIOD 1874 TO 2017


WEATHER ITEM   OBSERVED TIME   RECORD YEAR NORMAL DEPARTURE LAST
                VALUE   (LST)  VALUE       VALUE  FROM      YEAR
                                                  NORMAL
..................................................................
TEMPERATURE (F)
 TODAY
  MAXIMUM         43    359 PM  78    1967  41      2       32
  MINIMUM         37   1051 AM   0    1882  24     13       20
  AVERAGE         40                        33      7       26

PRECIPITATION (IN)
  TODAY            0.32          1.47 1884   0.10   0.22     0.01
  MONTH TO DATE    4.06                      2.52   1.54     2.81
  SINCE DEC 1      7.35                      6.21   1.14     8.25
  SINCE JAN 1      4.06                      2.52   1.54     2.81

SNOWFALL (IN)
  TODAY            0.0           9.0  1940   0.1   -0.1      0.3
                                      2005
                                      2003
  MONTH TO DATE    7.0                       3.1    3.9     16.7
  SINCE DEC 1      7.0                       6.8    0.2     16.7
  SINCE JUL 1      7.0                       7.0    0.0     16.7
  SNOW DEPTH       0

DEGREE DAYS
 HEATING
  TODAY           25                        32     -7       39
  MONTH TO DATE  647                       766   -119      782
  SINCE DEC 1   1461                      1628   -167     1223
  SINCE JUL 1   2208                      2535   -327     1918

 COOLING
  TODAY            0                         0      0        0
  MONTH TO DATE    0                         0      0        0
  SINCE DEC 1      0                         0      0        3
  SINCE JAN 1      0                         0      0        0
..................................................................


WIND (MPH)
  HIGHEST WIND SPEED    30   HIGHEST WIND DIRECTION    NE (40)
  HIGHEST GUST SPEED    44   HIGHEST GUST DIRECTION    NE (30)
  AVERAGE WIND SPEED    17.8


SKY COVER
  POSSIBLE SUNSHINE  MM
  AVERAGE SKY COVER 0.9


WEATHER CONDITIONS
 THE FOLLOWING WEATHER WAS RECORDED TODAY.
  RAIN
  LIGHT RAIN
  FOG


RELATIVE HUMIDITY (PERCENT)
 HIGHEST    92           300 AM
 LOWEST     82           400 PM
 AVERAGE    87

..........................................................


THE ATLANTIC CITY NJ CLIMATE NORMALS FOR TOMORROW
                         NORMAL    RECORD    YEAR
 MAXIMUM TEMPERATURE (F)   41        72      1967
 MINIMUM TEMPERATURE (F)   25         4      2004
                                             1961
                                             1945


SUNRISE AND SUNSET
JANUARY 24 2017.......SUNRISE   712 AM EST   SUNSET   509 PM EST
JANUARY 25 2017.......SUNRISE   711 AM EST   SUNSET   511 PM EST


-  INDICATES NEGATIVE NUMBERS.
R  INDICATES RECORD WAS SET OR TIED.
MM INDICATES DATA IS MISSING.
T  INDICATES TRACE AMOUNT.




$$
