000
CDUS41 KPHI 230555
CLIACY


CLIMATE REPORT
NATIONAL WEATHER SERVICE MOUNT HOLLY NJ
1253 AM EST FRI FEB 23 2018


...................................

...THE ATLANTIC CITY NJ CLIMATE SUMMARY FOR FEBRUARY 22 2018...

CLIMATE NORMAL PERIOD 1981 TO 2010
CLIMATE RECORD PERIOD 1874 TO 2018


WEATHER ITEM   OBSERVED TIME   RECORD YEAR NORMAL DEPARTURE LAST
                VALUE   (LST)  VALUE       VALUE  FROM      YEAR
                                                  NORMAL
..................................................................
TEMPERATURE (F)
 YESTERDAY
  MAXIMUM         63    110 AM  68    1991  46     17       61
  MINIMUM         40    901 PM   2    1968  27     13       37
  AVERAGE         52                        37     15       49

PRECIPITATION (IN)
  YESTERDAY        0.03          1.90 1971   0.11  -0.08     0.00
  MONTH TO DATE    5.84                      2.19   3.65     0.97
  SINCE DEC 1     10.68                      9.10   1.58     8.44
  SINCE JAN 1      9.13                      5.41   3.72     5.15

SNOWFALL (IN)
  YESTERDAY        0.0           8.0  2001   0.2   -0.2      0.0
  MONTH TO DATE    T                         5.6   -5.6      0.3
  SINCE DEC 1     24.5                      13.8   10.7      7.5
  SINCE JUL 1     24.5                      14.0   10.5      7.5
  SNOW DEPTH       0

DEGREE DAYS
 HEATING
  YESTERDAY       13                        28    -15       16
  MONTH TO DATE  505                       665   -160      526
  SINCE DEC 1   2428                      2519    -91     2164
  SINCE JUL 1   3131                      3426   -295     2911

 COOLING
  YESTERDAY        0                         0      0        0
  MONTH TO DATE    0                         0      0        0
  SINCE DEC 1      0                         0      0        0
  SINCE JAN 1      0                         0      0        0
..................................................................


WIND (MPH)
  HIGHEST WIND SPEED    24   HIGHEST WIND DIRECTION    NE (60)
  HIGHEST GUST SPEED    34   HIGHEST GUST DIRECTION     E (80)
  AVERAGE WIND SPEED    13.5


SKY COVER
  POSSIBLE SUNSHINE  MM
  AVERAGE SKY COVER 1.0


WEATHER CONDITIONS
 THE FOLLOWING WEATHER WAS RECORDED YESTERDAY.
  LIGHT RAIN
  FOG
  HAZE


RELATIVE HUMIDITY (PERCENT)
 HIGHEST   100          1200 AM
 LOWEST     51           700 AM
 AVERAGE    76

..........................................................


THE ATLANTIC CITY NJ CLIMATE NORMALS FOR TODAY
                         NORMAL    RECORD    YEAR
 MAXIMUM TEMPERATURE (F)   46        72      2017
                                             1985
 MINIMUM TEMPERATURE (F)   28         8      1963
                                             1907


SUNRISE AND SUNSET
FEBRUARY 23 2018......SUNRISE   640 AM EST   SUNSET   544 PM EST
FEBRUARY 24 2018......SUNRISE   638 AM EST   SUNSET   545 PM EST


-  INDICATES NEGATIVE NUMBERS.
R  INDICATES RECORD WAS SET OR TIED.
MM INDICATES DATA IS MISSING.
T  INDICATES TRACE AMOUNT.




$$
