000
CDUS41 KPHI 030628
CLIACY


CLIMATE REPORT
NATIONAL WEATHER SERVICE MOUNT HOLLY NJ
127 AM EST SAT DEC 3 2016


...................................

...THE ATLANTIC CITY NJ CLIMATE SUMMARY FOR DECEMBER 2 2016...

CLIMATE NORMAL PERIOD 1981 TO 2010
CLIMATE RECORD PERIOD 1874 TO 2016


WEATHER ITEM   OBSERVED TIME   RECORD YEAR NORMAL DEPARTURE LAST
                VALUE   (LST)  VALUE       VALUE  FROM      YEAR
                                                  NORMAL
..................................................................
TEMPERATURE (F)
 YESTERDAY
  MAXIMUM         52    131 PM  63    1970  50      2       60
  MINIMUM         37    655 AM   7    1967  32      5       52
  AVERAGE         45                        41      4       56

PRECIPITATION (IN)
  YESTERDAY        0.00          1.18 1929   0.13  -0.13     0.09
  MONTH TO DATE    0.12                      0.25  -0.13     0.88
  SINCE DEC 1      0.12                      0.25  -0.13     0.88
  SINCE JAN 1     41.85                     38.31   3.54    41.98

SNOWFALL (IN)
  YESTERDAY        0.0           0.6  1890   0.0    0.0      0.0
                                      2007
                                      1979
  MONTH TO DATE    0.0                       0.1   -0.1      0.0
  SINCE DEC 1      0.0                       0.1   -0.1      0.0
  SINCE JUL 1      T                         0.3   -0.3      0.0
  SNOW DEPTH       0

DEGREE DAYS
 HEATING
  YESTERDAY       20                        24     -4        9
  MONTH TO DATE   31                        47    -16       20
  SINCE DEC 1     31                        47    -16       20
  SINCE JUL 1    778                       954   -176      715

 COOLING
  YESTERDAY        0                         0      0        0
  MONTH TO DATE    0                         0      0        0
  SINCE DEC 1      0                         0      0        0
  SINCE JAN 1   1340                      1055    285     1296
..................................................................


WIND (MPH)
  HIGHEST WIND SPEED    23   HIGHEST WIND DIRECTION    NW (310)
  HIGHEST GUST SPEED    28   HIGHEST GUST DIRECTION    NW (320)
  AVERAGE WIND SPEED    11.0


SKY COVER
  POSSIBLE SUNSHINE  MM
  AVERAGE SKY COVER 0.2


WEATHER CONDITIONS
 THE FOLLOWING WEATHER WAS RECORDED YESTERDAY.
  NO SIGNIFICANT WEATHER WAS OBSERVED.


RELATIVE HUMIDITY (PERCENT)
 HIGHEST    64           600 AM
 LOWEST     41           100 PM
 AVERAGE    53

..........................................................


THE ATLANTIC CITY NJ CLIMATE NORMALS FOR TODAY
                         NORMAL    RECORD    YEAR
 MAXIMUM TEMPERATURE (F)   50        69      1998
 MINIMUM TEMPERATURE (F)   32         6      1976


SUNRISE AND SUNSET
DECEMBER  3 2016......SUNRISE   702 AM EST   SUNSET   435 PM EST
DECEMBER  4 2016......SUNRISE   703 AM EST   SUNSET   435 PM EST


-  INDICATES NEGATIVE NUMBERS.
R  INDICATES RECORD WAS SET OR TIED.
MM INDICATES DATA IS MISSING.
T  INDICATES TRACE AMOUNT.




$$
