000
CDUS41 KPHI 290629
CLIACY


CLIMATE REPORT
NATIONAL WEATHER SERVICE MOUNT HOLLY NJ
228 AM EDT SAT APR 29 2017


...................................

...THE ATLANTIC CITY NJ CLIMATE SUMMARY FOR APRIL 28 2017...

CLIMATE NORMAL PERIOD 1981 TO 2010
CLIMATE RECORD PERIOD 1874 TO 2017


WEATHER ITEM   OBSERVED TIME   RECORD YEAR NORMAL DEPARTURE LAST
                VALUE   (LST)  VALUE       VALUE  FROM      YEAR
                                                  NORMAL
..................................................................
TEMPERATURE (F)
 YESTERDAY
  MAXIMUM         87    304 PM  88    2009  66     21       55
  MINIMUM         61    253 AM  28    2012  46     15       40
  AVERAGE         74                        56     18       48

PRECIPITATION (IN)
  YESTERDAY        0.04          3.15 1875   0.11  -0.07     0.13
  MONTH TO DATE    2.95                      3.42  -0.47     2.88
  SINCE MAR 1      8.57                      7.63   0.94     6.00
  SINCE JAN 1     14.12                     13.72   0.40    13.35

SNOWFALL (IN)
  YESTERDAY        0.0           0.0    MM   0.0    0.0      0.0
  MONTH TO DATE    0.0                       0.3   -0.3      1.8
  SINCE MAR 1      0.2                       1.4   -1.2      6.9
  SINCE JUL 1      7.7                      16.5   -8.8     27.5
  SNOW DEPTH       0

DEGREE DAYS
 HEATING
  YESTERDAY        0                        10    -10       17
  MONTH TO DATE  246                       388   -142      415
  SINCE MAR 1    965                      1094   -129      946
  SINCE JUL 1   3961                      4685   -724     3827

 COOLING
  YESTERDAY        9                         1      8        0
  MONTH TO DATE   19                         2     17       11
  SINCE MAR 1     19                         2     17       14
  SINCE JAN 1     19                         2     17       14
..................................................................


WIND (MPH)
  HIGHEST WIND SPEED    16   HIGHEST WIND DIRECTION     W (290)
  HIGHEST GUST SPEED    22   HIGHEST GUST DIRECTION     W (280)
  AVERAGE WIND SPEED     7.9


SKY COVER
  POSSIBLE SUNSHINE  MM
  AVERAGE SKY COVER 0.1


WEATHER CONDITIONS
 THE FOLLOWING WEATHER WAS RECORDED YESTERDAY.
  THUNDERSTORM
  LIGHT RAIN
  FOG


RELATIVE HUMIDITY (PERCENT)
 HIGHEST    93          1100 PM
 LOWEST     28           300 PM
 AVERAGE    61

..........................................................


THE ATLANTIC CITY NJ CLIMATE NORMALS FOR TODAY
                         NORMAL    RECORD    YEAR
 MAXIMUM TEMPERATURE (F)   66        92      1974
 MINIMUM TEMPERATURE (F)   46        31      1874


SUNRISE AND SUNSET
APRIL 29 2017.........SUNRISE   602 AM EDT   SUNSET   750 PM EDT
APRIL 30 2017.........SUNRISE   600 AM EDT   SUNSET   751 PM EDT


-  INDICATES NEGATIVE NUMBERS.
R  INDICATES RECORD WAS SET OR TIED.
MM INDICATES DATA IS MISSING.
T  INDICATES TRACE AMOUNT.




$$
