902
CDAK48 PAFC 221240
CLIADQ


CLIMATE REPORT
NATIONAL WEATHER SERVICE ANCHORAGE, AK
340 AM AKST WED NOV 22 2017


...................................

...THE KODIAK CLIMATE SUMMARY FOR NOVEMBER 21 2017...

CLIMATE NORMAL PERIOD 1981 TO 2010
CLIMATE RECORD PERIOD 1913 TO 2017


WEATHER ITEM   OBSERVED TIME   RECORD YEAR NORMAL DEPARTURE LAST
                VALUE   (LST)  VALUE       VALUE  FROM      YEAR
                                                  NORMAL
..................................................................
TEMPERATURE (F)
 YESTERDAY
  MAXIMUM         36   1145 PM  51    1978  38     -2       41
  MINIMUM         27    856 AM   7    2011  28     -1       35
                                      1922
  AVERAGE         32                        33     -1       38

PRECIPITATION (IN)
  YESTERDAY        T             1.71 1947   0.23  -0.23     1.51
  MONTH TO DATE    0.75                      4.66  -3.91     7.54
  SINCE SEP 1     13.12                     20.27  -7.15    24.11
  SINCE JAN 1     53.64                     67.06 -13.42    75.41

SNOWFALL (IN)
  YESTERDAY        T             5.1  1989   0.2   -0.2       T
  MONTH TO DATE    3.1                       3.4   -0.3       T
  SINCE SEP 1      3.3                       4.5   -1.2      0.2
  SINCE JUL 1      3.3                       4.5   -1.2      0.2
  SNOW DEPTH       2

DEGREE DAYS
 HEATING
  YESTERDAY       33                        32      1       27
  MONTH TO DATE  551                       640    -89      559
  SINCE SEP 1   1657                      1869   -212     1593
  SINCE JUL 1   2262                      2502   -240     1934

 COOLING
  YESTERDAY        0                         0      0        0
  MONTH TO DATE    0                         0      0        0
  SINCE SEP 1      0                         0      0        0
  SINCE JAN 1      0                         1     -1       29
..................................................................


WIND (MPH)
  RESULTANT WIND SPEED  11   RESULTANT WIND DIRECTION  NW (300)
  HIGHEST WIND SPEED    26   HIGHEST WIND DIRECTION     W (280)
  HIGHEST GUST SPEED    35   HIGHEST GUST DIRECTION     W (290)
  AVERAGE WIND SPEED    10.2



WEATHER CONDITIONS
 THE FOLLOWING WEATHER WAS RECORDED YESTERDAY.
  LIGHT SNOW


RELATIVE HUMIDITY (PERCENT)
 HIGHEST    82
 LOWEST     56
 AVERAGE    69

..........................................................


THE KODIAK CLIMATE NORMALS FOR TODAY
                         NORMAL    RECORD    YEAR
 MAXIMUM TEMPERATURE (F)   38        49      1967
 MINIMUM TEMPERATURE (F)   28         3      1927


SUNRISE AND SUNSET
NOVEMBER 22 2017......SUNRISE   912 AM AKST  SUNSET   441 PM AKST
NOVEMBER 23 2017......SUNRISE   914 AM AKST  SUNSET   439 PM AKST


-  INDICATES NEGATIVE NUMBERS.
R  INDICATES RECORD WAS SET OR TIED.
MM INDICATES DATA IS MISSING.
T  INDICATES TRACE AMOUNT.




$$
