000
CDAK48 PADQ 241301
CLIADQ


CLIMATE REPORT
NATIONAL WEATHER SERVICE ANCHORAGE, AK
501 AM AKDT MON APR 24 2017


...................................

...THE KODIAK CLIMATE SUMMARY FOR APRIL 23 2017...

CLIMATE NORMAL PERIOD 1981 TO 2010
CLIMATE RECORD PERIOD 1913 TO 2017


WEATHER ITEM   OBSERVED TIME   RECORD YEAR NORMAL DEPARTURE LAST
                VALUE   (LST)  VALUE       VALUE  FROM      YEAR
                                                  NORMAL
..................................................................
TEMPERATURE (F)
 YESTERDAY
  MAXIMUM         44    522 PM  60    1918  45     -1       48
  MINIMUM         41   1159 PM  20    1986  34      7       41
  AVERAGE         43                        39      4       45

PRECIPITATION (IN)
  YESTERDAY        0.22          0.97 1940   0.19   0.03     1.35
  MONTH TO DATE    6.72                      4.50   2.22     6.46
  SINCE MAR 1      7.42                     10.03  -2.61    13.80
  SINCE JAN 1     12.96                     24.46 -11.50    36.40

SNOWFALL (IN)
  YESTERDAY        0.0          MM      MM   0.2   -0.2      0.0
  MONTH TO DATE    1.1                       7.2   -6.1      0.0
  SINCE MAR 1      2.6                      18.5  -15.9      3.6
  SINCE JUL 1     28.4                      67.9  -39.5     20.6
  SNOW DEPTH       0

DEGREE DAYS
 HEATING
  YESTERDAY       22                        26     -4       20
  MONTH TO DATE  580                       649    -69      432
  SINCE MAR 1   1693                      1647     46      999
  SINCE JUL 1   7034                      7519   -485     5507

 COOLING
  YESTERDAY        0                         0      0        0
  MONTH TO DATE    0                         0      0        0
  SINCE MAR 1      0                         0      0        0
  SINCE JAN 1      0                         0      0        0
..................................................................


WIND (MPH)
  RESULTANT WIND SPEED   8   RESULTANT WIND DIRECTION   E (70)
  HIGHEST WIND SPEED    13   HIGHEST WIND DIRECTION     E (100)
  HIGHEST GUST SPEED    15   HIGHEST GUST DIRECTION    NE (30)
  AVERAGE WIND SPEED     8.1



WEATHER CONDITIONS
 THE FOLLOWING WEATHER WAS RECORDED YESTERDAY.
  LIGHT RAIN
  FOG
  FOG W/VISIBILITY <= 1/4 MILE


RELATIVE HUMIDITY (PERCENT)
 HIGHEST   100
 LOWEST     92
 AVERAGE    96

..........................................................


THE KODIAK CLIMATE NORMALS FOR TODAY
                         NORMAL    RECORD    YEAR
 MAXIMUM TEMPERATURE (F)   45        60      1936
 MINIMUM TEMPERATURE (F)   34        22      1955


SUNRISE AND SUNSET
APRIL 24 2017.........SUNRISE   635 AM AKDT  SUNSET   943 PM AKDT
APRIL 25 2017.........SUNRISE   632 AM AKDT  SUNSET   945 PM AKDT


-  INDICATES NEGATIVE NUMBERS.
R  INDICATES RECORD WAS SET OR TIED.
MM INDICATES DATA IS MISSING.
T  INDICATES TRACE AMOUNT.




$$
