000
CDAK48 PADQ 041229
CLIADQ

CLIMATE REPORT
NATIONAL WEATHER SERVICE KODIAK, AK
429 AM AKDT FRI SEP 4 2015

...................................
...THE KODIAK AP CLIMATE SUMMARY FOR SEPTEMBER 3 2015...

CLIMATE NORMAL PERIOD  1981 TO  2010
CLIMATE RECORD PERIOD  1913 TO  2015

WEATHER ITEM   OBSERVED TIME    RECORD YEAR NORMAL DEPARTURE LAST
               VALUE    (LST)   VALUE       VALUE  FROM      YEAR
                                                   NORMAL
...................................................................
TEMPERATURE
YESTERDAY
 MAXIMUM            65  0300 PM    69  1938     59       6     57
 MINIMUM            55  0722 AM    38  1995     47       8     49
 AVERAGE            60                          53       7     53

PRECIPITATION
(INCHES)
 YESTERDAY        0.35           0.97  1950   0.19    0.16   0.55
 MONTH TO DATE    0.37                        0.56   -0.19   0.55
 SINCE SEP 1      0.37                        0.56   -0.19   0.55
 SINCE JAN 1     47.90                       47.35    0.55  49.78

SNOWFALL
(INCHES)
 YESTERDAY         0.0            0.0  2015    0.0     0.0    0.0
 MONTH TO DATE     0.0                         0.0     0.0    0.0
 SINCE SEP 1       0.0                         0.0     0.0    0.0
 SINCE JUL 1       0.0                         0.0     0.0    0.0
 SNOW DEPTH (IN)     0                                          0

DEGREE DAYS
 HEATING
  YESTERDAY          5                          12      -7     12
  MONTH TO DATE     32                          36      -4     33
  SINCE SEP 1       32                          36      -4     33
  SINCE JUL 1      446                         666    -220    534

 COOLING
  YESTERDAY          0                           0       0      0
  MONTH TO DATE      0                           0       0      0
  SINCE SEP 1        0                           0       0      0
  SINCE JAN 1        1                           0       1      4
...................................................................

WIND (MPH)
 HIGHEST WIND SPEED    14     HIGHEST WIND DIRECTION    320
 HIGHEST GUST SPEED    18     HIGHEST GUST DIRECTION    150
 AVERAGE WIND SPEED   5.6

SKY COVER
  POSSIBLE SUNSHINE    MM          AVERAGE SKY COVER     MM

WEATHER CONDITIONS
 THE FOLLOWING WEATHER WAS RECORDED YESTERDAY.
  FOG
RAIN


RELATIVE HUMIDITY
 HIGHEST RH     MM PERCENT       MM
 LOWEST  RH     MM PERCENT       MM
 AVERAGE RH     MM PERCENT       MM
...................................................................

THE KODIAK CLIMATE NORMALS FOR TODAY
                           NORMAL    RECORD   YEAR
 MAXIMUM TEMPERATURE (F)     59        71     1929
 MINIMUM TEMPERATURE (F)     46        36     1988

SUNRISE AND SUNSET
 SEP 4 2015..........SUNRISE  7:17 AM      SUNSET  9:00 PM
 SEP 5 2015..........SUNRISE  7:19 AM      SUNSET  8:57 PM

-  INDICATES NEGATIVE NUMBERS.
R  INDICATES RECORD HAS BEEN SET OR TIED.
MM INDICATES DATA IS MISSING.
T  INDICATES TRACE OF PRECIPITATION.

&&
-------------------------------------------------------------------

AMOUNT OF DAYLIGHT TODAY  (HOUR:MIN)........13 HOURS 43 MINUTES
GAIN/LOSS SINCE YESTERDAY (HOUR:MIN:SEC)....-0:04:53

$$
LRM SEP 15
