000
CDAK48 PADQ 292327
CLIADQ

CLIMATE REPORT
NATIONAL WEATHER SERVICE KODIAK, AK
327 PM AKDT FRI AUG 29 2014

...................................
...THE KODIAK AP CLIMATE SUMMARY FOR AUGUST 29 2014...
VALID TODAY AS OF 2:00 PM LOCAL TIME

CLIMATE NORMAL PERIOD  1981 TO  2010
CLIMATE RECORD PERIOD  1949 TO  2014

WEATHER ITEM   OBSERVED TIME    RECORD YEAR NORMAL DEPARTURE LAST
               VALUE    (LST)   VALUE       VALUE  FROM      YEAR
                                                   NORMAL
...................................................................
TEMPERATURE
TODAY
 MAXIMUM            66  0128 PM    70  2007     60       6     57
 MINIMUM            48  0143 AM    34  1998     48       0     52
 AVERAGE            57                          54       3     55

PRECIPITATION
(INCHES)
 TODAY            0.00           1.93  1963   0.17   -0.17   1.78
 MONTH TO DATE    6.90                        4.21    2.69   9.25
 SINCE JUN 1     15.70                       15.05    0.65  14.42
 SINCE JAN 1     49.23                       46.44    2.79  39.86

SNOWFALL
(INCHES)
 TODAY             0.0            0.0  2014    0.0     0.0    0.0
 MONTH TO DATE     0.0                         0.0     0.0    0.0
 SINCE JUN 1       0.0                         0.0     0.0    0.0
 SINCE JUL 1       0.0                         0.0     0.0    0.0
 SNOW DEPTH (IN)     0                                          0

DEGREE DAYS
 HEATING
  TODAY              8                          11      -3     10
  MONTH TO DATE    236                         281     -45    253
  SINCE JUN 1      898                        1068    -170    795
  SINCE JUL 1      476                         607    -131    464

 COOLING
  TODAY              0                           0       0      0
  MONTH TO DATE      0                           0       0      0
  SINCE JUN 1        0                           0       0      6
  SINCE JAN 1        4                           0       4      6
...................................................................

WIND (MPH)
 HIGHEST WIND SPEED    18     HIGHEST WIND DIRECTION    290
 HIGHEST GUST SPEED    26     HIGHEST GUST DIRECTION    280
 AVERAGE WIND SPEED    MM

SKY COVER
  POSSIBLE SUNSHINE  MM            AVERAGE SKY COVER MM

WEATHER CONDITIONS
 THE FOLLOWING WEATHER WAS RECORDED TODAY.
NO SIGNIFICANT WEATHER WAS OBSERVED.

RELATIVE HUMIDITY
 HIGHEST RH     MM PERCENT       MM
 LOWEST  RH     MM PERCENT       MM
 AVERAGE RH     MM PERCENT       MM
...................................................................

THE KODIAK CLIMATE NORMALS FOR TOMORROW
                        NORMAL    RECORD   YEAR
 MAXIMUM TEMPERATURE      60        70     1987
 MINIMUM TEMPERATURE      47        36     1973

SUNRISE AND SUNSET
 AUG 29 2014..........SUNRISE  7:05 AM      SUNSET  9:16 PM
 AUG 30 2014..........SUNRISE  7:07 AM      SUNSET  9:13 PM

-  INDICATES NEGATIVE NUMBERS.
R  INDICATES RECORD HAS BEEN SET OR TIED.
MM INDICATES DATA IS MISSING.
T  INDICATES TRACE OF PRECIPITATION.

&&
-------------------------------------------------------------------

AMOUNT OF DAYLIGHT TODAY  (HOUR:MIN)........14 HOURS 11 MINUTES
GAIN/LOSS SINCE YESTERDAY (HOUR:MIN:SEC)....-0:04:51

$$
*** AUG 14
