000
CDAK48 PADQ 221256
CLIADQ


CLIMATE REPORT
NATIONAL WEATHER SERVICE ANCHORAGE, AK
455 AM AKDT WED MAR 22 2017


...................................

...THE KODIAK CLIMATE SUMMARY FOR MARCH 21 2017...

CLIMATE NORMAL PERIOD 1981 TO 2010
CLIMATE RECORD PERIOD 1913 TO 2017


WEATHER ITEM   OBSERVED TIME   RECORD YEAR NORMAL DEPARTURE LAST
                VALUE   (LST)  VALUE       VALUE  FROM      YEAR
                                                  NORMAL
..................................................................
TEMPERATURE (F)
 YESTERDAY
  MAXIMUM         36    300 PM  49    1982  38     -2       MM
                                      1915
  MINIMUM         25    145 AM   3    1975  28     -3       MM
  AVERAGE         31                        33     -2       MM

PRECIPITATION (IN)
  YESTERDAY        0.00          1.16 1985   0.19  -0.19     0.35
  MONTH TO DATE    T                         3.75  -3.75     4.47
  SINCE MAR 1      T                         3.75  -3.75     4.47
  SINCE JAN 1      5.54                     18.18 -12.64    27.07

SNOWFALL (IN)
  YESTERDAY        0.0           6.8  2008   0.4   -0.4      0.0
  MONTH TO DATE    0.2                       7.7   -7.5      3.6
  SINCE MAR 1      0.2                       7.7   -7.5      3.6
  SINCE JUL 1     26.0                      57.1  -31.1     20.6
  SNOW DEPTH       0

DEGREE DAYS
 HEATING
  YESTERDAY       34                        32      2       MM
  MONTH TO DATE  790                       685    105      375
  SINCE MAR 1    790                       685    105      375
  SINCE JUL 1   6131                      6557   -426     4883

 COOLING
  YESTERDAY        0                         0      0       MM
  MONTH TO DATE    0                         0      0        0
  SINCE MAR 1      0                         0      0        0
  SINCE JAN 1      0                         0      0        0
..................................................................


WIND (MPH)
  RESULTANT WIND SPEED  13   RESULTANT WIND DIRECTION   W (290)
  HIGHEST WIND SPEED    23   HIGHEST WIND DIRECTION     W (280)
  HIGHEST GUST SPEED    34   HIGHEST GUST DIRECTION     W (280)
  AVERAGE WIND SPEED    13.4



WEATHER CONDITIONS
 THE FOLLOWING WEATHER WAS RECORDED YESTERDAY.
  NO SIGNIFICANT WEATHER WAS OBSERVED.


RELATIVE HUMIDITY (PERCENT)
 HIGHEST    75
 LOWEST     41
 AVERAGE    58

..........................................................


THE KODIAK CLIMATE NORMALS FOR TODAY
                         NORMAL    RECORD    YEAR
 MAXIMUM TEMPERATURE (F)   38        55      1965
 MINIMUM TEMPERATURE (F)   28         4      1975


SUNRISE AND SUNSET
MARCH 22 2017.........SUNRISE   805 AM AKDT  SUNSET   830 PM AKDT
MARCH 23 2017.........SUNRISE   802 AM AKDT  SUNSET   832 PM AKDT


-  INDICATES NEGATIVE NUMBERS.
R  INDICATES RECORD WAS SET OR TIED.
MM INDICATES DATA IS MISSING.
T  INDICATES TRACE AMOUNT.




$$
