000
CDAK48 PADQ 221147
CLIADQ

CLIMATE REPORT
NATIONAL WEATHER SERVICE KODIAK, AK
247 AM AKST SAT NOV 22 2014

...................................
...THE KODIAK AP CLIMATE SUMMARY FOR NOVEMBER 21 2014...

CLIMATE NORMAL PERIOD  1981 TO  2010
CLIMATE RECORD PERIOD  1949 TO  2014

WEATHER ITEM   OBSERVED TIME    RECORD YEAR NORMAL DEPARTURE LAST
               VALUE    (LST)   VALUE       VALUE  FROM      YEAR
                                                   NORMAL
...................................................................
TEMPERATURE
YESTERDAY
 MAXIMUM            45  0425 AM    51  1978     38       7     47
 MINIMUM            32  1004 PM     7  2011     28       4     33
 AVERAGE            39                          33       6     40

PRECIPITATION
(INCHES)
 YESTERDAY        0.06           1.58  1989   0.23   -0.17   1.45
 MONTH TO DATE   12.73                        4.66    8.07   3.37
 SINCE SEP 1     26.15                       20.27    5.88  20.87
 SINCE JAN 1     75.38                       67.06    8.32  60.78

SNOWFALL
(INCHES)
 YESTERDAY         0.0            5.1  1989    0.2    -0.2    2.4
 MONTH TO DATE     0.0                         3.4    -3.4    7.3
 SINCE SEP 1       0.7                         4.5    -3.8    7.3
 SINCE JUL 1       0.7                         4.5    -3.8    7.3
 SNOW DEPTH (IN)     0                                          6

DEGREE DAYS
 HEATING
  YESTERDAY         26                          32      -6     25
  MONTH TO DATE    480                         640    -160    561
  SINCE SEP 1     1628                        1868    -240   1630
  SINCE JUL 1     2129                        2498    -369   2109

 COOLING
  YESTERDAY          0                           0       0      0
  MONTH TO DATE      0                           0       0      0
  SINCE SEP 1        0                           0       0      0
  SINCE JAN 1        4                           0       4      6
...................................................................

WIND (MPH)
 HIGHEST WIND SPEED    26     HIGHEST WIND DIRECTION     90
 HIGHEST GUST SPEED    32     HIGHEST GUST DIRECTION     90
 AVERAGE WIND SPEED   8.1

SKY COVER
  POSSIBLE SUNSHINE    MM          AVERAGE SKY COVER     MM

WEATHER CONDITIONS
 THE FOLLOWING WEATHER WAS RECORDED YESTERDAY.
  FOG
RAIN


RELATIVE HUMIDITY
 HIGHEST RH     MM PERCENT       MM
 LOWEST  RH     MM PERCENT       MM
 AVERAGE RH     MM PERCENT       MM
...................................................................

THE KODIAK CLIMATE NORMALS FOR TODAY
                           NORMAL    RECORD   YEAR
 MAXIMUM TEMPERATURE (F)     38        49     1967
 MINIMUM TEMPERATURE (F)     28         4     2011

SUNRISE AND SUNSET
 NOV 22 2014..........SUNRISE  9:12 AM      SUNSET  4:41 PM
 NOV 23 2014..........SUNRISE  9:14 AM      SUNSET  4:40 PM

-  INDICATES NEGATIVE NUMBERS.
R  INDICATES RECORD HAS BEEN SET OR TIED.
MM INDICATES DATA IS MISSING.
T  INDICATES TRACE OF PRECIPITATION.

&&
-------------------------------------------------------------------

AMOUNT OF DAYLIGHT TODAY  (HOUR:MIN)........7 HOURS 29 MINUTES
GAIN/LOSS SINCE YESTERDAY (HOUR:MIN:SEC)....-0:03:40

$$
*** NOV 14
