000
CDAK48 PADQ 242313
CLIADQ

CLIMATE REPORT
NATIONAL WEATHER SERVICE KODIAK, AK
313 PM AKDT TUE MAY 24 2016

...................................
...THE KODIAK AP CLIMATE SUMMARY FOR MAY 24 2016...
VALID TODAY AS OF 2:00 PM LOCAL TIME

CLIMATE NORMAL PERIOD  1981 TO  2010
CLIMATE RECORD PERIOD  1913 TO  2016

WEATHER ITEM   OBSERVED TIME    RECORD YEAR NORMAL DEPARTURE LAST
               VALUE    (LST)   VALUE       VALUE  FROM      YEAR
                                                   NORMAL
...................................................................
TEMPERATURE
TODAY
 MAXIMUM            61  0157 PM    71  1991     51      10     49
 MINIMUM            47  0522 AM    30  1977     40       7     46
 AVERAGE            54                          46       8     48

PRECIPITATION
(INCHES)
 TODAY            0.00           2.82  1975   0.19   -0.19   0.03
 MONTH TO DATE    2.63                        4.23   -1.60   5.77
 SINCE MAR 1     18.87                       15.57    3.30  19.94
 SINCE JAN 1     42.16                       30.00   12.16  38.86

SNOWFALL
(INCHES)
 TODAY             0.0            0.2  1977    0.0     0.0    0.0
 MONTH TO DATE     0.0                         0.2    -0.2    0.0
 SINCE MAR 1       3.6                        19.5   -15.9    4.7
 SINCE JUL 1        MM                        68.9      MM   20.1
 SNOW DEPTH (IN)     0                                          0

DEGREE DAYS
 HEATING
  TODAY             11                          19      -8     17
  MONTH TO DATE    411                         512    -101    460
  SINCE MAR 1     1878                        2331    -453   2109
  SINCE JUL 1     6815                        8204   -1389   7027

 COOLING
  TODAY              0                           0       0      0
  MONTH TO DATE      0                           0       0      0
  SINCE MAR 1        0                           0       0      0
  SINCE JAN 1        0                           0       0      0
...................................................................

WIND (MPH)
 HIGHEST WIND SPEED    21     HIGHEST WIND DIRECTION    270
 HIGHEST GUST SPEED    28     HIGHEST GUST DIRECTION    270
 AVERAGE WIND SPEED    MM

SKY COVER
  POSSIBLE SUNSHINE  MM            AVERAGE SKY COVER MM

WEATHER CONDITIONS
 THE FOLLOWING WEATHER WAS RECORDED TODAY.
NO SIGNIFICANT WEATHER WAS OBSERVED.

RELATIVE HUMIDITY
 HIGHEST RH     MM PERCENT       MM
 LOWEST  RH     MM PERCENT       MM
 AVERAGE RH     MM PERCENT       MM
...................................................................

THE KODIAK CLIMATE NORMALS FOR TOMORROW
                        NORMAL    RECORD   YEAR
 MAXIMUM TEMPERATURE      52        71     2006
 MINIMUM TEMPERATURE      40        32     2000

SUNRISE AND SUNSET
 MAY 24 2016..........SUNRISE  5:30 AM      SUNSET 10:46 PM
 MAY 25 2016..........SUNRISE  5:28 AM      SUNSET 10:48 PM

-  INDICATES NEGATIVE NUMBERS.
R  INDICATES RECORD HAS BEEN SET OR TIED.
MM INDICATES DATA IS MISSING.
T  INDICATES TRACE OF PRECIPITATION.

&&
-------------------------------------------------------------------

AMOUNT OF DAYLIGHT TODAY  (HOUR:MIN)........17 HOURS 16 MINUTES
GAIN/LOSS SINCE YESTERDAY (HOUR:MIN:SEC)....+0:03:26

$$
LRM MAY 16
