000
CDAK48 PAFC 161245
CLIADQ

CLIMATE REPORT
NATIONAL WEATHER SERVICE ANCHORAGE, AK
344 AM AKST MON JAN 16 2017


...................................

...THE KODIAK CLIMATE SUMMARY FOR JANUARY 15 2017...

CLIMATE NORMAL PERIOD 1981 TO 2010
CLIMATE RECORD PERIOD 1913 TO 2017


WEATHER ITEM   OBSERVED TIME   RECORD YEAR NORMAL DEPARTURE LAST
                VALUE   (LST)  VALUE       VALUE  FROM      YEAR
                                                  NORMAL
..................................................................
TEMPERATURE (F)
 YESTERDAY
  MAXIMUM         25    723 PM  46    1979  35    -10       40
  MINIMUM         16    115 AM  -2    1934  26    -10       37
  AVERAGE         21                        30     -9       39

PRECIPITATION (IN)
  YESTERDAY        T             2.14 1982   0.27  -0.27     0.06
  MONTH TO DATE    0.53                      4.15  -3.62     4.07
  SINCE DEC 1      4.64                     12.88  -8.24    16.34
  SINCE JAN 1      0.53                      4.15  -3.62     4.07

SNOWFALL (IN)
  YESTERDAY        0.2           9.0  1971   0.4   -0.2       T
  MONTH TO DATE    0.2                       5.7   -5.5       T
  SINCE DEC 1      3.8                      19.5  -15.7     14.9
  SINCE JUL 1      5.8                      27.0  -21.2     15.9
  SNOW DEPTH       T

DEGREE DAYS
 HEATING
  YESTERDAY       44                        35      9       26
  MONTH TO DATE  524                       513     11      352
  SINCE DEC 1   1557                      1561     -4     1257
  SINCE JUL 1   3759                      4356   -597     3475

 COOLING
  YESTERDAY        0                         0      0        0
  MONTH TO DATE    0                         0      0        0
  SINCE DEC 1      0                         0      0        0
  SINCE JAN 1      0                         0      0        0
..................................................................


WIND (MPH)
  RESULTANT WIND SPEED  15   RESULTANT WIND DIRECTION  NW (310)
  HIGHEST WIND SPEED    37   HIGHEST WIND DIRECTION    NW (300)
  HIGHEST GUST SPEED    50   HIGHEST GUST DIRECTION     W (290)
  AVERAGE WIND SPEED    16.4



WEATHER CONDITIONS
 THE FOLLOWING WEATHER WAS RECORDED YESTERDAY.
  LIGHT SNOW
  HAZE


RELATIVE HUMIDITY (PERCENT)
 HIGHEST    81
 LOWEST     49
 AVERAGE    65

..........................................................


THE KODIAK CLIMATE NORMALS FOR TODAY
                         NORMAL    RECORD    YEAR
 MAXIMUM TEMPERATURE (F)   35        47      1929
 MINIMUM TEMPERATURE (F)   26         5      1972


SUNRISE AND SUNSET
JANUARY 16 2017.......SUNRISE   940 AM AKST  SUNSET   501 PM AKST
JANUARY 17 2017.......SUNRISE   938 AM AKST  SUNSET   503 PM AKST

CIVIL TWILIGHT
JANUARY 16 2017         START    853 AM GMT     END    549 PM GMT
JANUARY 17 2017         START    852 AM GMT     END    550 PM GMT



-  INDICATES NEGATIVE NUMBERS.
R  INDICATES RECORD WAS SET OR TIED.
MM INDICATES DATA IS MISSING.
T  INDICATES TRACE AMOUNT.




$$
&&
------------------------------------------------------
AMOUNT OF DAYLIGHT TODAY  (HOUR:MIN)........ 7:21
GAIN/LOSS SINCE YESTERDAY (HOUR:MIN:SEC)....+0:03:24
