964
CDUS44 KLCH 221245
CLIAEX


CLIMATE REPORT
NATIONAL WEATHER SERVICE LAKE CHARLES, LA
645 AM CST SUN JAN 22 2017


...................................

...THE ALEXANDRIA CLIMATE SUMMARY FOR JANUARY 21 2017...

CLIMATE NORMAL PERIOD 1981 TO 2010
CLIMATE RECORD PERIOD 1892 TO 2017


WEATHER ITEM   OBSERVED TIME   RECORD YEAR NORMAL DEPARTURE LAST
                VALUE   (LST)  VALUE       VALUE  FROM      YEAR
                                                  NORMAL
..................................................................
TEMPERATURE (F)
 YESTERDAY
  MAXIMUM         70    537 PM  79    2012  59     11       67
                                      1937
                                      1920
  MINIMUM         57    814 AM  13    1985  38     19       41
  AVERAGE         64                        49     15       54

PRECIPITATION (IN)
  YESTERDAY        0.48          2.30 1954   0.18   0.30     0.91
  MONTH TO DATE    5.56                      3.30   2.26     2.83
  SINCE DEC 1     14.61                      9.42   5.19    10.89
  SINCE JAN 1      5.56                      3.30   2.26     2.83

SNOWFALL (IN)
  YESTERDAY        0.0           T    1946  MM     MM       MM
  MONTH TO DATE    0.5                      MM     MM        0.0
  SINCE DEC 1      0.5                      MM     MM        0.0
  SINCE JUL 1      0.5                      MM     MM        0.0
  SNOW DEPTH       0

DEGREE DAYS
 HEATING
  YESTERDAY        1                        16    -15       11
  MONTH TO DATE  184                       336   -152      355
  SINCE DEC 1    555                       800   -245      602
  SINCE JUL 1    730                      1125   -395      753
..................................................................


WIND (MPH)
  HIGHEST WIND SPEED    44   HIGHEST WIND DIRECTION     W (280)
  HIGHEST GUST SPEED    54   HIGHEST GUST DIRECTION    NW (320)
  AVERAGE WIND SPEED     9.1


SKY COVER
  POSSIBLE SUNSHINE  MM
  AVERAGE SKY COVER 0.2


WEATHER CONDITIONS
 THE FOLLOWING WEATHER WAS RECORDED YESTERDAY.
  THUNDERSTORM
  HEAVY RAIN
  RAIN
  LIGHT RAIN
  FOG


RELATIVE HUMIDITY (PERCENT)
 HIGHEST   100           500 AM
 LOWEST     76           100 PM
 AVERAGE    88

..........................................................


THE ALEXANDRIA CLIMATE NORMALS FOR TODAY
                         NORMAL    RECORD    YEAR
 MAXIMUM TEMPERATURE (F)   59        80      1982
                                             1911
 MINIMUM TEMPERATURE (F)   38        15      1985


SUNRISE AND SUNSET
JANUARY 22 2017.......SUNRISE   707 AM CST   SUNSET   537 PM CST
JANUARY 23 2017.......SUNRISE   707 AM CST   SUNSET   537 PM CST


-  INDICATES NEGATIVE NUMBERS.
R  INDICATES RECORD WAS SET OR TIED.
MM INDICATES DATA IS MISSING.
T  INDICATES TRACE AMOUNT.




$$
