000
CDUS44 KLCH 252218
CLIAEX


CLIMATE REPORT
NATIONAL WEATHER SERVICE LAKE CHARLES, LA
516 PM CDT SUN JUN 25 2017


...................................

...THE ALEXANDRIA CLIMATE SUMMARY FOR JUNE 25 2017...
VALID TODAY AS OF 0500 PM LOCAL TIME.

CLIMATE NORMAL PERIOD 1981 TO 2010
CLIMATE RECORD PERIOD 1892 TO 2017


WEATHER ITEM   OBSERVED TIME   RECORD YEAR NORMAL DEPARTURE LAST
                VALUE   (LST)  VALUE       VALUE  FROM      YEAR
                                                  NORMAL
..................................................................
TEMPERATURE (F)
 TODAY
  MAXIMUM         84    341 PM 103    1906  91     -7       93
  MINIMUM         70    554 AM  57    1974  71     -1       73
  AVERAGE         77                        81     -4       83

PRECIPITATION (IN)
  TODAY            0.00          1.53 1997   0.20  -0.20      T
  MONTH TO DATE    5.47                      4.20   1.27     2.12
  SINCE JUN 1      5.47                      4.20   1.27     2.12
  SINCE JAN 1     30.18                     28.20   1.98    24.47

DEGREE DAYS
 COOLING
  TODAY           12                        16     -4       18
  MONTH TO DATE  341                       369    -28      387
  SINCE JUN 1    341                       369    -28      387
  SINCE JAN 1    916                       823     93      854
..................................................................


WIND (MPH)
  HIGHEST WIND SPEED    15   HIGHEST WIND DIRECTION     E (90)
  HIGHEST GUST SPEED    19   HIGHEST GUST DIRECTION     E (100)
  AVERAGE WIND SPEED     5.6


SKY COVER
  POSSIBLE SUNSHINE  MM
  AVERAGE SKY COVER 0.6


WEATHER CONDITIONS
 THE FOLLOWING WEATHER WAS RECORDED TODAY.
  FOG
  FOG W/VISIBILITY <= 1/4 MILE


RELATIVE HUMIDITY (PERCENT)
 HIGHEST   100          1200 AM
 LOWEST     65           300 PM
 AVERAGE    83

..........................................................


THE ALEXANDRIA CLIMATE NORMALS FOR TOMORROW
                         NORMAL    RECORD    YEAR
 MAXIMUM TEMPERATURE (F)   91       104      1930
 MINIMUM TEMPERATURE (F)   72        59      1974


SUNRISE AND SUNSET
JUNE 25 2017..........SUNRISE   608 AM CDT   SUNSET   818 PM CDT
JUNE 26 2017..........SUNRISE   608 AM CDT   SUNSET   818 PM CDT


-  INDICATES NEGATIVE NUMBERS.
R  INDICATES RECORD WAS SET OR TIED.
MM INDICATES DATA IS MISSING.
T  INDICATES TRACE AMOUNT.




$$
