000
CDUS44 KLCH 162215
CLIAEX


CLIMATE REPORT
NATIONAL WEATHER SERVICE LAKE CHARLES, LA
515 PM CDT TUE SEP 16 2014


...................................

...THE ALEXANDRIA CLIMATE SUMMARY FOR SEPTEMBER 16 2014...
VALID TODAY AS OF 0500 PM LOCAL TIME.

CLIMATE NORMAL PERIOD 1981 TO 2010
CLIMATE RECORD PERIOD 1892 TO 2014


WEATHER ITEM   OBSERVED TIME   RECORD YEAR NORMAL DEPARTURE LAST
                VALUE   (LST)  VALUE       VALUE  FROM      YEAR
                                                  NORMAL
..................................................................
TEMPERATURE (F)
 TODAY
  MAXIMUM         91    333 PM 100    1906  88      3       96
                                      1900
  MINIMUM         73    630 AM  45    1902  66      7       71
  AVERAGE         82                        77      5       84

PRECIPITATION (IN)
  TODAY            0.00          2.60 1972   0.07  -0.07     0.00
                                      1971
  MONTH TO DATE    0.87                      1.33  -0.46     0.02
  SINCE SEP 1      0.87                      1.33  -0.46     0.02
  SINCE JAN 1     32.22                     37.56  -5.34    37.61

DEGREE DAYS
 HEATING
  TODAY            0                         0      0        0
  MONTH TO DATE    0                         0      0        0
  SINCE SEP 1      0                         0      0        0
  SINCE JUL 1      0                         0      0        0

 COOLING
  TODAY           17                        12      5       19
  MONTH TO DATE  242                       227     15      291
  SINCE SEP 1    242                       227     15      291
  SINCE JAN 1   2150                      2214    -64     2256
..................................................................


WIND (MPH)
  HIGHEST WIND SPEED     9   HIGHEST WIND DIRECTION     N (20)
  HIGHEST GUST SPEED    14   HIGHEST GUST DIRECTION    NE (30)
  AVERAGE WIND SPEED     3.1


SKY COVER
  POSSIBLE SUNSHINE  MM
  AVERAGE SKY COVER 0.3


WEATHER CONDITIONS
 THE FOLLOWING WEATHER WAS RECORDED TODAY.
  FOG


RELATIVE HUMIDITY (PERCENT)
 HIGHEST    94          1200 AM
 LOWEST     56           100 PM
 AVERAGE    75

..........................................................


THE ALEXANDRIA CLIMATE NORMALS FOR TOMORROW
                         NORMAL    RECORD    YEAR
 MAXIMUM TEMPERATURE (F)   88       101      1906
                                             1900
 MINIMUM TEMPERATURE (F)   66        50      1902


SUNRISE AND SUNSET
SEPTEMBER 16 2014.....SUNRISE   655 AM CDT   SUNSET   715 PM CDT
SEPTEMBER 17 2014.....SUNRISE   655 AM CDT   SUNSET   713 PM CDT


-  INDICATES NEGATIVE NUMBERS.
R  INDICATES RECORD WAS SET OR TIED.
MM INDICATES DATA IS MISSING.
T  INDICATES TRACE AMOUNT.




$$
