000
CDUS44 KLCH 200824
CLIAEX


CLIMATE REPORT
NATIONAL WEATHER SERVICE LAKE CHARLES, LA
223 AM CST SAT DEC 20 2014


...................................

...THE ALEXANDRIA CLIMATE SUMMARY FOR DECEMBER 19 2014...

CLIMATE NORMAL PERIOD 1981 TO 2010
CLIMATE RECORD PERIOD 1892 TO 2014


WEATHER ITEM   OBSERVED TIME   RECORD YEAR NORMAL DEPARTURE LAST
                VALUE   (LST)  VALUE       VALUE  FROM      YEAR
                                                  NORMAL
..................................................................
TEMPERATURE (F)
 YESTERDAY
  MAXIMUM         52    124 PM  77    2012  60     -8       74
                                      1984
  MINIMUM         47   1159 PM  20    1996  40      7       42
                                      1929
                                      1901
  AVERAGE         50                        50      0       58

PRECIPITATION (IN)
  YESTERDAY        0.54          2.57 1995   0.18   0.36     0.00
  MONTH TO DATE    1.29                      4.28  -2.99     1.02
  SINCE DEC 1      1.29                      4.28  -2.99     1.02
  SINCE JAN 1     41.76                     54.08 -12.32    53.51

SNOWFALL (IN)
  YESTERDAY       MM             T    1927  MM     MM        0.0
  MONTH TO DATE    0.0                      MM     MM        0.0
  SINCE DEC 1      0.0                      MM     MM        0.0
  SINCE JUL 1      0.0                      MM     MM        0.0
  SNOW DEPTH      MM

DEGREE DAYS
 HEATING
  YESTERDAY       15                        15      0        7
  MONTH TO DATE  198                       274    -76      301
  SINCE DEC 1    198                       274    -76      301
  SINCE JUL 1    591                       599     -8      677
..................................................................


WIND (MPH)
  HIGHEST WIND SPEED    14   HIGHEST WIND DIRECTION    NE (50)
  HIGHEST GUST SPEED    18   HIGHEST GUST DIRECTION    NE (40)
  AVERAGE WIND SPEED     7.4


SKY COVER
  POSSIBLE SUNSHINE  MM
  AVERAGE SKY COVER 1.0


WEATHER CONDITIONS
 THE FOLLOWING WEATHER WAS RECORDED YESTERDAY.
  RAIN
  LIGHT RAIN
  FOG


RELATIVE HUMIDITY (PERCENT)
 HIGHEST   100           300 AM
 LOWEST     89           200 PM
 AVERAGE    95

..........................................................


THE ALEXANDRIA CLIMATE NORMALS FOR TODAY
                         NORMAL    RECORD    YEAR
 MAXIMUM TEMPERATURE (F)   60        78      1978
                                             1977
                                             1951
 MINIMUM TEMPERATURE (F)   40        18      1901


SUNRISE AND SUNSET
DECEMBER 20 2014......SUNRISE   704 AM CST   SUNSET   511 PM CST
DECEMBER 21 2014......SUNRISE   705 AM CST   SUNSET   512 PM CST


-  INDICATES NEGATIVE NUMBERS.
R  INDICATES RECORD WAS SET OR TIED.
MM INDICATES DATA IS MISSING.
T  INDICATES TRACE AMOUNT.




$$
