000
CDUS44 KLCH 200905
CLIAEX


CLIMATE REPORT
NATIONAL WEATHER SERVICE LAKE CHARLES, LA
404 AM CDT WED SEP 20 2017


...................................

...THE ALEXANDRIA CLIMATE SUMMARY FOR SEPTEMBER 19 2017...

CLIMATE NORMAL PERIOD 1981 TO 2010
CLIMATE RECORD PERIOD 1892 TO 2017


WEATHER ITEM   OBSERVED TIME   RECORD YEAR NORMAL DEPARTURE LAST
                VALUE   (LST)  VALUE       VALUE  FROM      YEAR
                                                  NORMAL
..................................................................
TEMPERATURE (F)
 YESTERDAY
  MAXIMUM         93    323 PM  99    2005  87      6       93
  MINIMUM         72    459 AM  45    1981  65      7       73
  AVERAGE         83                        76      7       83

PRECIPITATION (IN)
  YESTERDAY        0.00          1.82 2002   0.09  -0.09     0.00
  MONTH TO DATE    0.07                      1.56  -1.49     3.46
  SINCE SEP 1      0.07                      1.56  -1.49     3.46
  SINCE JAN 1     43.30                     37.79   5.51    44.20

DEGREE DAYS
 HEATING
  YESTERDAY        0                         0      0        0
  MONTH TO DATE    0                         0      0        0
  SINCE SEP 1      0                         0      0        0
  SINCE JUL 1      0                         0      0        0

 COOLING
  YESTERDAY       18                        11      7       18
  MONTH TO DATE  211                       261    -50      333
  SINCE SEP 1    211                       261    -50      333
  SINCE JAN 1   2240                      2248     -8     2436
..................................................................


WIND (MPH)
  HIGHEST WIND SPEED    12   HIGHEST WIND DIRECTION     S (200)
  HIGHEST GUST SPEED    19   HIGHEST GUST DIRECTION     S (200)
  AVERAGE WIND SPEED     4.0


SKY COVER
  POSSIBLE SUNSHINE  MM
  AVERAGE SKY COVER 0.3


WEATHER CONDITIONS
 THE FOLLOWING WEATHER WAS RECORDED YESTERDAY.
  FOG
  FOG W/VISIBILITY <= 1/4 MILE
  HAZE


RELATIVE HUMIDITY (PERCENT)
 HIGHEST   100          1200 AM
 LOWEST     49           100 PM
 AVERAGE    75

..........................................................


THE ALEXANDRIA CLIMATE NORMALS FOR TODAY
                         NORMAL    RECORD    YEAR
 MAXIMUM TEMPERATURE (F)   87       101      2005
 MINIMUM TEMPERATURE (F)   65        47      1903


SUNRISE AND SUNSET
SEPTEMBER 20 2017.....SUNRISE   657 AM CDT   SUNSET   709 PM CDT
SEPTEMBER 21 2017.....SUNRISE   658 AM CDT   SUNSET   708 PM CDT


-  INDICATES NEGATIVE NUMBERS.
R  INDICATES RECORD WAS SET OR TIED.
MM INDICATES DATA IS MISSING.
T  INDICATES TRACE AMOUNT.




$$
