000
CDUS44 KLCH 061245
CLIAEX


CLIMATE REPORT
NATIONAL WEATHER SERVICE LAKE CHARLES, LA
645 AM CST TUE DEC 6 2016


...................................

...THE ALEXANDRIA CLIMATE SUMMARY FOR DECEMBER 5 2016...

CLIMATE NORMAL PERIOD 1981 TO 2010
CLIMATE RECORD PERIOD 1892 TO 2016


WEATHER ITEM   OBSERVED TIME   RECORD YEAR NORMAL DEPARTURE LAST
                VALUE   (LST)  VALUE       VALUE  FROM      YEAR
                                                  NORMAL
..................................................................
TEMPERATURE (F)
 YESTERDAY
  MAXIMUM         53    501 PM  82    2013  62     -9       65
                                      1906
                                      1892
  MINIMUM         47    858 AM  20    1893  41      6       32
  AVERAGE         50                        52     -2       49

PRECIPITATION (IN)
  YESTERDAY        2.74          3.00 1930   0.25   2.49     0.00
  MONTH TO DATE    7.44                      1.30   6.14     0.20
  SINCE DEC 1      7.44                      1.30   6.14     0.20
  SINCE JAN 1     54.41                     51.10   3.31    55.32

SNOWFALL (IN)
  YESTERDAY       MM             0.0    MM  MM     MM        0.0
  MONTH TO DATE    0.0                      MM     MM        0.0
  SINCE DEC 1      0.0                      MM     MM        0.0
  SINCE JUL 1      0.0                      MM     MM        0.0
  SNOW DEPTH       0

DEGREE DAYS
 HEATING
  YESTERDAY       15                        14      1       16
  MONTH TO DATE   75                        67      8       73
  SINCE DEC 1     75                        67      8       73
  SINCE JUL 1    250                       392   -142      224
..................................................................


WIND (MPH)
  HIGHEST WIND SPEED    15   HIGHEST WIND DIRECTION     W (270)
  HIGHEST GUST SPEED    17   HIGHEST GUST DIRECTION     W (270)
  AVERAGE WIND SPEED     5.3


SKY COVER
  POSSIBLE SUNSHINE  MM
  AVERAGE SKY COVER 1.0


WEATHER CONDITIONS
 THE FOLLOWING WEATHER WAS RECORDED YESTERDAY.
  THUNDERSTORM
  HEAVY RAIN
  RAIN
  LIGHT RAIN
  FOG


RELATIVE HUMIDITY (PERCENT)
 HIGHEST   100           500 AM
 LOWEST     93          1200 AM
 AVERAGE    97

..........................................................


THE ALEXANDRIA CLIMATE NORMALS FOR TODAY
                         NORMAL    RECORD    YEAR
 MAXIMUM TEMPERATURE (F)   62        83      1906
 MINIMUM TEMPERATURE (F)   41        22      1895


SUNRISE AND SUNSET
DECEMBER  6 2016......SUNRISE   656 AM CST   SUNSET   507 PM CST
DECEMBER  7 2016......SUNRISE   656 AM CST   SUNSET   507 PM CST


-  INDICATES NEGATIVE NUMBERS.
R  INDICATES RECORD WAS SET OR TIED.
MM INDICATES DATA IS MISSING.
T  INDICATES TRACE AMOUNT.




$$
