000
CDUS44 KLCH 260902
CLIAEX


CLIMATE REPORT
NATIONAL WEATHER SERVICE LAKE CHARLES, LA
401 AM CDT MON SEP 26 2016


...................................

...THE ALEXANDRIA CLIMATE SUMMARY FOR SEPTEMBER 25 2016...

CLIMATE NORMAL PERIOD 1981 TO 2010
CLIMATE RECORD PERIOD 1892 TO 2016


WEATHER ITEM   OBSERVED TIME   RECORD YEAR NORMAL DEPARTURE LAST
                VALUE   (LST)  VALUE       VALUE  FROM      YEAR
                                                  NORMAL
..................................................................
TEMPERATURE (F)
 YESTERDAY
  MAXIMUM         92    140 PM  99    1905  85      7       92
  MINIMUM         69    626 AM  48    1897  63      6       63
  AVERAGE         81                        74      7       78

PRECIPITATION (IN)
  YESTERDAY        0.00          1.42 2007   0.12  -0.12      T
  MONTH TO DATE    3.46                      2.17   1.29     1.82
  SINCE SEP 1      3.46                      2.17   1.29     1.82
  SINCE JAN 1     44.20                     38.40   5.80    36.38

DEGREE DAYS
 HEATING
  YESTERDAY        0                         0      0        0
  MONTH TO DATE    0                         0      0        0
  SINCE SEP 1      0                         0      0        0
  SINCE JUL 1      0                         0      0        0

 COOLING
  YESTERDAY       16                         9      7       13
  MONTH TO DATE  431                       320    111      368
  SINCE SEP 1    431                       320    111      368
  SINCE JAN 1   2534                      2307    227     2543
..................................................................


WIND (MPH)
  HIGHEST WIND SPEED    13   HIGHEST WIND DIRECTION    SE (150)
  HIGHEST GUST SPEED    17   HIGHEST GUST DIRECTION    SE (140)
  AVERAGE WIND SPEED     3.4


SKY COVER
  POSSIBLE SUNSHINE  MM
  AVERAGE SKY COVER 0.0


WEATHER CONDITIONS
 THE FOLLOWING WEATHER WAS RECORDED YESTERDAY.
  FOG
  HAZE


RELATIVE HUMIDITY (PERCENT)
 HIGHEST   100           500 AM
 LOWEST     44           100 PM
 AVERAGE    72

..........................................................


THE ALEXANDRIA CLIMATE NORMALS FOR TODAY
                         NORMAL    RECORD    YEAR
 MAXIMUM TEMPERATURE (F)   85        98      2005
 MINIMUM TEMPERATURE (F)   62        41      1899


SUNRISE AND SUNSET
SEPTEMBER 26 2016.....SUNRISE   701 AM CDT   SUNSET   701 PM CDT
SEPTEMBER 27 2016.....SUNRISE   702 AM CDT   SUNSET   700 PM CDT


-  INDICATES NEGATIVE NUMBERS.
R  INDICATES RECORD WAS SET OR TIED.
MM INDICATES DATA IS MISSING.
T  INDICATES TRACE AMOUNT.




$$
