000
CDUS44 KLCH 300814
CLIAEX


CLIMATE REPORT
NATIONAL WEATHER SERVICE LAKE CHARLES, LA
313 AM CDT SAT APR 30 2016


...................................

...THE ALEXANDRIA CLIMATE SUMMARY FOR APRIL 29 2016...

CLIMATE NORMAL PERIOD 1981 TO 2010
CLIMATE RECORD PERIOD 1892 TO 2016


WEATHER ITEM   OBSERVED TIME   RECORD YEAR NORMAL DEPARTURE LAST
                VALUE   (LST)  VALUE       VALUE  FROM      YEAR
                                                  NORMAL
..................................................................
TEMPERATURE (F)
 YESTERDAY
  MAXIMUM         88    154 PM  91    2002  82      6       75
                                      1901
                                      1899
  MINIMUM         74    650 AM  45    1965  59     15       49
                                      1916
  AVERAGE         81                        70     11       62

PRECIPITATION (IN)
  YESTERDAY        T             8.55 1953   0.15  -0.15     0.00
  MONTH TO DATE    3.31                      4.39  -1.08     7.30
  SINCE MAR 1     12.06                      9.44   2.62    13.10
  SINCE JAN 1     18.54                     19.12  -0.58    18.20

SNOWFALL (IN)
  YESTERDAY        0.0           0.0    MM  MM     MM        0.0
  MONTH TO DATE    0.0                      MM     MM        0.0
  SINCE MAR 1      0.0                      MM     MM        0.3
  SINCE JUL 1      0.0                      MM     MM        0.3
  SNOW DEPTH       0

DEGREE DAYS
 HEATING
  YESTERDAY        0                         1     -1        3
  MONTH TO DATE   26                        67    -41       25
  SINCE MAR 1    125                       282   -157      206
  SINCE JUL 1   1325                      1947   -622     2057

 COOLING
  YESTERDAY       16                         6     10        0
  MONTH TO DATE  121                       100     21      151
  SINCE MAR 1    175                       136     39      195
  SINCE JAN 1    183                       153     30      196
..................................................................


WIND (MPH)
  HIGHEST WIND SPEED    26   HIGHEST WIND DIRECTION     S (170)
  HIGHEST GUST SPEED    34   HIGHEST GUST DIRECTION    SE (150)
  AVERAGE WIND SPEED    15.4


SKY COVER
  POSSIBLE SUNSHINE  MM
  AVERAGE SKY COVER 0.5


WEATHER CONDITIONS
 THE FOLLOWING WEATHER WAS RECORDED YESTERDAY.
  LIGHT RAIN
  FOG


RELATIVE HUMIDITY (PERCENT)
 HIGHEST   100           100 AM
 LOWEST     50          1200 PM
 AVERAGE    75

..........................................................


THE ALEXANDRIA CLIMATE NORMALS FOR TODAY
                         NORMAL    RECORD    YEAR
 MAXIMUM TEMPERATURE (F)   82        93      1952
                                             1901
 MINIMUM TEMPERATURE (F)   59        43      1965
                                             1908


SUNRISE AND SUNSET
APRIL 30 2016.........SUNRISE   626 AM CDT   SUNSET   749 PM CDT
MAY  1 2016...........SUNRISE   625 AM CDT   SUNSET   750 PM CDT


-  INDICATES NEGATIVE NUMBERS.
R  INDICATES RECORD WAS SET OR TIED.
MM INDICATES DATA IS MISSING.
T  INDICATES TRACE AMOUNT.




$$
