000
CDUS44 KLCH 280911
CLIAEX


CLIMATE REPORT
NATIONAL WEATHER SERVICE LAKE CHARLES, LA
311 AM CST WED JAN 28 2015


...................................

...THE ALEXANDRIA CLIMATE SUMMARY FOR JANUARY 27 2015...

CLIMATE NORMAL PERIOD 1981 TO 2010
CLIMATE RECORD PERIOD 1892 TO 2015


WEATHER ITEM   OBSERVED TIME   RECORD YEAR NORMAL DEPARTURE LAST
                VALUE   (LST)  VALUE       VALUE  FROM      YEAR
                                                  NORMAL
..................................................................
TEMPERATURE (F)
 YESTERDAY
  MAXIMUM         75    202 PM  82    1903  60     15       58
  MINIMUM         38    713 AM   8    1940  38      0       32
  AVERAGE         57                        49      8       45

PRECIPITATION (IN)
  YESTERDAY        0.00          4.75 1994   0.20  -0.20      T
  MONTH TO DATE    3.71                      4.39  -0.68     1.52
  SINCE DEC 1      6.10                     10.51  -4.41     4.12
  SINCE JAN 1      3.71                      4.39  -0.68     1.52

SNOWFALL (IN)
  YESTERDAY        0.0           T    1948  MM     MM       MM
  MONTH TO DATE    0.0                      MM     MM        3.0
  SINCE DEC 1      0.0                      MM     MM        3.0
  SINCE JUL 1      0.0                      MM     MM        3.0
  SNOW DEPTH       0

DEGREE DAYS
 HEATING
  YESTERDAY        8                        16     -8       20
  MONTH TO DATE  531                       432     99      565
  SINCE DEC 1    921                       896     25     1074
  SINCE JUL 1   1314                      1221     93     1450
..................................................................


WIND (MPH)
  HIGHEST WIND SPEED     8   HIGHEST WIND DIRECTION    SW (240)
  HIGHEST GUST SPEED    10   HIGHEST GUST DIRECTION    SW (230)
  AVERAGE WIND SPEED     1.6


SKY COVER
  POSSIBLE SUNSHINE  MM
  AVERAGE SKY COVER 0.0


WEATHER CONDITIONS
 THE FOLLOWING WEATHER WAS RECORDED YESTERDAY.
  HAZE


RELATIVE HUMIDITY (PERCENT)
 HIGHEST    92           500 AM
 LOWEST     25           200 PM
 AVERAGE    59

..........................................................


THE ALEXANDRIA CLIMATE NORMALS FOR TODAY
                         NORMAL    RECORD    YEAR
 MAXIMUM TEMPERATURE (F)   60        82      1957
 MINIMUM TEMPERATURE (F)   38        17      1897


SUNRISE AND SUNSET
JANUARY 28 2015.......SUNRISE   705 AM CST   SUNSET   542 PM CST
JANUARY 29 2015.......SUNRISE   704 AM CST   SUNSET   542 PM CST


-  INDICATES NEGATIVE NUMBERS.
R  INDICATES RECORD WAS SET OR TIED.
MM INDICATES DATA IS MISSING.
T  INDICATES TRACE AMOUNT.




$$
