000
CDUS42 KCAE 060634
CLIAGS


CLIMATE REPORT
NATIONAL WEATHER SERVICE COLUMBIA SC
134 AM EST SAT FEB 6 2016


...................................

...THE AUGUSTA REGIONAL BUSH FIELD GA CLIMATE SUMMARY FOR FEBRUARY 5 2016...

CLIMATE NORMAL PERIOD 1981 TO 2010
CLIMATE RECORD PERIOD 1873 TO 2016


WEATHER ITEM   OBSERVED TIME   RECORD YEAR NORMAL DEPARTURE LAST
                VALUE   (LST)  VALUE       VALUE  FROM      YEAR
                                                  NORMAL
..................................................................
TEMPERATURE (F)
 YESTERDAY
  MAXIMUM         53    441 PM  81    2008  60     -7       62
  MINIMUM         30   1134 PM  11    1996  34     -4       35
  AVERAGE         42                        47     -5       49

PRECIPITATION (IN)
  YESTERDAY        0.00          3.50 1985   0.14  -0.14     0.02
  MONTH TO DATE    2.13                      0.67   1.46     0.23
  SINCE DEC 1     10.71                      7.97   2.74     6.54
  SINCE JAN 1      3.79                      4.58  -0.79     2.33

SNOWFALL (IN)
  YESTERDAY        0.0          MM      MM   0.0             0.0
  MONTH TO DATE    0.0                       0.1             0.0
  SINCE DEC 1      0.5                       0.6             0.0
  SINCE JUL 1      0.5                       0.6             0.0

DEGREE DAYS
 HEATING
  YESTERDAY       23                        18      5       16
  MONTH TO DATE   40                        90    -50       99
  SINCE DEC 1    894                      1253   -359     1206
  SINCE JUL 1   1181                      1675   -494     1770

 COOLING
  YESTERDAY        0                         0      0        0
  MONTH TO DATE    3                         0      3        0
  SINCE DEC 1     50                         4     46        0
  SINCE JAN 1      3                         1      2        0
..................................................................


WIND (MPH)
  HIGHEST WIND SPEED    22   HIGHEST WIND DIRECTION    NW (300)
  HIGHEST GUST SPEED    28   HIGHEST GUST DIRECTION     W (290)
  AVERAGE WIND SPEED     9.3


SKY COVER
  AVERAGE SKY COVER 0.1


WEATHER CONDITIONS
 THE FOLLOWING WEATHER WAS RECORDED YESTERDAY.
  NO SIGNIFICANT WEATHER WAS OBSERVED.


RELATIVE HUMIDITY (PERCENT)
 HIGHEST    85          1100 PM
 LOWEST     22           100 PM
 AVERAGE    54

..........................................................


THE AUGUSTA REGIONAL BUSH FIELD GA CLIMATE NORMALS FOR TODAY
                         NORMAL    RECORD    YEAR
 MAXIMUM TEMPERATURE (F)   60        80      1927
 MINIMUM TEMPERATURE (F)   34        15      1966


SUNRISE AND SUNSET
FEBRUARY  6 2016......SUNRISE   720 AM EST   SUNSET   604 PM EST
FEBRUARY  7 2016......SUNRISE   720 AM EST   SUNSET   605 PM EST


-  INDICATES NEGATIVE NUMBERS.
R  INDICATES RECORD WAS SET OR TIED.
MM INDICATES DATA IS MISSING.
T  INDICATES TRACE AMOUNT.




$$
