000
CDUS42 KCAE 230554
CLIAGS


CLIMATE REPORT
NATIONAL WEATHER SERVICE COLUMBIA SC
154 AM EDT WED APR 23 2014


...................................

...THE AUGUSTA REGIONAL BUSH FIELD GA CLIMATE SUMMARY FOR APRIL 22 2014...

CLIMATE NORMAL PERIOD 1981 TO 2010
CLIMATE RECORD PERIOD 1873 TO 2014


WEATHER ITEM   OBSERVED TIME   RECORD YEAR NORMAL DEPARTURE LAST
                VALUE   (LST)  VALUE       VALUE  FROM      YEAR
                                                  NORMAL
..................................................................
TEMPERATURE (F)
 YESTERDAY
  MAXIMUM         83   1235 PM  90    1985  79      4       71
                                      1970
  MINIMUM         46    541 AM  33    1978  50     -4       48
  AVERAGE         65                        64      1       60

PRECIPITATION (IN)
  YESTERDAY        T             1.47 1907   0.09  -0.09     0.00
  MONTH TO DATE    4.24                      2.18   2.06     1.63
  SINCE MAR 1      6.80                      6.36   0.44     4.74
  SINCE JAN 1     13.01                     14.19  -1.18    14.74

SNOWFALL (IN)
  YESTERDAY        0.0          MM      MM   0.0             0.0
  MONTH TO DATE    0.0                       0.0             0.0
  SINCE MAR 1      0.0                       0.0             0.0
  SINCE JUL 1      3.3                       0.9             0.0

DEGREE DAYS
 HEATING
  YESTERDAY        0                         3     -3        5
  MONTH TO DATE   99                       104     -5      101
  SINCE MAR 1    499                       400     99      536
  SINCE JUL 1   2661                      2432    229     2340

 COOLING
  YESTERDAY        0                         2     -2        0
  MONTH TO DATE   18                        32    -14       37
  SINCE MAR 1     18                        47    -29       43
  SINCE JAN 1     20                        50    -30       58
..................................................................


WIND (MPH)
  HIGHEST WIND SPEED    24   HIGHEST WIND DIRECTION    NW (320)
  HIGHEST GUST SPEED    31   HIGHEST GUST DIRECTION    NW (320)
  AVERAGE WIND SPEED     5.5


SKY COVER
  AVERAGE SKY COVER 0.3


WEATHER CONDITIONS
 THE FOLLOWING WEATHER WAS RECORDED YESTERDAY.
  LIGHT RAIN
  FOG
  FOG W/VISIBILITY <= 1/4 MILE


RELATIVE HUMIDITY (PERCENT)
 HIGHEST   100           600 AM
 LOWEST     39           200 PM
 AVERAGE    70

..........................................................


THE AUGUSTA REGIONAL BUSH FIELD GA CLIMATE NORMALS FOR TODAY
                         NORMAL    RECORD    YEAR
 MAXIMUM TEMPERATURE (F)   79        93      1980
 MINIMUM TEMPERATURE (F)   50        30      1986


SUNRISE AND SUNSET
APRIL 23 2014.........SUNRISE   648 AM EDT   SUNSET   805 PM EDT
APRIL 24 2014.........SUNRISE   647 AM EDT   SUNSET   805 PM EDT


-  INDICATES NEGATIVE NUMBERS.
R  INDICATES RECORD WAS SET OR TIED.
MM INDICATES DATA IS MISSING.
T  INDICATES TRACE AMOUNT.




$$
