897
CDUS42 KCAE 252143
CLIAGS


CLIMATE REPORT
NATIONAL WEATHER SERVICE COLUMBIA SC
543 PM EDT SAT MAR 25 2017


...................................

...THE AUGUSTA BUSH FIELD GA CLIMATE SUMMARY FOR MARCH 25 2017...
VALID TODAY AS OF 0500 PM LOCAL TIME.

CLIMATE NORMAL PERIOD 1981 TO 2010
CLIMATE RECORD PERIOD 1873 TO 2017


WEATHER ITEM   OBSERVED TIME   RECORD YEAR NORMAL DEPARTURE LAST
                VALUE   (LST)  VALUE       VALUE  FROM      YEAR
                                                  NORMAL
..................................................................
TEMPERATURE (F)
 TODAY
  MAXIMUM         81    339 PM  93    1929  72      9       69
  MINIMUM         50    618 AM  29    2008  44      6       58
                                      1983
                                      1956
  AVERAGE         66                        58      8       64

PRECIPITATION (IN)
  TODAY            0.00          4.41 1872   0.13  -0.13      T
  MONTH TO DATE    1.48                      3.42  -1.94     1.48
  SINCE MAR 1      1.48                      3.42  -1.94     1.48
  SINCE JAN 1     13.72                     11.25   2.47     6.90

SNOWFALL (IN)
  TODAY            0.0          MM      MM   0.0             0.0
  MONTH TO DATE    0.0                       0.0             0.0
  SINCE MAR 1      0.0                       0.0             0.0
  SINCE JUL 1      T                         0.9             0.5

DEGREE DAYS
 HEATING
  TODAY            0                         8     -8        1
  MONTH TO DATE  238                       255    -17      158
  SINCE MAR 1    238                       255    -17      158
  SINCE JUL 1   1373                      2287   -914     1735

 COOLING
  TODAY            1                         1      0        0
  MONTH TO DATE   13                        11      2       39
  SINCE MAR 1     13                        11      2       39
  SINCE JAN 1     43                        14     29       42
..................................................................


WIND (MPH)
  HIGHEST WIND SPEED    15   HIGHEST WIND DIRECTION    SE (150)
  HIGHEST GUST SPEED    20   HIGHEST GUST DIRECTION    SE (140)
  AVERAGE WIND SPEED     5.4


SKY COVER
  AVERAGE SKY COVER 0.3


WEATHER CONDITIONS
 THE FOLLOWING WEATHER WAS RECORDED TODAY.
  NO SIGNIFICANT WEATHER WAS OBSERVED.


RELATIVE HUMIDITY (PERCENT)
 HIGHEST    96           600 AM
 LOWEST     36           400 PM
 AVERAGE    66

..........................................................


THE AUGUSTA BUSH FIELD GA CLIMATE NORMALS FOR TOMORROW
                         NORMAL    RECORD    YEAR
 MAXIMUM TEMPERATURE (F)   73        89      1929
 MINIMUM TEMPERATURE (F)   44        27      2014
                                             2006


SUNRISE AND SUNSET
MARCH 25 2017.........SUNRISE   725 AM EDT   SUNSET   743 PM EDT
MARCH 26 2017.........SUNRISE   723 AM EDT   SUNSET   744 PM EDT


-  INDICATES NEGATIVE NUMBERS.
R  INDICATES RECORD WAS SET OR TIED.
MM INDICATES DATA IS MISSING.
T  INDICATES TRACE AMOUNT.




$$
