000
CDUS42 KCAE 202208
CLIAGS


CLIMATE REPORT
NATIONAL WEATHER SERVICE COLUMBIA SC
507 PM EST FRI JAN 20 2017


...................................

...THE AUGUSTA BUSH FIELD GA CLIMATE SUMMARY FOR JANUARY 20 2017...
VALID TODAY AS OF 0500 PM LOCAL TIME.

CLIMATE NORMAL PERIOD 1981 TO 2010
CLIMATE RECORD PERIOD 1873 TO 2017


WEATHER ITEM   OBSERVED TIME   RECORD YEAR NORMAL DEPARTURE LAST
                VALUE   (LST)  VALUE       VALUE  FROM      YEAR
                                                  NORMAL
..................................................................
TEMPERATURE (F)
 TODAY
  MAXIMUM         81R   303 PM  78    1929  58     23       51
  MINIMUM         55    807 AM   8    1985  33     22       22
  AVERAGE         68                        45     23       37

PRECIPITATION (IN)
  TODAY            T             2.08 1881   0.13  -0.13      T
  MONTH TO DATE    6.43                      2.47   3.96     0.89
  SINCE DEC 1     10.84                      5.86   4.98     7.81
  SINCE JAN 1      6.43                      2.47   3.96     0.89

SNOWFALL (IN)
  TODAY            0.0          MM      MM   0.0             0.0
  MONTH TO DATE    T                         0.3             0.0
  SINCE DEC 1      T                         0.4             0.0
  SINCE JUL 1      T                         0.4             0.0

DEGREE DAYS
 HEATING
  TODAY            0                        20    -20       28
  MONTH TO DATE  184                       400   -216      414
  SINCE DEC 1    550                       953   -403      631
  SINCE JUL 1    821                      1375   -554      918

 COOLING
  TODAY            3                         0      3        0
  MONTH TO DATE   14                         0     14        0
  SINCE DEC 1     21                         3     18       47
  SINCE JAN 1     14                         0     14        0
..................................................................


WIND (MPH)
  HIGHEST WIND SPEED    17   HIGHEST WIND DIRECTION    SW (240)
  HIGHEST GUST SPEED    22   HIGHEST GUST DIRECTION    SW (240)
  AVERAGE WIND SPEED     7.1


SKY COVER
  AVERAGE SKY COVER 0.7


WEATHER CONDITIONS
 THE FOLLOWING WEATHER WAS RECORDED TODAY.
  LIGHT RAIN
  FOG


RELATIVE HUMIDITY (PERCENT)
 HIGHEST    93           800 AM
 LOWEST     45           300 PM
 AVERAGE    69

..........................................................


THE AUGUSTA BUSH FIELD GA CLIMATE NORMALS FOR TOMORROW
                         NORMAL    RECORD    YEAR
 MAXIMUM TEMPERATURE (F)   58        78      1959
                                             1935
                                             1922
 MINIMUM TEMPERATURE (F)   33        -1      1985


SUNRISE AND SUNSET
JANUARY 20 2017.......SUNRISE   730 AM EST   SUNSET   548 PM EST
JANUARY 21 2017.......SUNRISE   730 AM EST   SUNSET   549 PM EST


-  INDICATES NEGATIVE NUMBERS.
R  INDICATES RECORD WAS SET OR TIED.
MM INDICATES DATA IS MISSING.
T  INDICATES TRACE AMOUNT.




$$
