000
CDUS42 KCAE 272126
CLIAGS


CLIMATE REPORT
NATIONAL WEATHER SERVICE COLUMBIA SC
525 PM EDT FRI MAR 27 2015


...................................

...THE AUGUSTA BUSH FIELD GA CLIMATE SUMMARY FOR MARCH 27 2015...
VALID TODAY AS OF 0500 PM LOCAL TIME.

CLIMATE NORMAL PERIOD 1981 TO 2010
CLIMATE RECORD PERIOD 1873 TO 2015


WEATHER ITEM   OBSERVED TIME   RECORD YEAR NORMAL DEPARTURE LAST
                VALUE   (LST)  VALUE       VALUE  FROM      YEAR
                                                  NORMAL
..................................................................
TEMPERATURE (F)
 TODAY
  MAXIMUM         71   1006 AM  88    1994  73     -2       69
                                      1921
  MINIMUM         62    357 PM  22    1955  44     18       27
  AVERAGE         67                        58      9       48

PRECIPITATION (IN)
  TODAY            0.00          4.17 1882   0.13  -0.13     0.00
  MONTH TO DATE    2.95                      3.68  -0.73     2.20
  SINCE MAR 1      2.95                      3.68  -0.73     2.20
  SINCE JAN 1      9.75                     11.51  -1.76     8.41

SNOWFALL (IN)
  TODAY            0.0          MM      MM   0.0             0.0
  MONTH TO DATE    0.0                       0.0             0.0
  SINCE MAR 1      0.0                       0.0             0.0
  SINCE JUL 1      T                         0.9             3.3

DEGREE DAYS
 HEATING
  TODAY            0                         7     -7       17
  MONTH TO DATE  155                       269   -114      370
  SINCE MAR 1    155                       269   -114      370
  SINCE JUL 1   2441                      2301    140     2532

 COOLING
  TODAY            2                         1      1        0
  MONTH TO DATE   14                        13      1        0
  SINCE MAR 1     14                        13      1        0
  SINCE JAN 1     14                        16     -2        2
..................................................................


WIND (MPH)
  HIGHEST WIND SPEED    22   HIGHEST WIND DIRECTION    NW (310)
  HIGHEST GUST SPEED    27   HIGHEST GUST DIRECTION     W (260)
  AVERAGE WIND SPEED    10.2


SKY COVER
  AVERAGE SKY COVER 0.7


WEATHER CONDITIONS
 THE FOLLOWING WEATHER WAS RECORDED TODAY.
  NO SIGNIFICANT WEATHER WAS OBSERVED.


RELATIVE HUMIDITY (PERCENT)
 HIGHEST    93           600 AM
 LOWEST     48           300 PM
 AVERAGE    71

..........................................................


THE AUGUSTA BUSH FIELD GA CLIMATE NORMALS FOR TOMORROW
                         NORMAL    RECORD    YEAR
 MAXIMUM TEMPERATURE (F)   73        91      1907
 MINIMUM TEMPERATURE (F)   44        27      2001
                                             1955


SUNRISE AND SUNSET
MARCH 27 2015.........SUNRISE   723 AM EDT   SUNSET   744 PM EDT
MARCH 28 2015.........SUNRISE   721 AM EDT   SUNSET   745 PM EDT


-  INDICATES NEGATIVE NUMBERS.
R  INDICATES RECORD WAS SET OR TIED.
MM INDICATES DATA IS MISSING.
T  INDICATES TRACE AMOUNT.




$$
