000
CDUS42 KCAE 280522
CLIAGS


CLIMATE REPORT
NATIONAL WEATHER SERVICE COLUMBIA SC
122 AM EDT THU AUG 28 2014


...................................

...THE AUGUSTA REGIONAL BUSH FIELD GA CLIMATE SUMMARY FOR AUGUST 27 2014...

CLIMATE NORMAL PERIOD 1981 TO 2010
CLIMATE RECORD PERIOD 1873 TO 2014


WEATHER ITEM   OBSERVED TIME   RECORD YEAR NORMAL DEPARTURE LAST
                VALUE   (LST)  VALUE       VALUE  FROM      YEAR
                                                  NORMAL
..................................................................
TEMPERATURE (F)
 YESTERDAY
  MAXIMUM         93    458 PM 102    1954  91      2       89
  MINIMUM         59    555 AM  56    2013  68     -9       56
  AVERAGE         76                        79     -3       73

PRECIPITATION (IN)
  YESTERDAY        0.00          2.42 1891   0.13  -0.13     0.00
  MONTH TO DATE    1.64                      3.84  -2.20     5.84
  SINCE JUN 1      9.44                     12.89  -3.45    25.72
  SINCE JAN 1     28.30                     30.39  -2.09    45.32

SNOWFALL (IN)
  YESTERDAY        0.0          MM      MM   0.0             0.0
  MONTH TO DATE    0.0                       0.0             0.0
  SINCE JUN 1      0.0                       0.0             0.0
  SINCE JUL 1      0.0                       0.0             0.0

DEGREE DAYS
 HEATING
  YESTERDAY        0                         0      0        0
  MONTH TO DATE    0                         0      0        0
  SINCE JUN 1      0                         0      0        0
  SINCE JUL 1      0                         0      0        0

 COOLING
  YESTERDAY       11                        14     -3        8
  MONTH TO DATE  403                       426    -23      358
  SINCE JUN 1   1307                      1349    -42     1207
  SINCE JAN 1   1591                      1632    -41     1416
..................................................................


WIND (MPH)
  HIGHEST WIND SPEED    12   HIGHEST WIND DIRECTION     N (360)
  HIGHEST GUST SPEED    18   HIGHEST GUST DIRECTION    NE (50)
  AVERAGE WIND SPEED     3.2


SKY COVER
  AVERAGE SKY COVER 0.0


WEATHER CONDITIONS
 THE FOLLOWING WEATHER WAS RECORDED YESTERDAY.
  NO SIGNIFICANT WEATHER WAS OBSERVED.


RELATIVE HUMIDITY (PERCENT)
 HIGHEST    97           400 AM
 LOWEST     22           500 PM
 AVERAGE    60

..........................................................


THE AUGUSTA REGIONAL BUSH FIELD GA CLIMATE NORMALS FOR TODAY
                         NORMAL    RECORD    YEAR
 MAXIMUM TEMPERATURE (F)   91        99      2011
                                             1998
                                             1987
 MINIMUM TEMPERATURE (F)   68        59      1969
                                             1968
                                             1944


SUNRISE AND SUNSET
AUGUST 28 2014........SUNRISE   659 AM EDT   SUNSET   758 PM EDT
AUGUST 29 2014........SUNRISE   700 AM EDT   SUNSET   757 PM EDT


-  INDICATES NEGATIVE NUMBERS.
R  INDICATES RECORD WAS SET OR TIED.
MM INDICATES DATA IS MISSING.
T  INDICATES TRACE AMOUNT.




$$
