000
CDUS42 KFFC 240834
CLIAHN


CLIMATE REPORT
NATIONAL WEATHER SERVICE PEACHTREE CITY GA
434 AM EDT SUN SEP 24 2017


...................................

...THE ATHENS CLIMATE SUMMARY FOR SEPTEMBER 23 2017...

CLIMATE NORMAL PERIOD 1981 TO 2010
CLIMATE RECORD PERIOD 1898 TO 2017


WEATHER ITEM   OBSERVED TIME   RECORD YEAR NORMAL DEPARTURE LAST
                VALUE   (LST)  VALUE       VALUE  FROM      YEAR
                                                  NORMAL
..................................................................
TEMPERATURE (F)
 YESTERDAY
  MAXIMUM         89    318 PM 102    1931  82      7       89
  MINIMUM         65   1157 PM  43    1918  60      5       67
                                      1913
  AVERAGE         77                        71      6       78

PRECIPITATION (IN)
  YESTERDAY        0.00          3.85 1907   0.14  -0.14     0.00
  MONTH TO DATE    4.19                      2.88   1.31     1.08
  SINCE SEP 1      4.19                      2.88   1.31     1.08
  SINCE JAN 1     46.18                     34.17  12.01    32.05

DEGREE DAYS
 HEATING
  YESTERDAY        0                         1     -1        0
  MONTH TO DATE    9                         1      8        0
  SINCE SEP 1      9                         1      8        0
  SINCE JUL 1      9                         1      8        0

 COOLING
  YESTERDAY       12                         6      6       13
  MONTH TO DATE  164                       222    -58      314
  SINCE SEP 1    164                       222    -58      314
  SINCE JAN 1   1803                      1777     26     2228
..................................................................


WIND (MPH)
  RESULTANT WIND SPEED   2   RESULTANT WIND DIRECTION   E (80)
  HIGHEST WIND SPEED    10   HIGHEST WIND DIRECTION     E (80)
  HIGHEST GUST SPEED    13   HIGHEST GUST DIRECTION     E (80)
  AVERAGE WIND SPEED     2.6


SKY COVER
  POSSIBLE SUNSHINE  MM
  AVERAGE SKY COVER 0.1


WEATHER CONDITIONS
 THE FOLLOWING WEATHER WAS RECORDED YESTERDAY.
  FOG


RELATIVE HUMIDITY (PERCENT)
 HIGHEST   100          1200 AM
 LOWEST     46           300 PM
 AVERAGE    73

..........................................................


THE ATHENS CLIMATE NORMALS FOR TODAY
                         NORMAL    RECORD    YEAR
 MAXIMUM TEMPERATURE (F)   81       103      1931
 MINIMUM TEMPERATURE (F)   60        30      1928


SUNRISE AND SUNSET
SEPTEMBER 24 2017.....SUNRISE   723 AM EDT   SUNSET   727 PM EDT
SEPTEMBER 25 2017.....SUNRISE   724 AM EDT   SUNSET   725 PM EDT


-  INDICATES NEGATIVE NUMBERS.
R  INDICATES RECORD WAS SET OR TIED.
MM INDICATES DATA IS MISSING.
T  INDICATES TRACE AMOUNT.




$$
