000
CDUS42 KFFC 010917
CLIAHN


CLIMATE REPORT
NATIONAL WEATHER SERVICE PEACHTREE CITY GA
417 AM EST SUN FEB 1 2015


...................................

...THE ATHENS CLIMATE SUMMARY FOR JANUARY 31 2015...

CLIMATE NORMAL PERIOD 1981 TO 2010
CLIMATE RECORD PERIOD 1898 TO 2015


WEATHER ITEM   OBSERVED TIME   RECORD YEAR NORMAL DEPARTURE LAST
                VALUE   (LST)  VALUE       VALUE  FROM      YEAR
                                                  NORMAL
..................................................................
TEMPERATURE (F)
 YESTERDAY
  MAXIMUM         54    231 PM  77    1975  55     -1       58
  MINIMUM         23    727 AM   8    1936  34    -11       18
  AVERAGE         39                        45     -6       38

PRECIPITATION (IN)
  YESTERDAY        0.00          1.55 1985   0.15  -0.15     0.00
  MONTH TO DATE    2.98                      4.05  -1.07     4.68
  SINCE DEC 1      7.67                      7.78  -0.11    12.30
  SINCE JAN 1      2.98                      4.05  -1.07     4.68

SNOWFALL (IN)
  YESTERDAY        0.0           0.0  2002   0.0    0.0      0.0
  MONTH TO DATE    0.0                       1.4   -1.4      1.8
  SINCE DEC 1      0.0                       1.5   -1.5      1.8
  SINCE JUL 1      0.0                       1.5   -1.5      1.8
  SNOW DEPTH       0

DEGREE DAYS
 HEATING
  YESTERDAY       26                        20      6       27
  MONTH TO DATE  707                       669     38      863
  SINCE DEC 1   1210                      1277    -67     1402
  SINCE JUL 1   1823                      1757     66     1964
..................................................................


WIND (MPH)
  RESULTANT WIND SPEED   1   RESULTANT WIND DIRECTION   E (90)
  HIGHEST WIND SPEED     8   HIGHEST WIND DIRECTION    SW (210)
  HIGHEST GUST SPEED    11   HIGHEST GUST DIRECTION    SW (210)
  AVERAGE WIND SPEED     2.0


SKY COVER
  POSSIBLE SUNSHINE  MM
  AVERAGE SKY COVER 0.0


WEATHER CONDITIONS
 THE FOLLOWING WEATHER WAS RECORDED YESTERDAY.
  NO SIGNIFICANT WEATHER WAS OBSERVED.


RELATIVE HUMIDITY (PERCENT)
 HIGHEST    88           700 AM
 LOWEST     20           100 PM
 AVERAGE    54

..........................................................


THE ATHENS CLIMATE NORMALS FOR TODAY
                         NORMAL    RECORD    YEAR
 MAXIMUM TEMPERATURE (F)   56        76      1950
 MINIMUM TEMPERATURE (F)   34        10      1936


SUNRISE AND SUNSET
FEBRUARY  1 2015......SUNRISE   730 AM EST   SUNSET   604 PM EST
FEBRUARY  2 2015......SUNRISE   730 AM EST   SUNSET   605 PM EST


-  INDICATES NEGATIVE NUMBERS.
R  INDICATES RECORD WAS SET OR TIED.
MM INDICATES DATA IS MISSING.
T  INDICATES TRACE AMOUNT.




$$
