000
CDUS42 KFFC 290819
CLIAHN


CLIMATE REPORT
NATIONAL WEATHER SERVICE PEACHTREE CITY GA
419 AM EDT MON MAY 29 2017


...................................

...THE ATHENS CLIMATE SUMMARY FOR MAY 28 2017...

CLIMATE NORMAL PERIOD 1981 TO 2010
CLIMATE RECORD PERIOD 1898 TO 2017


WEATHER ITEM   OBSERVED TIME   RECORD YEAR NORMAL DEPARTURE LAST
                VALUE   (LST)  VALUE       VALUE  FROM      YEAR
                                                  NORMAL
..................................................................
TEMPERATURE (F)
 YESTERDAY
  MAXIMUM         87    447 PM  97    1914  85      2       87
  MINIMUM         65    731 AM  43    1925  62      3       60
  AVERAGE         76                        73      3       74

PRECIPITATION (IN)
  YESTERDAY        0.14          4.48 1973   0.10   0.04     0.00
  MONTH TO DATE    5.61                      2.70   2.91     2.33
  SINCE MAR 1     16.78                     10.28   6.50     6.85
  SINCE JAN 1     24.48                     18.81   5.67    15.02

DEGREE DAYS
 COOLING
  YESTERDAY       11                         9      2        9
  MONTH TO DATE  170                       155     15      159
  SINCE MAR 1    326                       212    114      266
  SINCE JAN 1    335                       213    122      266
..................................................................


WIND (MPH)
  RESULTANT WIND SPEED   3   RESULTANT WIND DIRECTION   W (260)
  HIGHEST WIND SPEED    15   HIGHEST WIND DIRECTION     W (290)
  HIGHEST GUST SPEED    25   HIGHEST GUST DIRECTION     W (280)
  AVERAGE WIND SPEED     4.1


SKY COVER
  POSSIBLE SUNSHINE  MM
  AVERAGE SKY COVER 0.2


WEATHER CONDITIONS
 THE FOLLOWING WEATHER WAS RECORDED YESTERDAY.
  THUNDERSTORM
  RAIN
  LIGHT RAIN
  FOG


RELATIVE HUMIDITY (PERCENT)
 HIGHEST   100           300 AM
 LOWEST     51           500 PM
 AVERAGE    76

..........................................................


THE ATHENS CLIMATE NORMALS FOR TODAY
                         NORMAL    RECORD    YEAR
 MAXIMUM TEMPERATURE (F)   85        99      1941
 MINIMUM TEMPERATURE (F)   62        50      1968


SUNRISE AND SUNSET
MAY 29 2017...........SUNRISE   624 AM EDT   SUNSET   838 PM EDT
MAY 30 2017...........SUNRISE   624 AM EDT   SUNSET   838 PM EDT


-  INDICATES NEGATIVE NUMBERS.
R  INDICATES RECORD WAS SET OR TIED.
MM INDICATES DATA IS MISSING.
T  INDICATES TRACE AMOUNT.




$$
