000
CDUS42 KFFC 290020
CLIAHN


CLIMATE REPORT
NATIONAL WEATHER SERVICE PEACHTREE CITY GA
820 PM EDT THU AUG 28 2014


...................................

...THE ATHENS CLIMATE SUMMARY FOR AUGUST 28 2014...
VALID AS OF 0800 PM LOCAL TIME.

CLIMATE NORMAL PERIOD 1981 TO 2010
CLIMATE RECORD PERIOD 1898 TO 2014


WEATHER ITEM   OBSERVED TIME   RECORD YEAR NORMAL DEPARTURE LAST
                VALUE   (LST)  VALUE       VALUE  FROM      YEAR
                                                  NORMAL
..................................................................
TEMPERATURE (F)
 TODAY
  MAXIMUM         97    340 PM 104    1924  89      8       90
  MINIMUM         60    608 AM  56    1922  68     -8       66
                                      1904
  AVERAGE         79                        78      1       78

PRECIPITATION (IN)
  TODAY            0.00          3.04 1890   0.11  -0.11     0.00
  MONTH TO DATE    1.42                      3.23  -1.81     4.52
  SINCE JUN 1      9.38                     11.88  -2.50    21.92
  SINCE JAN 1     29.02                     30.99  -1.97    45.00

SNOWFALL (IN)
  TODAY            0.0           0.0  2002   0.0    0.0      0.0
                                      2001
  MONTH TO DATE    0.0                       0.0    0.0      0.0
  SINCE JUN 1      0.0                       0.0    0.0      0.0
  SINCE JUL 1      0.0                       0.0    0.0      0.0
  SNOW DEPTH       0

DEGREE DAYS
 HEATING
  TODAY            0                         0      0        0
  MONTH TO DATE    0                         0      0        3
  SINCE JUN 1      0                         1     -1        3
  SINCE JUL 1      0                         0      0        3

 COOLING
  TODAY           14                        13      1       13
  MONTH TO DATE  399                       412    -13      331
  SINCE JUN 1   1266                      1274     -8     1101
  SINCE JAN 1   1536                      1514     22     1280
..................................................................


WIND (MPH)
  HIGHEST WIND SPEED     7   HIGHEST WIND DIRECTION     S (200)
  HIGHEST GUST SPEED    13   HIGHEST GUST DIRECTION    SW (220)
  AVERAGE WIND SPEED     1.5


SKY COVER
  AVERAGE SKY COVER 0.0


WEATHER CONDITIONS
 THE FOLLOWING WEATHER WAS RECORDED TODAY.
  FOG
  HAZE


RELATIVE HUMIDITY (PERCENT)
 HIGHEST    93           300 AM
 LOWEST     24           300 PM

..........................................................


THE ATHENS CLIMATE NORMALS FOR TOMORROW
                         NORMAL    RECORD    YEAR
 MAXIMUM TEMPERATURE (F)   89       101      1924
 MINIMUM TEMPERATURE (F)   68        53      1927


SUNRISE AND SUNSET
AUGUST 28 2014........SUNRISE   704 AM EDT   SUNSET   804 PM EDT
AUGUST 29 2014........SUNRISE   705 AM EDT   SUNSET   803 PM EDT


-  INDICATES NEGATIVE NUMBERS.
R  INDICATES RECORD WAS SET OR TIED.
MM INDICATES DATA IS MISSING.
T  INDICATES TRACE AMOUNT.




$$
