000
CDUS42 KFFC 200025
CLIAHN


CLIMATE REPORT
NATIONAL WEATHER SERVICE PEACHTREE CITY GA
724 PM EST FRI JAN 19 2018


...................................

...THE ATHENS CLIMATE SUMMARY FOR JANUARY 19 2018...
VALID AS OF 0700 PM LOCAL TIME.

CLIMATE NORMAL PERIOD 1981 TO 2010
CLIMATE RECORD PERIOD 1898 TO 2018


WEATHER ITEM   OBSERVED TIME   RECORD YEAR NORMAL DEPARTURE LAST
                VALUE   (LST)  VALUE       VALUE  FROM      YEAR
                                                  NORMAL
..................................................................
TEMPERATURE (F)
 TODAY
  MAXIMUM         60    319 PM  72    1949  54      6       69
  MINIMUM         25    708 AM   5    1977  33     -8       48
  AVERAGE         43                        44     -1       59

PRECIPITATION (IN)
  TODAY            0.00          2.71 1936   0.13  -0.13     0.01
  MONTH TO DATE    1.91                      2.37  -0.46     2.86
  SINCE DEC 1      4.66                      6.10  -1.44     5.28
  SINCE JAN 1      1.91                      2.37  -0.46     2.86

SNOWFALL (IN)
  TODAY            0.0           0.0  2002   0.1   -0.1      0.0
  MONTH TO DATE    1.1                       0.9    0.2      0.0
  SINCE DEC 1      1.1                       1.0    0.1      0.0
  SINCE JUL 1      1.1                       1.0    0.1      0.0
  SNOW DEPTH       0

DEGREE DAYS
 HEATING
  TODAY           22                        22      0        6
  MONTH TO DATE  542                       418    124      260
  SINCE DEC 1   1111                      1028     83      806
  SINCE JUL 1   1569                      1508     61     1092

 COOLING
  TODAY            0                         0      0        0
  MONTH TO DATE    0                         0      0        3
  SINCE DEC 1      0                         1     -1        3
  SINCE JAN 1      0                         0      0        3
..................................................................


WIND (MPH)
  HIGHEST WIND SPEED    12   HIGHEST WIND DIRECTION     W (280)
  HIGHEST GUST SPEED    17   HIGHEST GUST DIRECTION    SW (230)
  AVERAGE WIND SPEED     5.5


SKY COVER
  AVERAGE SKY COVER 0.0


WEATHER CONDITIONS
 THE FOLLOWING WEATHER WAS RECORDED TODAY.
  NO SIGNIFICANT WEATHER WAS OBSERVED.


RELATIVE HUMIDITY (PERCENT)
 HIGHEST    57           300 AM
 LOWEST     10           200 PM

..........................................................


THE ATHENS CLIMATE NORMALS FOR TOMORROW
                         NORMAL    RECORD    YEAR
 MAXIMUM TEMPERATURE (F)   54        78      1927
 MINIMUM TEMPERATURE (F)   33        -1      1985


SUNRISE AND SUNSET
JANUARY 19 2018.......SUNRISE   737 AM EST   SUNSET   551 PM EST
JANUARY 20 2018.......SUNRISE   737 AM EST   SUNSET   552 PM EST


-  INDICATES NEGATIVE NUMBERS.
R  INDICATES RECORD WAS SET OR TIED.
MM INDICATES DATA IS MISSING.
T  INDICATES TRACE AMOUNT.




$$
