000
CDUS42 KFFC 290023
CLIAHN


CLIMATE REPORT
NATIONAL WEATHER SERVICE PEACHTREE CITY GA
723 PM EST SUN DEC 28 2014


...................................

...THE ATHENS CLIMATE SUMMARY FOR DECEMBER 28 2014...
VALID AS OF 0700 PM LOCAL TIME.

CLIMATE NORMAL PERIOD 1981 TO 2010
CLIMATE RECORD PERIOD 1898 TO 2014


WEATHER ITEM   OBSERVED TIME   RECORD YEAR NORMAL DEPARTURE LAST
                VALUE   (LST)  VALUE       VALUE  FROM      YEAR
                                                  NORMAL
..................................................................
TEMPERATURE (F)
 TODAY
  MAXIMUM         59    457 PM  78    1928  54      5       48
  MINIMUM         50    510 AM   8    1925  33     17       28
  AVERAGE         55                        43     12       38

PRECIPITATION (IN)
  TODAY            0.85          2.65 1966   0.12   0.73     1.00
  MONTH TO DATE    4.38                      3.38   1.00     6.80
  SINCE DEC 1      4.38                      3.38   1.00     6.80
  SINCE JAN 1     45.14                     45.98  -0.84    59.07

SNOWFALL (IN)
  TODAY            0.0           0.0  2001   0.0    0.0      0.0
  MONTH TO DATE    0.0                       0.1   -0.1      0.0
  SINCE DEC 1      0.0                       0.1   -0.1      0.0
  SINCE JUL 1      0.0                       0.1   -0.1      0.0
  SNOW DEPTH       0

DEGREE DAYS
 HEATING
  TODAY           10                        22    -12       27
  MONTH TO DATE  456                       545    -89      483
  SINCE DEC 1    456                       545    -89      483
  SINCE JUL 1   1069                      1025     44     1045

 COOLING
  TODAY            0                         0      0        0
  MONTH TO DATE    0                         0      0        6
  SINCE DEC 1      0                         0      0        6
  SINCE JAN 1   1985                      1886     99     1652
..................................................................


WIND (MPH)
  HIGHEST WIND SPEED     9   HIGHEST WIND DIRECTION    NW (320)
  HIGHEST GUST SPEED    13   HIGHEST GUST DIRECTION    NW (330)
  AVERAGE WIND SPEED     3.0


SKY COVER
  AVERAGE SKY COVER 1.0


WEATHER CONDITIONS
 THE FOLLOWING WEATHER WAS RECORDED TODAY.
  HEAVY RAIN
  RAIN
  LIGHT RAIN
  FOG


RELATIVE HUMIDITY (PERCENT)
 HIGHEST   100           500 AM
 LOWEST     89          1200 AM

..........................................................


THE ATHENS CLIMATE NORMALS FOR TOMORROW
                         NORMAL    RECORD    YEAR
 MAXIMUM TEMPERATURE (F)   53        79      1984
 MINIMUM TEMPERATURE (F)   33        12      1925


SUNRISE AND SUNSET
DECEMBER 28 2014......SUNRISE   737 AM EST   SUNSET   532 PM EST
DECEMBER 29 2014......SUNRISE   738 AM EST   SUNSET   533 PM EST


-  INDICATES NEGATIVE NUMBERS.
R  INDICATES RECORD WAS SET OR TIED.
MM INDICATES DATA IS MISSING.
T  INDICATES TRACE AMOUNT.




$$
