235
CDUS42 KFFC 280816
CLIAHN


CLIMATE REPORT
NATIONAL WEATHER SERVICE PEACHTREE CITY GA
416 AM EDT TUE MAR 28 2017


...................................

...THE ATHENS CLIMATE SUMMARY FOR MARCH 27 2017...

CLIMATE NORMAL PERIOD 1981 TO 2010
CLIMATE RECORD PERIOD 1898 TO 2017


WEATHER ITEM   OBSERVED TIME   RECORD YEAR NORMAL DEPARTURE LAST
                VALUE   (LST)  VALUE       VALUE  FROM      YEAR
                                                  NORMAL
..................................................................
TEMPERATURE (F)
 YESTERDAY
  MAXIMUM         80    238 PM  87    1921  69     11       64
  MINIMUM         59    702 AM  18    1955  45     14       59
  AVERAGE         70                        57     13       62

PRECIPITATION (IN)
  YESTERDAY        0.51          3.02 1888   0.13   0.38     0.29
  MONTH TO DATE    4.08                      3.89   0.19     1.86
  SINCE MAR 1      4.08                      3.89   0.19     1.86
  SINCE JAN 1     11.78                     12.42  -0.64    10.03

SNOWFALL (IN)
  YESTERDAY        0.0           0.0  2002   0.0    0.0      0.0
                                      2001
                                      2000
  MONTH TO DATE    0.0                       0.7   -0.7      0.0
  SINCE MAR 1      0.0                       0.7   -0.7      0.0
  SINCE JUL 1      0.0                       2.8   -2.8      0.1
  SNOW DEPTH      MM

DEGREE DAYS
 HEATING
  YESTERDAY        0                         8     -8        3
  MONTH TO DATE  281                       308    -27      170
  SINCE MAR 1    281                       308    -27      170
  SINCE JUL 1   1805                      2563   -758     2013

 COOLING
  YESTERDAY        5                         0      5        0
  MONTH TO DATE   19                         0     19       34
  SINCE MAR 1     19                         0     19       34
  SINCE JAN 1     28                         1     27       34
..................................................................


WIND (MPH)
  RESULTANT WIND SPEED   2   RESULTANT WIND DIRECTION   S (190)
  HIGHEST WIND SPEED    14   HIGHEST WIND DIRECTION    NW (310)
  HIGHEST GUST SPEED    18   HIGHEST GUST DIRECTION     W (290)
  AVERAGE WIND SPEED     3.5


SKY COVER
  POSSIBLE SUNSHINE  MM
  AVERAGE SKY COVER 0.5


WEATHER CONDITIONS
 THE FOLLOWING WEATHER WAS RECORDED YESTERDAY.
  THUNDERSTORM
  HEAVY RAIN
  RAIN
  LIGHT RAIN


RELATIVE HUMIDITY (PERCENT)
 HIGHEST   100           800 PM
 LOWEST     50           400 PM
 AVERAGE    75

..........................................................


THE ATHENS CLIMATE NORMALS FOR TODAY
                         NORMAL    RECORD    YEAR
 MAXIMUM TEMPERATURE (F)   70        85      2007
                                             1921
 MINIMUM TEMPERATURE (F)   45        27      2013


SUNRISE AND SUNSET
MARCH 28 2017.........SUNRISE   726 AM EDT   SUNSET   751 PM EDT
MARCH 29 2017.........SUNRISE   724 AM EDT   SUNSET   752 PM EDT


-  INDICATES NEGATIVE NUMBERS.
R  INDICATES RECORD WAS SET OR TIED.
MM INDICATES DATA IS MISSING.
T  INDICATES TRACE AMOUNT.




$$
