000
CDUS42 KFFC 192037
CLIAHN


CLIMATE REPORT
NATIONAL WEATHER SERVICE PEACHTREE CITY GA
437 PM EDT SAT APR 19 2014


...................................

...THE ATHENS CLIMATE SUMMARY FOR APRIL 19 2014...
VALID TODAY AS OF 0400 PM LOCAL TIME.

CLIMATE NORMAL PERIOD 1981 TO 2010
CLIMATE RECORD PERIOD 1898 TO 2014


WEATHER ITEM   OBSERVED TIME   RECORD YEAR NORMAL DEPARTURE LAST
                VALUE   (LST)  VALUE       VALUE  FROM      YEAR
                                                  NORMAL
..................................................................
TEMPERATURE (F)
 TODAY
  MAXIMUM         57    224 PM  91    1917  75    -18       71
  MINIMUM         50    553 AM  30    1983  50      0       46
  AVERAGE         54                        62     -8       59

PRECIPITATION (IN)
  TODAY            0.24          1.75 1943   0.10   0.14     0.71
  MONTH TO DATE    3.94                      2.02   1.92     2.28
  SINCE MAR 1      7.31                      6.45   0.86     6.63
  SINCE JAN 1     15.95                     14.98   0.97    17.96

SNOWFALL (IN)
  TODAY            0.0           0.0  2002   0.0    0.0      0.0
                                      2001
                                      2000
  MONTH TO DATE    0.0                       0.1   -0.1      0.0
  SINCE MAR 1      0.0                       0.9   -0.9      0.0
  SINCE JUL 1      2.8                       3.0   -0.2      0.0
  SNOW DEPTH       0

DEGREE DAYS
 HEATING
  TODAY           11                         4      7        6
  MONTH TO DATE  115                       111      4       86
  SINCE MAR 1    524                       451     73      578
  SINCE JUL 1   2986                      2706    280     2593

 COOLING
  TODAY            0                         2     -2        0
  MONTH TO DATE   21                        22     -1       37
  SINCE MAR 1     21                        32    -11       39
  SINCE JAN 1     22                        33    -11       42
..................................................................


WIND (MPH)
  HIGHEST WIND SPEED    18   HIGHEST WIND DIRECTION    NE (40)
  HIGHEST GUST SPEED    26   HIGHEST GUST DIRECTION    NE (40)
  AVERAGE WIND SPEED    11.2


SKY COVER
  AVERAGE SKY COVER 0.9


WEATHER CONDITIONS
 THE FOLLOWING WEATHER WAS RECORDED TODAY.
  LIGHT RAIN
  FOG
  HAZE


RELATIVE HUMIDITY (PERCENT)
 HIGHEST    96           700 AM
 LOWEST     80           200 PM
 AVERAGE    88

..........................................................


THE ATHENS CLIMATE NORMALS FOR TOMORROW
                         NORMAL    RECORD    YEAR
 MAXIMUM TEMPERATURE (F)   75        94      1925
 MINIMUM TEMPERATURE (F)   50        29      1983


SUNRISE AND SUNSET
APRIL 19 2014.........SUNRISE   658 AM EDT   SUNSET   808 PM EDT
APRIL 20 2014.........SUNRISE   656 AM EDT   SUNSET   808 PM EDT


-  INDICATES NEGATIVE NUMBERS.
R  INDICATES RECORD WAS SET OR TIED.
MM INDICATES DATA IS MISSING.
T  INDICATES TRACE AMOUNT.




$$
