000
CDUS42 KFFC 030836
CLIAHN


CLIMATE REPORT
NATIONAL WEATHER SERVICE PEACHTREE CITY GA
436 AM EDT TUE MAY 3 2016


...................................

...THE ATHENS CLIMATE SUMMARY FOR MAY 2 2016...

CLIMATE NORMAL PERIOD 1981 TO 2010
CLIMATE RECORD PERIOD 1898 TO 2016


WEATHER ITEM   OBSERVED TIME   RECORD YEAR NORMAL DEPARTURE LAST
                VALUE   (LST)  VALUE       VALUE  FROM      YEAR
                                                  NORMAL
..................................................................
TEMPERATURE (F)
 YESTERDAY
  MAXIMUM         87    130 PM  94    1915  78      9       78
                                      1908
  MINIMUM         67   1151 PM  38    1963  54     13       46
  AVERAGE         77                        66     11       62

PRECIPITATION (IN)
  YESTERDAY        T             3.30 1964   0.11  -0.11     0.00
  MONTH TO DATE    0.04                      0.21  -0.17     0.00
  SINCE MAR 1      4.56                      7.79  -3.23    10.80
  SINCE JAN 1     12.73                     16.32  -3.59    17.77

DEGREE DAYS
 COOLING
  YESTERDAY       12                         3      9        0
  MONTH TO DATE   22                         6     16        0
  SINCE MAR 1    129                        63     66       79
  SINCE JAN 1    129                        64     65       79
..................................................................


WIND (MPH)
  RESULTANT WIND SPEED   1   RESULTANT WIND DIRECTION   S (190)
  HIGHEST WIND SPEED    13   HIGHEST WIND DIRECTION    NW (300)
  HIGHEST GUST SPEED    23   HIGHEST GUST DIRECTION    NW (310)
  AVERAGE WIND SPEED     3.0


SKY COVER
  POSSIBLE SUNSHINE  MM
  AVERAGE SKY COVER 0.3


WEATHER CONDITIONS
 THE FOLLOWING WEATHER WAS RECORDED YESTERDAY.
  THUNDERSTORM
  LIGHT RAIN
  FOG


RELATIVE HUMIDITY (PERCENT)
 HIGHEST   100          1200 AM
 LOWEST     51           200 PM
 AVERAGE    76

..........................................................


THE ATHENS CLIMATE NORMALS FOR TODAY
                         NORMAL    RECORD    YEAR
 MAXIMUM TEMPERATURE (F)   78        93      1938
 MINIMUM TEMPERATURE (F)   54        39      1925


SUNRISE AND SUNSET
MAY  3 2016...........SUNRISE   642 AM EDT   SUNSET   819 PM EDT
MAY  4 2016...........SUNRISE   641 AM EDT   SUNSET   820 PM EDT


-  INDICATES NEGATIVE NUMBERS.
R  INDICATES RECORD WAS SET OR TIED.
MM INDICATES DATA IS MISSING.
T  INDICATES TRACE AMOUNT.




$$
