000
CDUS42 KFFC 020932
CLIAHN


CLIMATE REPORT
NATIONAL WEATHER SERVICE PEACHTREE CITY GA
432 AM EST MON MAR 2 2015


...................................

...THE ATHENS CLIMATE SUMMARY FOR MARCH 1 2015...

CLIMATE NORMAL PERIOD 1981 TO 2010
CLIMATE RECORD PERIOD 1898 TO 2015


WEATHER ITEM   OBSERVED TIME   RECORD YEAR NORMAL DEPARTURE LAST
                VALUE   (LST)  VALUE       VALUE  FROM      YEAR
                                                  NORMAL
..................................................................
TEMPERATURE (F)
 YESTERDAY
  MAXIMUM         43   1159 PM  83    1932  62    -19       64
  MINIMUM         34    533 AM  20    1941  39     -5       40
  AVERAGE         39                        51    -12       52

PRECIPITATION (IN)
  YESTERDAY        0.31          3.73 2007   0.15   0.16      T
  MONTH TO DATE    0.31                      0.15   0.16      T
  SINCE MAR 1      0.31                      0.15   0.16      T
  SINCE JAN 1      7.28                      8.68  -1.40     8.64

SNOWFALL (IN)
  YESTERDAY       MM             6.5  2009   0.0   MM       MM
  MONTH TO DATE   MM                         0.0   MM       MM
  SINCE MAR 1     MM                         0.0   MM       MM
  SINCE JUL 1      T                         2.1   -2.1      2.8
  SNOW DEPTH       0

DEGREE DAYS
 HEATING
  YESTERDAY       26                        15     11       13
  MONTH TO DATE   26                        15     11       13
  SINCE MAR 1     26                        15     11       13
  SINCE JUL 1   2532                      2270    262     2475
..................................................................


WIND (MPH)
  RESULTANT WIND SPEED   5   RESULTANT WIND DIRECTION   E (70)
  HIGHEST WIND SPEED    15   HIGHEST WIND DIRECTION    NE (60)
  HIGHEST GUST SPEED    19   HIGHEST GUST DIRECTION    NE (50)
  AVERAGE WIND SPEED     5.2


SKY COVER
  POSSIBLE SUNSHINE  MM
  AVERAGE SKY COVER 1.0


WEATHER CONDITIONS
 THE FOLLOWING WEATHER WAS RECORDED YESTERDAY.
  HEAVY RAIN
  RAIN
  LIGHT RAIN
  FOG


RELATIVE HUMIDITY (PERCENT)
 HIGHEST   100          1100 AM
 LOWEST     53          1200 AM
 AVERAGE    77

..........................................................


THE ATHENS CLIMATE NORMALS FOR TODAY
                         NORMAL    RECORD    YEAR
 MAXIMUM TEMPERATURE (F)   62        82      1951
 MINIMUM TEMPERATURE (F)   40        17      1914


SUNRISE AND SUNSET
MARCH  2 2015.........SUNRISE   701 AM EST   SUNSET   630 PM EST
MARCH  3 2015.........SUNRISE   700 AM EST   SUNSET   631 PM EST


-  INDICATES NEGATIVE NUMBERS.
R  INDICATES RECORD WAS SET OR TIED.
MM INDICATES DATA IS MISSING.
T  INDICATES TRACE AMOUNT.




$$
