000
CDUS42 KFFC 212032
CLIAHN


CLIMATE REPORT
NATIONAL WEATHER SERVICE PEACHTREE CITY GA
431 PM EDT SUN SEP 21 2014


...................................

...THE ATHENS CLIMATE SUMMARY FOR SEPTEMBER 21 2014...
VALID TODAY AS OF 0400 PM LOCAL TIME.

CLIMATE NORMAL PERIOD 1981 TO 2010
CLIMATE RECORD PERIOD 1898 TO 2014


WEATHER ITEM   OBSERVED TIME   RECORD YEAR NORMAL DEPARTURE LAST
                VALUE   (LST)  VALUE       VALUE  FROM      YEAR
                                                  NORMAL
..................................................................
TEMPERATURE (F)
 TODAY
  MAXIMUM         88    223 PM 102    1925  82      6       76
  MINIMUM         59    642 AM  40    1918  61     -2       64
  AVERAGE         74                        72      2       70

PRECIPITATION (IN)
  TODAY            0.00          5.15 1885   0.14  -0.14     1.12
  MONTH TO DATE    4.63                      2.60   2.03     1.46
  SINCE SEP 1      4.63                      2.60   2.03     1.46
  SINCE JAN 1     34.12                     33.89   0.23    47.62

DEGREE DAYS
 HEATING
  TODAY            0                         0      0        0
  MONTH TO DATE    0                         0      0        0
  SINCE SEP 1      0                         0      0        0
  SINCE JUL 1      0                         0      0        3

 COOLING
  TODAY            9                         7      2        5
  MONTH TO DATE  280                       209     71      235
  SINCE SEP 1    280                       209     71      235
  SINCE JAN 1   1865                      1764    101     1562
..................................................................


WIND (MPH)
  HIGHEST WIND SPEED    14   HIGHEST WIND DIRECTION    NW (300)
  HIGHEST GUST SPEED    20   HIGHEST GUST DIRECTION     W (280)
  AVERAGE WIND SPEED     3.6


SKY COVER
  AVERAGE SKY COVER 0.1


WEATHER CONDITIONS
 THE FOLLOWING WEATHER WAS RECORDED TODAY.
  NO SIGNIFICANT WEATHER WAS OBSERVED.


RELATIVE HUMIDITY (PERCENT)
 HIGHEST    97           500 AM
 LOWEST     40           200 PM
 AVERAGE    69

..........................................................


THE ATHENS CLIMATE NORMALS FOR TOMORROW
                         NORMAL    RECORD    YEAR
 MAXIMUM TEMPERATURE (F)   82       101      1925
 MINIMUM TEMPERATURE (F)   60        41      1918
                                             1913


SUNRISE AND SUNSET
SEPTEMBER 21 2014.....SUNRISE   721 AM EDT   SUNSET   731 PM EDT
SEPTEMBER 22 2014.....SUNRISE   721 AM EDT   SUNSET   730 PM EDT


-  INDICATES NEGATIVE NUMBERS.
R  INDICATES RECORD WAS SET OR TIED.
MM INDICATES DATA IS MISSING.
T  INDICATES TRACE AMOUNT.




$$
