000
CDUS45 KCYS 300731
CLIAIA


CLIMATE REPORT
NATIONAL WEATHER SERVICE CHEYENNE WY
130 AM MDT SAT MAY 30 2015


...................................

...THE ALLIANCE NE AIRPORT CLIMATE SUMMARY FOR MAY 29 2015...

CLIMATE NORMAL PERIOD 1981 TO 2010
CLIMATE RECORD PERIOD 1896 TO 2015


WEATHER ITEM   OBSERVED TIME   RECORD YEAR NORMAL DEPARTURE LAST
                VALUE   (LST)  VALUE       VALUE  FROM      YEAR
                                                  NORMAL
..................................................................
TEMPERATURE (F)
 YESTERDAY
  MAXIMUM         56    901 AM  97    2003  74    -18       87
  MINIMUM         35   1159 PM  19    1947  44     -9       55
  AVERAGE         46                        59    -13       71

PRECIPITATION (IN)
  YESTERDAY        1.09          1.42 1982   0.12   0.97     0.00
  MONTH TO DATE    8.76                      2.39   6.37     4.02
  SINCE JAN 1     12.19                      5.25   6.94     6.82

DEGREE DAYS
 HEATING
  YESTERDAY       19                         7     12        0
  MONTH TO DATE  388                       315     73      336
  SINCE MAR 1   1656                      1800   -144     1855
  SINCE JUL 1   6883                      7204   -321     7419

 COOLING
  YESTERDAY        0                         1     -1        6
  MONTH TO DATE    0                         4     -4       12
  SINCE MAR 1      0                         4     -4       12
  SINCE JAN 1      0                         4     -4       12
..................................................................


WIND (MPH)
  HIGHEST WIND SPEED    23   HIGHEST WIND DIRECTION    NW (330)
  HIGHEST GUST SPEED    28   HIGHEST GUST DIRECTION    NW (320)
  AVERAGE WIND SPEED    11.0


SKY COVER
  AVERAGE SKY COVER 0.7


WEATHER CONDITIONS
 THE FOLLOWING WEATHER WAS RECORDED YESTERDAY.
  THUNDERSTORM
  HEAVY RAIN
  RAIN
  LIGHT RAIN
  FOG
  FOG W/VISIBILITY <= 1/4 MILE


RELATIVE HUMIDITY (PERCENT)
 HIGHEST   100          1200 AM
 LOWEST     86           700 AM
 AVERAGE    93

..........................................................


THE ALLIANCE NE AIRPORT CLIMATE NORMALS FOR TODAY
                         NORMAL    RECORD    YEAR
 MAXIMUM TEMPERATURE (F)   75        97      2002
 MINIMUM TEMPERATURE (F)   45        28      1947


SUNRISE AND SUNSET
MAY 30 2015...........SUNRISE   519 AM MDT   SUNSET   819 PM MDT
MAY 31 2015...........SUNRISE   519 AM MDT   SUNSET   820 PM MDT


-  INDICATES NEGATIVE NUMBERS.
R  INDICATES RECORD WAS SET OR TIED.
MM INDICATES DATA IS MISSING.
T  INDICATES TRACE AMOUNT.




$$
