000
CDUS45 KCYS 240321
CLIAIA


CLIMATE REPORT
NATIONAL WEATHER SERVICE CHEYENNE WY
921 PM MDT TUE SEP 23 2014


...................................

...THE ALLIANCE NE AIRPORT CLIMATE SUMMARY FOR SEPTEMBER 23 2014...
VALID TODAY AS OF 0900 PM LOCAL TIME.

CLIMATE NORMAL PERIOD 1981 TO 2010
CLIMATE RECORD PERIOD 1896 TO 2014


WEATHER ITEM   OBSERVED TIME   RECORD YEAR NORMAL DEPARTURE LAST
                VALUE   (LST)  VALUE       VALUE  FROM      YEAR
                                                  NORMAL
..................................................................
TEMPERATURE (F)
 TODAY
  MAXIMUM         85    228 PM  94    2007  73     12       58
  MINIMUM         43    452 AM  26    1985  39      4       44
  AVERAGE         64                        56      8       51

PRECIPITATION (IN)
  TODAY            0.00          1.59 2013   0.04  -0.04     1.59
  MONTH TO DATE    0.30                      1.11  -0.81     2.65
  SINCE JAN 1     15.24                     13.52   1.72    11.71

DEGREE DAYS
 HEATING
  TODAY            1                        10     -9       14
  MONTH TO DATE  140                       129     11       58
  SINCE SEP 1    140                       129     11       58
  SINCE JUL 1    177                       166     11       66

 COOLING
  TODAY            0                         0      0        0
  MONTH TO DATE   29                        38     -9      136
  SINCE SEP 1     29                        38     -9      136
  SINCE JAN 1    491                       561    -70      795
..................................................................


WIND (MPH)
  HIGHEST WIND SPEED    22   HIGHEST WIND DIRECTION     W (280)
  HIGHEST GUST SPEED    29   HIGHEST GUST DIRECTION     W (290)
  AVERAGE WIND SPEED     9.9


SKY COVER
  AVERAGE SKY COVER 0.1


WEATHER CONDITIONS
 THE FOLLOWING WEATHER WAS RECORDED TODAY.
  FOG


RELATIVE HUMIDITY (PERCENT)
 HIGHEST   100           200 AM
 LOWEST     26           100 PM
 AVERAGE    63

..........................................................


THE ALLIANCE NE AIRPORT CLIMATE NORMALS FOR TOMORROW
                         NORMAL    RECORD    YEAR
 MAXIMUM TEMPERATURE (F)   72        91      1908
 MINIMUM TEMPERATURE (F)   39        20      1926


SUNRISE AND SUNSET
SEPTEMBER 23 2014.....SUNRISE   640 AM MDT   SUNSET   647 PM MDT
SEPTEMBER 24 2014.....SUNRISE   641 AM MDT   SUNSET   645 PM MDT


-  INDICATES NEGATIVE NUMBERS.
R  INDICATES RECORD WAS SET OR TIED.
MM INDICATES DATA IS MISSING.
T  INDICATES TRACE AMOUNT.




$$
