000
CDUS45 KCYS 122225
CLIAIA


CLIMATE REPORT
NATIONAL WEATHER SERVICE CHEYENNE WY
325 PM MST FRI FEB 12 2016


...................................

...THE ALLIANCE NE AIRPORT CLIMATE SUMMARY FOR FEBRUARY 12 2016...
VALID AS OF 0300 PM LOCAL TIME.

CLIMATE NORMAL PERIOD 1981 TO 2010
CLIMATE RECORD PERIOD 1896 TO 2016


WEATHER ITEM   OBSERVED TIME   RECORD YEAR NORMAL DEPARTURE LAST
                VALUE   (LST)  VALUE       VALUE  FROM      YEAR
                                                  NORMAL
..................................................................
TEMPERATURE (F)
 TODAY
  MAXIMUM         34    159 PM  73    1962  40     -6       58
  MINIMUM         22    347 AM -36    1899  12     10       25
  AVERAGE         28                        26      2       42

PRECIPITATION (IN)
  TODAY            0.00          0.40 1915   0.01  -0.01     0.00
  MONTH TO DATE    0.05                      0.15  -0.10     0.40
  SINCE JAN 1      0.07                      0.33  -0.26     0.85

DEGREE DAYS
 HEATING
  TODAY           37                        39     -2       23
  MONTH TO DATE  471                       475     -4      370
  SINCE DEC 1   3135                      3021    114     2881
  SINCE JUL 1   4622                      4820   -198     4589

 COOLING
  TODAY            0                         0      0        0
  MONTH TO DATE    0                         0      0        0
  SINCE DEC 1      0                         0      0        0
  SINCE JAN 1      0                         0      0        0
..................................................................


WIND (MPH)
  HIGHEST WIND SPEED    15   HIGHEST WIND DIRECTION    NE (40)
  HIGHEST GUST SPEED    17   HIGHEST GUST DIRECTION    NE (50)
  AVERAGE WIND SPEED     7.1


SKY COVER
  AVERAGE SKY COVER 0.6


WEATHER CONDITIONS
 THE FOLLOWING WEATHER WAS RECORDED TODAY.
  FOG
  FOG W/VISIBILITY <= 1/4 MILE


RELATIVE HUMIDITY (PERCENT)
 HIGHEST   100           700 AM
 LOWEST     81           400 AM
 AVERAGE    91

..........................................................


THE ALLIANCE NE AIRPORT CLIMATE NORMALS FOR TOMORROW
                         NORMAL    RECORD    YEAR
 MAXIMUM TEMPERATURE (F)   41        72      1954
 MINIMUM TEMPERATURE (F)   12       -24      1905


SUNRISE AND SUNSET
FEBRUARY 12 2016......SUNRISE   652 AM MST   SUNSET   520 PM MST
FEBRUARY 13 2016......SUNRISE   650 AM MST   SUNSET   521 PM MST


-  INDICATES NEGATIVE NUMBERS.
R  INDICATES RECORD WAS SET OR TIED.
MM INDICATES DATA IS MISSING.
T  INDICATES TRACE AMOUNT.




$$
