000
CDUS45 KCYS 290326
CLIAIA


CLIMATE REPORT
NATIONAL WEATHER SERVICE CHEYENNE WY
926 PM MDT TUE JUL 28 2015


...................................

...THE ALLIANCE NE AIRPORT CLIMATE SUMMARY FOR JULY 28 2015...
VALID TODAY AS OF 0900 PM LOCAL TIME.

CLIMATE NORMAL PERIOD 1981 TO 2010
CLIMATE RECORD PERIOD 1896 TO 2015


WEATHER ITEM   OBSERVED TIME   RECORD YEAR NORMAL DEPARTURE LAST
                VALUE   (LST)  VALUE       VALUE  FROM      YEAR
                                                  NORMAL
..................................................................
TEMPERATURE (F)
 TODAY
  MAXIMUM         82    345 PM 104    1933  89     -7       89
  MINIMUM         49    528 AM  47    1971  57     -8       52
                                      1913
                                      1911
  AVERAGE         66                        73     -7       71

PRECIPITATION (IN)
  TODAY            0.00          1.25 1982   0.05  -0.05     0.00
  MONTH TO DATE    2.40                      2.12   0.28     0.17
  SINCE JAN 1     17.60                     10.51   7.09    12.35

DEGREE DAYS
 HEATING
  TODAY            0                         0      0        0
  MONTH TO DATE   12                         5      7       27
  SINCE JUN 1     21                        98    -77      126
  SINCE JUL 1     12                         5      7       27

 COOLING
  TODAY            1                         9     -8        6
  MONTH TO DATE  161                       211    -50      210
  SINCE JUN 1    265                       299    -34      246
  SINCE JAN 1    265                       309    -44      260
..................................................................


WIND (MPH)
  HIGHEST WIND SPEED    24   HIGHEST WIND DIRECTION    NW (320)
  HIGHEST GUST SPEED    33   HIGHEST GUST DIRECTION    NW (310)
  AVERAGE WIND SPEED    12.9


SKY COVER
  AVERAGE SKY COVER 0.0


WEATHER CONDITIONS
 THE FOLLOWING WEATHER WAS RECORDED TODAY.
  NO SIGNIFICANT WEATHER WAS OBSERVED.


RELATIVE HUMIDITY (PERCENT)
 HIGHEST    86           500 AM
 LOWEST     16           300 PM
 AVERAGE    51

..........................................................


THE ALLIANCE NE AIRPORT CLIMATE NORMALS FOR TOMORROW
                         NORMAL    RECORD    YEAR
 MAXIMUM TEMPERATURE (F)   89       102      2006
                                             1980
                                             1933
 MINIMUM TEMPERATURE (F)   57        44      1971


SUNRISE AND SUNSET
JULY 28 2015..........SUNRISE   540 AM MDT   SUNSET   814 PM MDT
JULY 29 2015..........SUNRISE   541 AM MDT   SUNSET   813 PM MDT


-  INDICATES NEGATIVE NUMBERS.
R  INDICATES RECORD WAS SET OR TIED.
MM INDICATES DATA IS MISSING.
T  INDICATES TRACE AMOUNT.




$$
