000
CDAK48 PAKN 231303
CLIAKN


CLIMATE REPORT
NATIONAL WEATHER SERVICE ANCHORAGE, AK
503 AM AKDT THU MAR 23 2017


...................................

...THE KING SALMON CLIMATE SUMMARY FOR MARCH 22 2017...

CLIMATE NORMAL PERIOD 1981 TO 2010
CLIMATE RECORD PERIOD 1917 TO 2017


WEATHER ITEM   OBSERVED TIME   RECORD YEAR NORMAL DEPARTURE LAST
                VALUE   (LST)  VALUE       VALUE  FROM      YEAR
                                                  NORMAL
..................................................................
TEMPERATURE (F)
 YESTERDAY
  MAXIMUM         25    645 PM  54    1965  34     -9       50
  MINIMUM          1    720 AM -25    1975  17    -16       35
  AVERAGE         13                        25    -12       43

PRECIPITATION (IN)
  YESTERDAY        0.00          0.47 1933   0.02  -0.02     0.00
  MONTH TO DATE    0.00                      0.50  -0.50     0.31
  SINCE MAR 1      0.00                      0.50  -0.50     0.31
  SINCE JAN 1      1.20                      2.28  -1.08     1.75

SNOWFALL (IN)
  YESTERDAY        0.0          MM      MM   0.2   -0.2      0.0
  MONTH TO DATE    0.0                       4.7   -4.7      0.0
  SINCE MAR 1      0.0                       4.7   -4.7      0.0
  SINCE JUL 1     22.7                      40.2  -17.5     13.1
  SNOW DEPTH       T

DEGREE DAYS
 HEATING
  YESTERDAY       52                        40     12       22
  MONTH TO DATE 1210                       921    289      719
  SINCE MAR 1   1210                       921    289      719
  SINCE JUL 1   8343                      8541   -198     6410

 COOLING
  YESTERDAY        0                         0      0        0
  MONTH TO DATE    0                         0      0        0
  SINCE MAR 1      0                         0      0        0
  SINCE JAN 1      0                         0      0        0
..................................................................


WIND (MPH)
  RESULTANT WIND SPEED  10   RESULTANT WIND DIRECTION   N (360)
  HIGHEST WIND SPEED    22   HIGHEST WIND DIRECTION     N (360)
  HIGHEST GUST SPEED    27   HIGHEST GUST DIRECTION     N (360)
  AVERAGE WIND SPEED    10.0



WEATHER CONDITIONS
 THE FOLLOWING WEATHER WAS RECORDED YESTERDAY.
  NO SIGNIFICANT WEATHER WAS OBSERVED.


RELATIVE HUMIDITY (PERCENT)
 HIGHEST    87
 LOWEST     42
 AVERAGE    65

..........................................................


THE KING SALMON CLIMATE NORMALS FOR TODAY
                         NORMAL    RECORD    YEAR
 MAXIMUM TEMPERATURE (F)   34        51      2015
 MINIMUM TEMPERATURE (F)   17       -30      1975


SUNRISE AND SUNSET
MARCH 23 2017.........SUNRISE   818 AM AKDT  SUNSET   849 PM AKDT
MARCH 24 2017.........SUNRISE   815 AM AKDT  SUNSET   851 PM AKDT


-  INDICATES NEGATIVE NUMBERS.
R  INDICATES RECORD WAS SET OR TIED.
MM INDICATES DATA IS MISSING.
T  INDICATES TRACE AMOUNT.




$$
