000
CDAK48 PAKN 201200
CLIAKN

CLIMATE REPORT
NATIONAL WEATHER SERVICE KING SALMON, AK
400 AM AKDT SAT SEP 20 2014

...................................
...THE KING SALMON AP CLIMATE SUMMARY FOR SEPTEMBER 19 2014...

CLIMATE NORMAL PERIOD  1981 TO  2010
CLIMATE RECORD PERIOD  1917 TO  2013

WEATHER ITEM   OBSERVED TIME    RECORD YEAR NORMAL DEPARTURE LAST
               VALUE    (LST)   VALUE       VALUE  FROM      YEAR
                                                   NORMAL
...................................................................
TEMPERATURE
YESTERDAY
 MAXIMUM            61  0525 PM    66  1944     55       6     50
 MINIMUM            42  0805 AM    23  2003     39       3     28
 AVERAGE            52                          47       5     39

PRECIPITATION
(INCHES)
 YESTERDAY           T           1.24  1989   0.10   -0.10   0.00
 MONTH TO DATE    3.06                        2.06    1.00   1.02
 SINCE SEP 1      3.06                        2.06    1.00   1.02
 SINCE JAN 1     17.33                       13.66    3.67  15.11

SNOWFALL
(INCHES)
 YESTERDAY         0.0              T  2005    0.0     0.0    0.0
 MONTH TO DATE     0.0                         0.0     0.0    0.0
 SINCE SEP 1       0.0                         0.0     0.0    0.0
 SINCE JUL 1       0.0                         0.0     0.0    0.0
 SNOW DEPTH (IN)     0                                          0

DEGREE DAYS
 HEATING
  YESTERDAY         13                          18      -5     26
  MONTH TO DATE    182                         289    -107    266
  SINCE SEP 1      182                         289    -107    266
  SINCE JUL 1      656                         901    -245    769

 COOLING
  YESTERDAY          0                           0       0      0
  MONTH TO DATE      0                           0       0      0
  SINCE SEP 1        0                           0       0      0
  SINCE JAN 1        0                           0       0      4
...................................................................

WIND (MPH)
 HIGHEST WIND SPEED    15     HIGHEST WIND DIRECTION    340
 HIGHEST GUST SPEED    23     HIGHEST GUST DIRECTION    340
 AVERAGE WIND SPEED   3.4

SKY COVER
  POSSIBLE SUNSHINE    MM          AVERAGE SKY COVER     MM

WEATHER CONDITIONS
 THE FOLLOWING WEATHER WAS RECORDED YESTERDAY.
  FOG
  RAIN


RELATIVE HUMIDITY
 HIGHEST RH     MM PERCENT       MM
 LOWEST  RH     MM PERCENT       MM
 AVERAGE RH     MM PERCENT       MM
...................................................................

THE KING SALMON CLIMATE NORMALS FOR TODAY
                           NORMAL    RECORD   YEAR
 MAXIMUM TEMPERATURE (F)     54        64     1995
 MINIMUM TEMPERATURE (F)     38        21     1984

SUNRISE AND SUNSET
 SEP 20 2014..........SUNRISE  8:08 AM      SUNSET  8:32 PM
 SEP 21 2014..........SUNRISE  8:10 AM      SUNSET  8:29 PM

-  INDICATES NEGATIVE NUMBERS.
R  INDICATES RECORD HAS BEEN SET OR TIED.
MM INDICATES DATA IS MISSING.
T  INDICATES TRACE OF PRECIPITATION.

&&
-------------------------------------------------------------------

AMOUNT OF DAYLIGHT TODAY  (HOUR:MIN)........12 HOURS 24 MINUTES
LOSS SINCE YESTERDAY (HOUR:MIN:SEC).........-0:05:06

$$

DT SEP 14
