359
CDAK48 PAFC 081306 RRA
CLIAKN

CLIMATE REPORT
NATIONAL WEATHER SERVICE ANCHORAGE, AK
405 AM AKST THU DEC 8 2016


...................................

...THE KING SALMON CLIMATE SUMMARY FOR DECEMBER 7 2016...

CLIMATE NORMAL PERIOD 1981 TO 2010
CLIMATE RECORD PERIOD 1917 TO 2016


WEATHER ITEM   OBSERVED TIME   RECORD YEAR NORMAL DEPARTURE LAST
                VALUE   (LST)  VALUE       VALUE  FROM      YEAR
                                                  NORMAL
..................................................................
TEMPERATURE (F)
 YESTERDAY
  MAXIMUM         11   1205 AM  47    2014  27    -16       38
  MINIMUM         -2   1019 AM -31    1975  12    -14       27
  AVERAGE          5                        20    -15       33

PRECIPITATION (IN)
  YESTERDAY        T             0.50 2007   0.05  -0.05    MM
  MONTH TO DATE    0.30                      0.32  -0.02     0.06
  SINCE DEC 1      0.30                      0.32  -0.02     0.06
  SINCE JAN 1     25.16                     18.58   6.58    22.40

SNOWFALL (IN)
  YESTERDAY        T             5.2  1980   0.4   -0.4     MM
  MONTH TO DATE    3.1                       2.5    0.6     MM
  SINCE DEC 1      3.1                       2.5    0.6     MM
  SINCE JUL 1      7.7                      12.3   -4.6     13.1
  SNOW DEPTH       5

DEGREE DAYS
 HEATING
  YESTERDAY       60                        45     15       32
  MONTH TO DATE  446                       315    131      321
  SINCE DEC 1    446                       315    131      321
  SINCE JUL 1   3172                      3692   -520     2918

 COOLING
  YESTERDAY        0                         0      0        0
  MONTH TO DATE    0                         0      0        0
  SINCE DEC 1      0                         0      0        0
  SINCE JAN 1      0                         1     -1        2
..................................................................


WIND (MPH)
  RESULTANT WIND SPEED  17   RESULTANT WIND DIRECTION   N (360)
  HIGHEST WIND SPEED    23   HIGHEST WIND DIRECTION     N (350)
  HIGHEST GUST SPEED    30   HIGHEST GUST DIRECTION     N (350)
  AVERAGE WIND SPEED    16.6



WEATHER CONDITIONS
 THE FOLLOWING WEATHER WAS RECORDED YESTERDAY.
  LIGHT SNOW
  HAZE


RELATIVE HUMIDITY (PERCENT)
 HIGHEST    80
 LOWEST     65
 AVERAGE    73

..........................................................


THE KING SALMON CLIMATE NORMALS FOR TODAY
                         NORMAL    RECORD    YEAR
 MAXIMUM TEMPERATURE (F)   27        48      1932
 MINIMUM TEMPERATURE (F)   12       -35      1975


SUNRISE AND SUNSET
DECEMBER  8 2016......SUNRISE  1004 AM AKST  SUNSET   433 PM AKST
DECEMBER  9 2016......SUNRISE  1006 AM AKST  SUNSET   433 PM AKST

CIVIL TWILIGHT
DECEMBER 8 2016         START    912 AM GMT     END    526 PM GMT
DECEMBER 9 2016         START    913 AM GMT     END    526 PM GMT



-  INDICATES NEGATIVE NUMBERS.
R  INDICATES RECORD WAS SET OR TIED.
MM INDICATES DATA IS MISSING.
T  INDICATES TRACE AMOUNT.




$$
&&
------------------------------------------------------
AMOUNT OF DAYLIGHT TODAY  (HOUR:MIN)........ 6:29
GAIN/LOSS SINCE YESTERDAY (HOUR:MIN:SEC)....-0:02:03

$$
