000
CDAK48 PAKN 021110
CLIAKN

CLIMATE REPORT
NATIONAL WEATHER SERVICE KING SALMON, AK
310 AM AKDT THU JUL 2 2015

...................................
...THE KING SALMON AP CLIMATE SUMMARY FOR JULY 1 2015...

CLIMATE NORMAL PERIOD  1981 TO  2010
CLIMATE RECORD PERIOD  1917 TO  2015

WEATHER ITEM   OBSERVED TIME    RECORD YEAR NORMAL DEPARTURE LAST
               VALUE    (LST)   VALUE       VALUE  FROM      YEAR
                                                   NORMAL
...................................................................
TEMPERATURE
YESTERDAY
 MAXIMUM            67  0547 PM    82  1962     63       4     70
 MINIMUM            47  0343 AM    33  1993     46       1     40
 AVERAGE            57                          55       2     55

PRECIPITATION
(INCHES)
 YESTERDAY           T           0.44  1947   0.06   -0.06   0.00
 MONTH TO DATE       T                        0.06   -0.06   0.00
 SINCE JUN 1      0.84                        1.71   -0.87   3.25
 SINCE JAN 1      8.08                        6.41    1.67   8.38

SNOWFALL
(INCHES)
 YESTERDAY         0.0            0.0  2015    0.0     0.0    0.0
 MONTH TO DATE     0.0                         0.0     0.0    0.0
 SINCE JUN 1       0.0                         0.0     0.0    0.0
 SINCE JUL 1       0.0                         0.0     0.0    0.0
 SNOW DEPTH (IN)     0                                          0

DEGREE DAYS
 HEATING
  YESTERDAY          8                          11      -3     10
  MONTH TO DATE      8                          11      -3     10
  SINCE JUN 1      257                         418    -161    441
  SINCE JUL 1        8                          11      -3     10

 COOLING
  YESTERDAY          0                           0       0      0
  MONTH TO DATE      0                           0       0      0
  SINCE JUN 1        2                           0       2      0
  SINCE JAN 1        2                           0       2      0
...................................................................

WIND (MPH)
 HIGHEST WIND SPEED    16     HIGHEST WIND DIRECTION    280
 HIGHEST GUST SPEED    20     HIGHEST GUST DIRECTION    270
 AVERAGE WIND SPEED   6.1

SKY COVER
  POSSIBLE SUNSHINE    MM          AVERAGE SKY COVER     MM

WEATHER CONDITIONS
 THE FOLLOWING WEATHER WAS RECORDED YESTERDAY.
  RAIN


RELATIVE HUMIDITY
 HIGHEST RH     MM PERCENT       MM
 LOWEST  RH     MM PERCENT       MM
 AVERAGE RH     MM PERCENT       MM
...................................................................

THE KING SALMON CLIMATE NORMALS FOR TODAY
                           NORMAL    RECORD   YEAR
 MAXIMUM TEMPERATURE (F)     63        80     1953
 MINIMUM TEMPERATURE (F)     46        36     2009

SUNRISE AND SUNSET
 JUL 2 2015..........SUNRISE  5:24 AM      SUNSET 11:38 PM
 JUL 3 2015..........SUNRISE  5:25 AM      SUNSET 11:37 PM

-  INDICATES NEGATIVE NUMBERS.
R  INDICATES RECORD HAS BEEN SET OR TIED.
MM INDICATES DATA IS MISSING.
T  INDICATES TRACE OF PRECIPITATION.

&&
-------------------------------------------------------------------

AMOUNT OF DAYLIGHT TODAY  (HOUR:MIN)........18 HOURS 14 MINUTES
LOSS SINCE YESTERDAY (HOUR:MIN:SEC).........-0:01:40

$$
AM JUL 15
