000
CDAK48 PAKN 191209
CLIAKN

CLIMATE REPORT
NATIONAL WEATHER SERVICE KING SALMON, AK
309 AM AKST FRI DEC 19 2014

...................................
...THE KING SALMON AP CLIMATE SUMMARY FOR DECEMBER 18 2014...

CLIMATE NORMAL PERIOD  1981 TO  2010
CLIMATE RECORD PERIOD  1917 TO  2014

WEATHER ITEM   OBSERVED TIME    RECORD YEAR NORMAL DEPARTURE LAST
               VALUE    (LST)   VALUE       VALUE  FROM      YEAR
                                                   NORMAL
...................................................................
TEMPERATURE
YESTERDAY
 MAXIMUM            38  0555 PM    48  1998     26      12     33
 MINIMUM            27  1159 PM   -37  2001     11      16     -3
 AVERAGE            33                          18      15     15

PRECIPITATION
(INCHES)
 YESTERDAY        0.00           0.54  1965   0.04   -0.04   0.29
 MONTH TO DATE    0.50                        0.79   -0.29   0.49
 SINCE DEC 1      0.50                        0.79   -0.29   0.49
 SINCE JAN 1     20.95                       19.05    1.90  23.90

SNOWFALL
(INCHES)
 YESTERDAY         0.0            5.2  1965    0.3    -0.3    2.3
 MONTH TO DATE     1.0                         6.2    -5.2    2.7
 SINCE DEC 1       1.0                         6.2    -5.2    2.7
 SINCE JUL 1       4.5                        16.0   -11.5   14.3
 SNOW DEPTH (IN)     T                                          T

DEGREE DAYS
 HEATING
  YESTERDAY         32                          47     -15     50
  MONTH TO DATE    587                         822    -235    838
  SINCE DEC 1      587                         822    -235    835
  SINCE JUL 1     3338                        4197    -859   3739

 COOLING
  YESTERDAY          0                           0       0      0
  MONTH TO DATE      0                           0       0      0
  SINCE DEC 1        0                           0       0      0
  SINCE JAN 1        0                           0       0      4
...................................................................

WIND (MPH)
 HIGHEST WIND SPEED    16     HIGHEST WIND DIRECTION     50
 HIGHEST GUST SPEED    22     HIGHEST GUST DIRECTION     40
 AVERAGE WIND SPEED  10.4

SKY COVER
  POSSIBLE SUNSHINE    MM          AVERAGE SKY COVER     MM

WEATHER CONDITIONS
 THE FOLLOWING WEATHER WAS RECORDED YESTERDAY.
  NO SIGNIFICANT WEATHER WAS OBSERVED.

RELATIVE HUMIDITY
 HIGHEST RH     MM PERCENT       MM
 LOWEST  RH     MM PERCENT       MM
 AVERAGE RH     MM PERCENT       MM
...................................................................

THE KING SALMON CLIMATE NORMALS FOR TODAY
                           NORMAL    RECORD   YEAR
 MAXIMUM TEMPERATURE (F)     26        46     2000
 MINIMUM TEMPERATURE (F)     11       -38     2001

SUNRISE AND SUNSET
 DEC 19 2014..........SUNRISE 10:16 AM      SUNSET  4:33 PM
 DEC 20 2014..........SUNRISE 10:17 AM      SUNSET  4:33 PM

-  INDICATES NEGATIVE NUMBERS.
R  INDICATES RECORD HAS BEEN SET OR TIED.
MM INDICATES DATA IS MISSING.
T  INDICATES TRACE OF PRECIPITATION.

&&
-------------------------------------------------------------------

AMOUNT OF DAYLIGHT TODAY  (HOUR:MIN)........6 HOURS 17 MINUTES
LOSS SINCE YESTERDAY (HOUR:MIN:SEC).........-0:00:25

$$
AM DEC 14
