000
CDAK48 PAKN 290924
CLIAKN

CLIMATE REPORT
NATIONAL WEATHER SERVICE KING SALMON, AK
124 AM AKDT SUN MAR 29 2015

...................................
...THE KING SALMON AP CLIMATE SUMMARY FOR MARCH 28 2015...

CLIMATE NORMAL PERIOD  1981 TO  2010
CLIMATE RECORD PERIOD  1917 TO  2015

WEATHER ITEM   OBSERVED TIME    RECORD YEAR NORMAL DEPARTURE LAST
               VALUE    (LST)   VALUE       VALUE  FROM      YEAR
                                                   NORMAL
...................................................................
TEMPERATURE
YESTERDAY
 MAXIMUM            51  0317 PM    56  1934     36      15     41
 MINIMUM            33  0336 AM   -18  1953     18      15     10
 AVERAGE            42                          27      15     26

PRECIPITATION
(INCHES)
 YESTERDAY        0.00           0.57  1936   0.03   -0.03   0.00
 MONTH TO DATE    0.89                        0.63    0.26   0.76
 SINCE MAR 1      0.89                        0.63    0.26   0.76
 SINCE JAN 1      1.68                        2.41   -0.73   2.57

SNOWFALL
(INCHES)
 YESTERDAY         0.0            3.0  1938    0.1    -0.1    0.0
 MONTH TO DATE     0.3                         5.8    -5.5    8.8
 SINCE MAR 1       0.3                         5.8    -5.5    8.8
 SINCE JUL 1      14.0                        41.3   -27.3   35.5
 SNOW DEPTH (IN)     0                                          0

DEGREE DAYS
 HEATING
  YESTERDAY         23                          38     -15     39
  MONTH TO DATE    977                        1153    -176   1144
  SINCE MAR 1      977                        1153    -176   1144
  SINCE JUL 1     7174                        8771   -1597   7504

 COOLING
  YESTERDAY          0                           0       0      0
  MONTH TO DATE      0                           0       0      0
  SINCE MAR 1        0                           0       0      0
  SINCE JAN 1        0                           0       0      0
...................................................................

WIND (MPH)
 HIGHEST WIND SPEED    17     HIGHEST WIND DIRECTION     70
 HIGHEST GUST SPEED    23     HIGHEST GUST DIRECTION     60
 AVERAGE WIND SPEED  10.7

SKY COVER
  POSSIBLE SUNSHINE    MM          AVERAGE SKY COVER     MM

WEATHER CONDITIONS
 THE FOLLOWING WEATHER WAS RECORDED YESTERDAY.
  NO SIGNIFICANT WEATHER WAS OBSERVED.

RELATIVE HUMIDITY
 HIGHEST RH     MM PERCENT       MM
 LOWEST  RH     MM PERCENT       MM
 AVERAGE RH     MM PERCENT       MM
...................................................................

THE KING SALMON CLIMATE NORMALS FOR TODAY
                           NORMAL    RECORD   YEAR
 MAXIMUM TEMPERATURE (F)     36        51     1996
 MINIMUM TEMPERATURE (F)     19       -15     1972

SUNRISE AND SUNSET
 MAR 29 2015..........SUNRISE  8:03 AM      SUNSET  9:02 PM
 MAR 30 2015..........SUNRISE  8:00 AM      SUNSET  9:05 PM

-  INDICATES NEGATIVE NUMBERS.
R  INDICATES RECORD HAS BEEN SET OR TIED.
MM INDICATES DATA IS MISSING.
T  INDICATES TRACE OF PRECIPITATION.

&&
-------------------------------------------------------------------

AMOUNT OF DAYLIGHT TODAY  (HOUR:MIN)........12 HOURS 59 MINUTES
GAIN/LOSS SINCE YESTERDAY (HOUR:MIN:SEC)....+0:05:11

$$
FS MAR 15
