000
CDAK48 PAKN 241257
CLIAKN


CLIMATE REPORT
NATIONAL WEATHER SERVICE ANCHORAGE, AK
456 AM AKDT SAT JUN 24 2017


...................................

...THE KING SALMON CLIMATE SUMMARY FOR JUNE 23 2017...

CLIMATE NORMAL PERIOD 1981 TO 2010
CLIMATE RECORD PERIOD 1917 TO 2017


WEATHER ITEM   OBSERVED TIME   RECORD YEAR NORMAL DEPARTURE LAST
                VALUE   (LST)  VALUE       VALUE  FROM      YEAR
                                                  NORMAL
..................................................................
TEMPERATURE (F)
 YESTERDAY
  MAXIMUM         66        MM  79    1936  62      4       58
  MINIMUM         48        MM  35    2011  44      4       50
  AVERAGE         57                        53      4       54

PRECIPITATION (IN)
  YESTERDAY        0.00          0.90 2007   0.05  -0.05     0.04
  MONTH TO DATE    1.85                      1.23   0.62     2.27
  SINCE JUN 1      1.85                      1.23   0.62     2.27
  SINCE JAN 1      4.92                      5.93  -1.01     9.68

SNOWFALL (IN)
  YESTERDAY        0.0          MM      MM   0.0    0.0      0.0
  MONTH TO DATE    0.0                       0.0    0.0      0.0
  SINCE JUN 1      0.0                       0.0    0.0      0.0
  SINCE JUL 1     26.0                      46.6  -20.6     13.1
  SNOW DEPTH       0

DEGREE DAYS
 HEATING
  YESTERDAY        8                        12     -4       11
  MONTH TO DATE  260                       328    -68      214
  SINCE JUN 1    260                       328    -68      214
  SINCE JUL 1  10401                     10799   -398     7953

 COOLING
  YESTERDAY        0                         0      0        0
  MONTH TO DATE    0                         0      0        0
  SINCE JUN 1      0                         0      0        0
  SINCE JAN 1      0                         0      0        0
..................................................................


WIND (MPH)
  RESULTANT WIND SPEED   3   RESULTANT WIND DIRECTION   W (250)
  HIGHEST WIND SPEED    14   HIGHEST WIND DIRECTION     W (290)
  HIGHEST GUST SPEED    MM   HIGHEST GUST DIRECTION    MM
  AVERAGE WIND SPEED     5.4



WEATHER CONDITIONS
 THE FOLLOWING WEATHER WAS RECORDED YESTERDAY.
  NO SIGNIFICANT WEATHER WAS OBSERVED.


RELATIVE HUMIDITY (PERCENT)
 HIGHEST    93
 LOWEST     56
 AVERAGE    75

..........................................................


THE KING SALMON CLIMATE NORMALS FOR TODAY
                         NORMAL    RECORD    YEAR
 MAXIMUM TEMPERATURE (F)   63        80      1953
 MINIMUM TEMPERATURE (F)   44        34      2006


SUNRISE AND SUNSET
JUNE 24 2017..........SUNRISE   518 AM AKDT  SUNSET  1140 PM AKDT
JUNE 25 2017..........SUNRISE   518 AM AKDT  SUNSET  1140 PM AKDT


-  INDICATES NEGATIVE NUMBERS.
R  INDICATES RECORD WAS SET OR TIED.
MM INDICATES DATA IS MISSING.
T  INDICATES TRACE AMOUNT.




$$
