000
CDAK48 PAKN 021110
CLIAKN

CLIMATE REPORT
NATIONAL WEATHER SERVICE KING SALMON, AK
310 AM AKDT WED SEP 2 2015

...................................
...THE KING SALMON AP CLIMATE SUMMARY FOR SEPTEMBER 1 2015...

CLIMATE NORMAL PERIOD  1981 TO  2010
CLIMATE RECORD PERIOD  1917 TO  2015

WEATHER ITEM   OBSERVED TIME    RECORD YEAR NORMAL DEPARTURE LAST
               VALUE    (LST)   VALUE       VALUE  FROM      YEAR
                                                   NORMAL
...................................................................
TEMPERATURE
YESTERDAY
 MAXIMUM            66  0440 PM    72  1942     60       6     60
 MINIMUM            26R 0531 AM    28  1980     45     -19     31
 AVERAGE            46                          53      -7     46

PRECIPITATION
(INCHES)
 YESTERDAY        0.00           1.67  1960   0.11   -0.11   0.01
 MONTH TO DATE    0.00                        0.11   -0.11   0.01
 SINCE SEP 1      0.00                        0.11   -0.11   0.01
 SINCE JAN 1     12.95                       11.71    1.24  14.28

SNOWFALL
(INCHES)
 YESTERDAY         0.0            0.0  2015    0.0     0.0    0.0
 MONTH TO DATE     0.0                         0.0     0.0    0.0
 SINCE SEP 1       0.0                         0.0     0.0    0.0
 SINCE JUL 1       0.0                         0.0     0.0    0.0
 SNOW DEPTH (IN)     0                                          0

DEGREE DAYS
 HEATING
  YESTERDAY         19                          13       6     19
  MONTH TO DATE     19                          13       6     19
  SINCE SEP 1       19                          13       6     19
  SINCE JUL 1      543                         625     -82    493

 COOLING
  YESTERDAY          0                           0       0      0
  MONTH TO DATE      0                           0       0      0
  SINCE SEP 1        0                           0       0      0
  SINCE JAN 1        2                           0       2      0
...................................................................

WIND (MPH)
 HIGHEST WIND SPEED    14     HIGHEST WIND DIRECTION    340
 HIGHEST GUST SPEED    19     HIGHEST GUST DIRECTION    350
 AVERAGE WIND SPEED   6.2

SKY COVER
  POSSIBLE SUNSHINE    MM          AVERAGE SKY COVER     MM

WEATHER CONDITIONS
 THE FOLLOWING WEATHER WAS RECORDED YESTERDAY.
  NO SIGNIFICANT WEATHER WAS OBSERVED.

RELATIVE HUMIDITY
 HIGHEST RH     MM PERCENT       MM
 LOWEST  RH     MM PERCENT       MM
 AVERAGE RH     MM PERCENT       MM
...................................................................

THE KING SALMON CLIMATE NORMALS FOR TODAY
                           NORMAL    RECORD   YEAR
 MAXIMUM TEMPERATURE (F)     60        75     1933
 MINIMUM TEMPERATURE (F)     44        25     1980

SUNRISE AND SUNSET
 SEP 2 2015..........SUNRISE  7:28 AM      SUNSET  9:24 PM
 SEP 3 2015..........SUNRISE  7:30 AM      SUNSET  9:22 PM

-  INDICATES NEGATIVE NUMBERS.
R  INDICATES RECORD HAS BEEN SET OR TIED.
MM INDICATES DATA IS MISSING.
T  INDICATES TRACE OF PRECIPITATION.

&&
-------------------------------------------------------------------

AMOUNT OF DAYLIGHT TODAY  (HOUR:MIN)........13 HOURS 56 MINUTES
LOSS SINCE YESTERDAY (HOUR:MIN:SEC).........-0:05:04

$$
AM SEP 15
