000
CDAK48 PAFC 171251
CLIAKN


CLIMATE REPORT
NATIONAL WEATHER SERVICE ANCHORAGE, AK
351 AM AKST WED JAN 17 2018


...................................

...THE KING SALMON CLIMATE SUMMARY FOR JANUARY 16 2018...

CLIMATE NORMAL PERIOD 1981 TO 2010
CLIMATE RECORD PERIOD 1917 TO 2018


WEATHER ITEM   OBSERVED TIME   RECORD YEAR NORMAL DEPARTURE LAST
                VALUE   (LST)  VALUE       VALUE  FROM      YEAR
                                                  NORMAL
..................................................................
TEMPERATURE (F)
 YESTERDAY
  MAXIMUM         31        MM  48    1963  23      8        1
  MINIMUM         22        MM -30    1925   9     13      -15
  AVERAGE         27                        16     11       -7

PRECIPITATION (IN)
  YESTERDAY        0.06          0.37 1998   0.03   0.03     0.00
  MONTH TO DATE    1.01                      0.51   0.50     0.01
  SINCE SEP 1     11.31                      8.40   2.91     7.99
  SINCE JAN 1      1.01                      0.51   0.50     0.01

SNOWFALL (IN)
  YESTERDAY        0.3          MM      MM   0.4   -0.1      0.0
  MONTH TO DATE    0.4                       5.0   -4.6      0.5
  SINCE SEP 1      8.5                      24.3  -15.8     10.6
  SINCE JUL 1      8.5                      24.3  -15.8     10.6
  SNOW DEPTH       T

DEGREE DAYS
 HEATING
  YESTERDAY       38                        49    -11       72
  MONTH TO DATE  531                       780   -249      847
  SINCE DEC 1   1586                      2218   -632     2269
  SINCE JUL 1   4522                      5595  -1073     4995

 COOLING
  YESTERDAY        0                         0      0        0
  MONTH TO DATE    0                         0      0        0
  SINCE DEC 1      0                         0      0        0
  SINCE JAN 1      0                         0      0        0
..................................................................


WIND (MPH)
  RESULTANT WIND SPEED  10   RESULTANT WIND DIRECTION   N (350)
  HIGHEST WIND SPEED    14   HIGHEST WIND DIRECTION     N (360)
  HIGHEST GUST SPEED    MM   HIGHEST GUST DIRECTION    MM
  AVERAGE WIND SPEED    10.0



WEATHER CONDITIONS
 THE FOLLOWING WEATHER WAS RECORDED YESTERDAY.
  SNOW
  LIGHT SNOW
  FOG


RELATIVE HUMIDITY (PERCENT)
 HIGHEST   100
 LOWEST     85
 AVERAGE    93

..........................................................


THE KING SALMON CLIMATE NORMALS FOR TODAY
                         NORMAL    RECORD    YEAR
 MAXIMUM TEMPERATURE (F)   23        47      1963
 MINIMUM TEMPERATURE (F)    9       -34      1925


SUNRISE AND SUNSET
JANUARY 17 2018.......SUNRISE  1001 AM AKST  SUNSET   513 PM AKST
JANUARY 18 2018.......SUNRISE  1000 AM AKST  SUNSET   515 PM AKST


-  INDICATES NEGATIVE NUMBERS.
R  INDICATES RECORD WAS SET OR TIED.
MM INDICATES DATA IS MISSING.
T  INDICATES TRACE AMOUNT.




$$
