000
CDAK48 PAKN 241304
CLIAKN


CLIMATE REPORT
NATIONAL WEATHER SERVICE ANCHORAGE, AK
504 AM AKDT WED MAY 24 2017


...................................

...THE KING SALMON CLIMATE SUMMARY FOR MAY 23 2017...

CLIMATE NORMAL PERIOD 1981 TO 2010
CLIMATE RECORD PERIOD 1917 TO 2017


WEATHER ITEM   OBSERVED TIME   RECORD YEAR NORMAL DEPARTURE LAST
                VALUE   (LST)  VALUE       VALUE  FROM      YEAR
                                                  NORMAL
..................................................................
TEMPERATURE (F)
 YESTERDAY
  MAXIMUM         50    522 PM  74    2006  56     -6       50
  MINIMUM         39    530 AM  25    1964  36      3       37
  AVERAGE         45                        46     -1       44

PRECIPITATION (IN)
  YESTERDAY        0.19          0.40 1987   0.05   0.14      T
  MONTH TO DATE    0.65                      0.89  -0.24     3.05
  SINCE MAR 1      1.45                      2.56  -1.11     5.85
  SINCE JAN 1      2.65                      4.34  -1.69     7.29

SNOWFALL (IN)
  YESTERDAY        0.0          MM      MM   0.0    0.0     MM
  MONTH TO DATE    0.0                       0.7   -0.7      0.0
  SINCE MAR 1      3.3                      11.0   -7.7      0.0
  SINCE JUL 1     26.0                      46.5  -20.5     13.1
  SNOW DEPTH       0

DEGREE DAYS
 HEATING
  YESTERDAY       20                        19      1       21
  MONTH TO DATE  453                       503    -50      354
  SINCE MAR 1   2852                      2708    144     1950
  SINCE JUL 1   9985                     10328   -343     7641

 COOLING
  YESTERDAY        0                         0      0        0
  MONTH TO DATE    0                         0      0        0
  SINCE MAR 1      0                         0      0        0
  SINCE JAN 1      0                         0      0        0
..................................................................


WIND (MPH)
  RESULTANT WIND SPEED  13   RESULTANT WIND DIRECTION   S (160)
  HIGHEST WIND SPEED    23   HIGHEST WIND DIRECTION     S (160)
  HIGHEST GUST SPEED    27   HIGHEST GUST DIRECTION     S (160)
  AVERAGE WIND SPEED    13.4



WEATHER CONDITIONS
 THE FOLLOWING WEATHER WAS RECORDED YESTERDAY.
  LIGHT RAIN
  FOG


RELATIVE HUMIDITY (PERCENT)
 HIGHEST   100
 LOWEST     61
 AVERAGE    81

..........................................................


THE KING SALMON CLIMATE NORMALS FOR TODAY
                         NORMAL    RECORD    YEAR
 MAXIMUM TEMPERATURE (F)   56        78      2006
 MINIMUM TEMPERATURE (F)   36        22      1938


SUNRISE AND SUNSET
MAY 24 2017...........SUNRISE   539 AM AKDT  SUNSET  1109 PM AKDT
MAY 25 2017...........SUNRISE   538 AM AKDT  SUNSET  1111 PM AKDT


-  INDICATES NEGATIVE NUMBERS.
R  INDICATES RECORD WAS SET OR TIED.
MM INDICATES DATA IS MISSING.
T  INDICATES TRACE AMOUNT.




$$
