949
CDUS45 KBOU 170725
CLIAKO


CLIMATE REPORT
NATIONAL WEATHER SERVICE DENVER/BOULDER CO
1225 AM MST TUE JAN 17 2017


...................................

...THE AKRON CO CLIMATE SUMMARY FOR JANUARY 16 2017...

CLIMATE NORMAL PERIOD 1981 TO 2010
CLIMATE RECORD PERIOD 9999 TO 9999


WEATHER ITEM   OBSERVED TIME   RECORD YEAR NORMAL DEPARTURE LAST
                VALUE   (LST)  VALUE       VALUE  FROM      YEAR
                                                  NORMAL
..................................................................
TEMPERATURE (F)
 YESTERDAY
  MAXIMUM         34    404 PM  64    1951  40     -6
  MINIMUM         19   1159 PM -10    1957  17      2
  AVERAGE         27                        29     -2

PRECIPITATION (IN)
  YESTERDAY        0.10          0.24 1956   0.01   0.09     0.00
  MONTH TO DATE    0.11                      0.13  -0.02      T
  SINCE DEC 1      0.25                      0.53  -0.28     0.02
  SINCE JAN 1      0.11                      0.13  -0.02      T

DEGREE DAYS
 HEATING
  YESTERDAY       38
  MONTH TO DATE  693

 COOLING
  YESTERDAY        0
  MONTH TO DATE    0
..................................................................


WIND (MPH)
  HIGHEST WIND SPEED    25   HIGHEST WIND DIRECTION     N (350)
  HIGHEST GUST SPEED    31   HIGHEST GUST DIRECTION     N (350)




RELATIVE HUMIDITY (PERCENT)
 HIGHEST    92
 LOWEST     56
 AVERAGE    74

..........................................................


THE AKRON CO CLIMATE NORMALS FOR TODAY
                         NORMAL    RECORD    YEAR
 MAXIMUM TEMPERATURE (F)   40        63      1950
 MINIMUM TEMPERATURE (F)   17       -14      1984


SUNRISE AND SUNSET
JANUARY 17 2017.......SUNRISE   712 AM MST   SUNSET   454 PM MST
JANUARY 18 2017.......SUNRISE   712 AM MST   SUNSET   455 PM MST


-  INDICATES NEGATIVE NUMBERS.
R  INDICATES RECORD WAS SET OR TIED.
MM INDICATES DATA IS MISSING.
T  INDICATES TRACE AMOUNT.




$$
