000
CDUS45 KBOU 280725
CLIAKO


CLIMATE REPORT
NATIONAL WEATHER SERVICE DENVER/BOULDER CO
125 AM MDT WED JUN 28 2017


...................................

...THE AKRON CO CLIMATE SUMMARY FOR JUNE 27 2017...

CLIMATE NORMAL PERIOD 1981 TO 2010
CLIMATE RECORD PERIOD 9999 TO 9999


WEATHER ITEM   OBSERVED TIME   RECORD YEAR NORMAL DEPARTURE LAST
                VALUE   (LST)  VALUE       VALUE  FROM      YEAR
                                                  NORMAL
..................................................................
TEMPERATURE (F)
 YESTERDAY
  MAXIMUM         99    221 PM 103    1990  86     13
  MINIMUM         58   1157 PM  39    1985  57      1
  AVERAGE         79                        71      8

PRECIPITATION (IN)
  YESTERDAY        T             1.11 1948   0.07  -0.07     0.41
  MONTH TO DATE    0.60                      2.26  -1.66     3.12
  SINCE JUN 1      0.60                      2.26  -1.66     3.12
  SINCE JAN 1      7.25                      8.44  -1.19     9.63

DEGREE DAYS
 HEATING
  YESTERDAY        0
  MONTH TO DATE   15

 COOLING
  YESTERDAY       14
  MONTH TO DATE  141
..................................................................


WIND (MPH)
  HIGHEST WIND SPEED    33   HIGHEST WIND DIRECTION     S (170)
  HIGHEST GUST SPEED    44   HIGHEST GUST DIRECTION     S (180)




RELATIVE HUMIDITY (PERCENT)
 HIGHEST    90
 LOWEST      9
 AVERAGE    50

..........................................................


THE AKRON CO CLIMATE NORMALS FOR TODAY
                         NORMAL    RECORD    YEAR
 MAXIMUM TEMPERATURE (F)   86       101      1963
 MINIMUM TEMPERATURE (F)   57        46      1999


SUNRISE AND SUNSET
JUNE 28 2017..........SUNRISE   526 AM MDT   SUNSET   826 PM MDT
JUNE 29 2017..........SUNRISE   526 AM MDT   SUNSET   826 PM MDT


-  INDICATES NEGATIVE NUMBERS.
R  INDICATES RECORD WAS SET OR TIED.
MM INDICATES DATA IS MISSING.
T  INDICATES TRACE AMOUNT.




$$
