116
CDUS45 KBOU 020725
CLIAKO


CLIMATE REPORT
NATIONAL WEATHER SERVICE DENVER/BOULDER CO
125 AM MDT MON MAY 2 2016


...................................

...THE AKRON CO CLIMATE SUMMARY FOR MAY 1 2016...

CLIMATE NORMAL PERIOD 1981 TO 2010
CLIMATE RECORD PERIOD 9999 TO 9999


WEATHER ITEM   OBSERVED TIME   RECORD YEAR NORMAL DEPARTURE LAST
                VALUE   (LST)  VALUE       VALUE  FROM      YEAR
                                                  NORMAL
..................................................................
TEMPERATURE (F)
 YESTERDAY
  MAXIMUM         41    448 PM  89    1959  66    -25
  MINIMUM         29   1114 PM  21    1972  39    -10
  AVERAGE         35                        52    -17

PRECIPITATION (IN)
  YESTERDAY        0.02          1.53 1977   0.08  -0.06     0.04
  MONTH TO DATE    0.02                      0.08  -0.06     0.04
  SINCE MAR 1      3.30                      2.60   0.70     1.75
  SINCE JAN 1      3.41                      3.34   0.07     2.03

DEGREE DAYS
 HEATING
  YESTERDAY       30
  MONTH TO DATE   30

 COOLING
  YESTERDAY        0
  MONTH TO DATE    0
..................................................................


WIND (MPH)
  HIGHEST WIND SPEED    26   HIGHEST WIND DIRECTION     N (360)
  HIGHEST GUST SPEED    33   HIGHEST GUST DIRECTION     N (350)




RELATIVE HUMIDITY (PERCENT)
 HIGHEST    96
 LOWEST     64
 AVERAGE    80

..........................................................


THE AKRON CO CLIMATE NORMALS FOR TODAY
                         NORMAL    RECORD    YEAR
 MAXIMUM TEMPERATURE (F)   66        84      1981
 MINIMUM TEMPERATURE (F)   39        19      1954


SUNRISE AND SUNSET
MAY  2 2016...........SUNRISE   551 AM MDT   SUNSET   749 PM MDT
MAY  3 2016...........SUNRISE   549 AM MDT   SUNSET   750 PM MDT


-  INDICATES NEGATIVE NUMBERS.
R  INDICATES RECORD WAS SET OR TIED.
MM INDICATES DATA IS MISSING.
T  INDICATES TRACE AMOUNT.




$$
