000
CDUS45 KBOU 300725
CLIAKO


CLIMATE REPORT
NATIONAL WEATHER SERVICE DENVER/BOULDER CO
125 AM MDT SUN APR 30 2017


...................................

...THE AKRON CO CLIMATE SUMMARY FOR APRIL 29 2017...

CLIMATE NORMAL PERIOD 1981 TO 2010
CLIMATE RECORD PERIOD 9999 TO 9999


WEATHER ITEM   OBSERVED TIME   RECORD YEAR NORMAL DEPARTURE LAST
                VALUE   (LST)  VALUE       VALUE  FROM      YEAR
                                                  NORMAL
..................................................................
TEMPERATURE (F)
 YESTERDAY
  MAXIMUM         39    436 PM  84    1987  65    -26
  MINIMUM         31    800 AM  21    1950  38     -7
  AVERAGE         35                        52    -17

PRECIPITATION (IN)
  YESTERDAY        0.01          0.65 1953   0.07  -0.06     0.58
  MONTH TO DATE    2.16                      1.57   0.59     2.10
  SINCE MAR 1      3.72                      2.44   1.28     2.40
  SINCE JAN 1      3.83                      3.18   0.65     2.51

DEGREE DAYS
 HEATING
  YESTERDAY       30
  MONTH TO DATE  459

 COOLING
  YESTERDAY        0
  MONTH TO DATE    0
..................................................................


WIND (MPH)
  HIGHEST WIND SPEED    31   HIGHEST WIND DIRECTION    NE (30)
  HIGHEST GUST SPEED    41   HIGHEST GUST DIRECTION     N (10)




RELATIVE HUMIDITY (PERCENT)
 HIGHEST    92
 LOWEST     44
 AVERAGE    68

..........................................................


THE AKRON CO CLIMATE NORMALS FOR TODAY
                         NORMAL    RECORD    YEAR
 MAXIMUM TEMPERATURE (F)   66        91      1992
 MINIMUM TEMPERATURE (F)   38        19      1950


SUNRISE AND SUNSET
APRIL 30 2017.........SUNRISE   553 AM MDT   SUNSET   747 PM MDT
MAY  1 2017...........SUNRISE   552 AM MDT   SUNSET   748 PM MDT


-  INDICATES NEGATIVE NUMBERS.
R  INDICATES RECORD WAS SET OR TIED.
MM INDICATES DATA IS MISSING.
T  INDICATES TRACE AMOUNT.




$$
