000
CDUS45 KBOU 170737
CLIAKO


CLIMATE REPORT
NATIONAL WEATHER SERVICE DENVER/BOULDER CO
1235 AM MST WED JAN 17 2018


...................................

...THE AKRON CO CLIMATE SUMMARY FOR JANUARY 16 2018...

CLIMATE NORMAL PERIOD 1981 TO 2010
CLIMATE RECORD PERIOD 9999 TO 9999


WEATHER ITEM   OBSERVED TIME   RECORD YEAR NORMAL DEPARTURE LAST
                VALUE   (LST)  VALUE       VALUE  FROM      YEAR
                                                  NORMAL
..................................................................
TEMPERATURE (F)
 YESTERDAY
  MAXIMUM         27    407 PM  64    1951  40    -13
  MINIMUM         -9    432 AM -10    1957  17    -26
  AVERAGE          9                        29    -20

PRECIPITATION (IN)
  YESTERDAY        0.00          0.24 1956   0.01  -0.01     0.10
  MONTH TO DATE    0.18                      0.13   0.05     0.11
  SINCE DEC 1      0.20                      0.53  -0.33     0.25
  SINCE JAN 1      0.18                      0.13   0.05     0.11

SNOWFALL (IN)
  YESTERDAY        0.0
  SNOW DEPTH       0

DEGREE DAYS
 HEATING
  YESTERDAY       56
  MONTH TO DATE  553

 COOLING
  YESTERDAY        0
  MONTH TO DATE    0
..................................................................


WIND (MPH)
  HIGHEST WIND SPEED    14   HIGHEST WIND DIRECTION    SW (220)
  HIGHEST GUST SPEED    18   HIGHEST GUST DIRECTION    SW (220)




RELATIVE HUMIDITY (PERCENT)
 HIGHEST    90
 LOWEST     37
 AVERAGE    64

..........................................................


THE AKRON CO CLIMATE NORMALS FOR TODAY
                         NORMAL    RECORD    YEAR
 MAXIMUM TEMPERATURE (F)   40        63      1950
 MINIMUM TEMPERATURE (F)   17       -14      1984


SUNRISE AND SUNSET
JANUARY 17 2018.......SUNRISE   712 AM MST   SUNSET   454 PM MST
JANUARY 18 2018.......SUNRISE   712 AM MST   SUNSET   455 PM MST


-  INDICATES NEGATIVE NUMBERS.
R  INDICATES RECORD WAS SET OR TIED.
MM INDICATES DATA IS MISSING.
T  INDICATES TRACE AMOUNT.




$$
