000
CDUS45 KBOU 080725
CLIAKO


CLIMATE REPORT
NATIONAL WEATHER SERVICE DENVER/BOULDER CO
1225 AM MST MON FEB 8 2016


...................................

...THE AKRON CO CLIMATE SUMMARY FOR FEBRUARY 7 2016...

CLIMATE NORMAL PERIOD 1981 TO 2010
CLIMATE RECORD PERIOD 9999 TO 9999


WEATHER ITEM   OBSERVED TIME   RECORD YEAR NORMAL DEPARTURE LAST
                VALUE   (LST)  VALUE       VALUE  FROM      YEAR
                                                  NORMAL
..................................................................
TEMPERATURE (F)
 YESTERDAY
  MAXIMUM         33   1226 AM  72    2015  41     -8
  MINIMUM         20    549 AM -14    2014  18      2
  AVERAGE         27                        30     -3

PRECIPITATION (IN)
  YESTERDAY        0.00          0.19 1950   0.01  -0.01     0.00
  MONTH TO DATE    T                         0.10  -0.10     0.01
  SINCE DEC 1      0.11                      0.80  -0.69     0.44
  SINCE JAN 1      0.09                      0.40  -0.31     0.20

DEGREE DAYS
 HEATING
  YESTERDAY       38
  MONTH TO DATE  303

 COOLING
  YESTERDAY        0
  MONTH TO DATE    0
..................................................................


WIND (MPH)
  HIGHEST WIND SPEED    32   HIGHEST WIND DIRECTION     N (350)
  HIGHEST GUST SPEED    40   HIGHEST GUST DIRECTION    NW (320)




RELATIVE HUMIDITY (PERCENT)
 HIGHEST    84
 LOWEST     55
 AVERAGE    70

..........................................................


THE AKRON CO CLIMATE NORMALS FOR TODAY
                         NORMAL    RECORD    YEAR
 MAXIMUM TEMPERATURE (F)   41        71      1954
 MINIMUM TEMPERATURE (F)   18       -10      1989


SUNRISE AND SUNSET
FEBRUARY  8 2016......SUNRISE   655 AM MST   SUNSET   520 PM MST
FEBRUARY  9 2016......SUNRISE   654 AM MST   SUNSET   521 PM MST


-  INDICATES NEGATIVE NUMBERS.
R  INDICATES RECORD WAS SET OR TIED.
MM INDICATES DATA IS MISSING.
T  INDICATES TRACE AMOUNT.




$$
