000
CDUS45 KBOU 210725
CLIAKO


CLIMATE REPORT
NATIONAL WEATHER SERVICE BOULDER, CO
125 AM MDT TUE OCT 21 2014


...................................

...THE AKRON CO CLIMATE SUMMARY FOR OCTOBER 20 2014...

CLIMATE NORMAL PERIOD 1981 TO 2010
CLIMATE RECORD PERIOD 9999 TO 9999


WEATHER ITEM   OBSERVED TIME   RECORD YEAR NORMAL DEPARTURE LAST
                VALUE   (LST)  VALUE       VALUE  FROM      YEAR
                                                  NORMAL
..................................................................
TEMPERATURE (F)
 YESTERDAY
  MAXIMUM         77    212 PM  87    1947  62     15
  MINIMUM         43    414 AM  22    1982  35      8
  AVERAGE         60                        49     11

PRECIPITATION (IN)
  YESTERDAY        0.00          0.66 1963   0.04  -0.04     0.01
  MONTH TO DATE    0.22                      0.81  -0.59     1.08
  SINCE SEP 1      2.16                      1.97   0.19     5.37
  SINCE JAN 1     17.76                     15.46   2.30    16.79

DEGREE DAYS
 HEATING
  YESTERDAY        5
  MONTH TO DATE  208

 COOLING
  YESTERDAY        0
  MONTH TO DATE    0
..................................................................


WIND (MPH)
  HIGHEST WIND SPEED    21   HIGHEST WIND DIRECTION     S (180)
  HIGHEST GUST SPEED    26   HIGHEST GUST DIRECTION     S (160)




RELATIVE HUMIDITY (PERCENT)
 HIGHEST    76
 LOWEST     21
 AVERAGE    49

..........................................................


THE AKRON CO CLIMATE NORMALS FOR TODAY
                         NORMAL    RECORD    YEAR
 MAXIMUM TEMPERATURE (F)   62        86      1940
 MINIMUM TEMPERATURE (F)   35        20      1976


SUNRISE AND SUNSET
OCTOBER 21 2014.......SUNRISE   710 AM MDT   SUNSET   604 PM MDT
OCTOBER 22 2014.......SUNRISE   711 AM MDT   SUNSET   603 PM MDT


-  INDICATES NEGATIVE NUMBERS.
R  INDICATES RECORD WAS SET OR TIED.
MM INDICATES DATA IS MISSING.
T  INDICATES TRACE AMOUNT.




$$
