000
CDUS45 KBOU 010725
CLIAKO


CLIMATE REPORT
NATIONAL WEATHER SERVICE BOULDER, CO
1225 AM MST SUN FEB 1 2015


...................................

...THE AKRON CO CLIMATE SUMMARY FOR JANUARY 31 2015...

CLIMATE NORMAL PERIOD 1981 TO 2010
CLIMATE RECORD PERIOD 9999 TO 9999


WEATHER ITEM   OBSERVED TIME   RECORD YEAR NORMAL DEPARTURE LAST
                VALUE   (LST)  VALUE       VALUE  FROM      YEAR
                                                  NORMAL
..................................................................
TEMPERATURE (F)
 YESTERDAY
  MAXIMUM         36    200 PM  62    1986  41     -5
  MINIMUM         23   1159 PM -25    1951  17      6
  AVERAGE         30                        29      1

PRECIPITATION (IN)
  YESTERDAY        0.03          0.17 1965   0.01   0.02     0.03
  MONTH TO DATE    0.19                      0.30  -0.11     0.24
  SINCE DEC 1      0.43                      0.70  -0.27     0.26
  SINCE JAN 1      0.19                      0.30  -0.11     0.24

DEGREE DAYS
 HEATING
  YESTERDAY       35
  MONTH TO DATE 1118

 COOLING
  YESTERDAY        0
  MONTH TO DATE    0
..................................................................


WIND (MPH)
  HIGHEST WIND SPEED    21   HIGHEST WIND DIRECTION     N (360)
  HIGHEST GUST SPEED    25   HIGHEST GUST DIRECTION     N (10)




RELATIVE HUMIDITY (PERCENT)
 HIGHEST   100
 LOWEST     85
 AVERAGE    93

..........................................................


THE AKRON CO CLIMATE NORMALS FOR TODAY
                         NORMAL    RECORD    YEAR
 MAXIMUM TEMPERATURE (F)   41        73      2003
 MINIMUM TEMPERATURE (F)   17       -29      1951


SUNRISE AND SUNSET
FEBRUARY  1 2015......SUNRISE   702 AM MST   SUNSET   511 PM MST
FEBRUARY  2 2015......SUNRISE   701 AM MST   SUNSET   513 PM MST


-  INDICATES NEGATIVE NUMBERS.
R  INDICATES RECORD WAS SET OR TIED.
MM INDICATES DATA IS MISSING.
T  INDICATES TRACE AMOUNT.




$$
