000
CDUS45 KBOU 250725
CLIAKO


CLIMATE REPORT
NATIONAL WEATHER SERVICE DENVER/BOULDER CO
125 AM MDT WED MAY 25 2016


...................................

...THE AKRON CO CLIMATE SUMMARY FOR MAY 24 2016...

CLIMATE NORMAL PERIOD 1981 TO 2010
CLIMATE RECORD PERIOD 9999 TO 9999


WEATHER ITEM   OBSERVED TIME   RECORD YEAR NORMAL DEPARTURE LAST
                VALUE   (LST)  VALUE       VALUE  FROM      YEAR
                                                  NORMAL
..................................................................
TEMPERATURE (F)
 YESTERDAY
  MAXIMUM         74    227 PM  92    1967  73      1
  MINIMUM         47    319 AM  36    1946  46      1
  AVERAGE         61                        60      1

PRECIPITATION (IN)
  YESTERDAY        0.11          2.27 1948   0.10   0.01     0.22
  MONTH TO DATE    1.35                      2.19  -0.84     5.53
  SINCE MAR 1      4.63                      4.71  -0.08     7.24
  SINCE JAN 1      4.74                      5.45  -0.71     7.52

DEGREE DAYS
 HEATING
  YESTERDAY        4
  MONTH TO DATE  282

 COOLING
  YESTERDAY        0
  MONTH TO DATE    5
..................................................................


WIND (MPH)
  HIGHEST WIND SPEED    48   HIGHEST WIND DIRECTION    NW (300)
  HIGHEST GUST SPEED    61   HIGHEST GUST DIRECTION     W (290)




RELATIVE HUMIDITY (PERCENT)
 HIGHEST    93
 LOWEST     44
 AVERAGE    69

..........................................................


THE AKRON CO CLIMATE NORMALS FOR TODAY
                         NORMAL    RECORD    YEAR
 MAXIMUM TEMPERATURE (F)   73        93      1964
 MINIMUM TEMPERATURE (F)   47        32      1992


SUNRISE AND SUNSET
MAY 25 2016...........SUNRISE   529 AM MDT   SUNSET   811 PM MDT
MAY 26 2016...........SUNRISE   528 AM MDT   SUNSET   812 PM MDT


-  INDICATES NEGATIVE NUMBERS.
R  INDICATES RECORD WAS SET OR TIED.
MM INDICATES DATA IS MISSING.
T  INDICATES TRACE AMOUNT.




$$
