000
CDUS45 KBOU 250725
CLIAKO


CLIMATE REPORT
NATIONAL WEATHER SERVICE BOULDER, CO
125 AM MDT FRI APR 25 2014


...................................

...THE AKRON CO CLIMATE SUMMARY FOR APRIL 24 2014...

CLIMATE NORMAL PERIOD 1981 TO 2010
CLIMATE RECORD PERIOD 9999 TO 9999


WEATHER ITEM   OBSERVED TIME   RECORD YEAR NORMAL DEPARTURE LAST
                VALUE   (LST)  VALUE       VALUE  FROM      YEAR
                                                  NORMAL
..................................................................
TEMPERATURE (F)
 YESTERDAY
  MAXIMUM         62    441 PM  90    2012  63     -1
  MINIMUM         32    517 AM  21    2013  36     -4
                                      1958
  AVERAGE         47                        50     -3

PRECIPITATION (IN)
  YESTERDAY        0.00          1.16 1973   0.07  -0.07     0.00
  MONTH TO DATE    0.60                      1.23  -0.63     0.84
  SINCE MAR 1      1.03                      2.10  -1.07     2.33
  SINCE JAN 1      1.46                      2.84  -1.38     2.45

DEGREE DAYS
 HEATING
  YESTERDAY       18
  MONTH TO DATE  406

 COOLING
  YESTERDAY        0
  MONTH TO DATE    0
..................................................................


WIND (MPH)
  HIGHEST WIND SPEED    36   HIGHEST WIND DIRECTION    NW (320)
  HIGHEST GUST SPEED    43   HIGHEST GUST DIRECTION    NW (320)




RELATIVE HUMIDITY (PERCENT)
 HIGHEST    49
 LOWEST     16
 AVERAGE    33

..........................................................


THE AKRON CO CLIMATE NORMALS FOR TODAY
                         NORMAL    RECORD    YEAR
 MAXIMUM TEMPERATURE (F)   64        87      1949
 MINIMUM TEMPERATURE (F)   36        21      1950


SUNRISE AND SUNSET
APRIL 25 2014.........SUNRISE   600 AM MDT   SUNSET   742 PM MDT
APRIL 26 2014.........SUNRISE   559 AM MDT   SUNSET   743 PM MDT


-  INDICATES NEGATIVE NUMBERS.
R  INDICATES RECORD WAS SET OR TIED.
MM INDICATES DATA IS MISSING.
T  INDICATES TRACE AMOUNT.




$$
