000
CDUS45 KBOU 220725
CLIAKO


CLIMATE REPORT
NATIONAL WEATHER SERVICE DENVER/BOULDER CO
125 AM MDT SUN OCT 22 2017


...................................

...THE AKRON CO CLIMATE SUMMARY FOR OCTOBER 21 2017...

CLIMATE NORMAL PERIOD 1981 TO 2010
CLIMATE RECORD PERIOD 9999 TO 9999


WEATHER ITEM   OBSERVED TIME   RECORD YEAR NORMAL DEPARTURE LAST
                VALUE   (LST)  VALUE       VALUE  FROM      YEAR
                                                  NORMAL
..................................................................
TEMPERATURE (F)
 YESTERDAY
  MAXIMUM         57    144 PM  86    1940  62     -5
  MINIMUM         30   1145 PM  20    1976  35     -5
  AVERAGE         44                        48     -4

PRECIPITATION (IN)
  YESTERDAY        0.03          1.00 1941   0.03   0.00     0.00
  MONTH TO DATE    0.50                      0.84  -0.34     0.46
  SINCE SEP 1      1.79                      2.00  -0.21     1.83
  SINCE JAN 1     13.58                     15.49  -1.91    16.56

DEGREE DAYS
 HEATING
  YESTERDAY       21
  MONTH TO DATE  262

 COOLING
  YESTERDAY        0
  MONTH TO DATE    0
..................................................................


WIND (MPH)
  HIGHEST WIND SPEED    43   HIGHEST WIND DIRECTION    NW (320)
  HIGHEST GUST SPEED    52   HIGHEST GUST DIRECTION    NW (310)




RELATIVE HUMIDITY (PERCENT)
 HIGHEST    76
 LOWEST     14
 AVERAGE    45

..........................................................


THE AKRON CO CLIMATE NORMALS FOR TODAY
                         NORMAL    RECORD    YEAR
 MAXIMUM TEMPERATURE (F)   62        84      2003
 MINIMUM TEMPERATURE (F)   35        24      1984


SUNRISE AND SUNSET
OCTOBER 22 2017.......SUNRISE   711 AM MDT   SUNSET   603 PM MDT
OCTOBER 23 2017.......SUNRISE   712 AM MDT   SUNSET   601 PM MDT


-  INDICATES NEGATIVE NUMBERS.
R  INDICATES RECORD WAS SET OR TIED.
MM INDICATES DATA IS MISSING.
T  INDICATES TRACE AMOUNT.




$$
