000
CDUS41 KALY 290621
CLIALB


CLIMATE REPORT
NATIONAL WEATHER SERVICE ALBANY NY
221 AM EDT FRI AUG 29 2014


...................................

...THE ALBANY NY CLIMATE SUMMARY FOR AUGUST 28 2014...

CLIMATE NORMAL PERIOD 1981 TO 2010
CLIMATE RECORD PERIOD 1874 TO 2014


WEATHER ITEM   OBSERVED TIME   RECORD YEAR NORMAL DEPARTURE LAST
                VALUE   (LST)  VALUE       VALUE  FROM      YEAR
                                                  NORMAL
..................................................................
TEMPERATURE (F)
 YESTERDAY
  MAXIMUM         77    203 PM  98    1948  78     -1       87
  MINIMUM         57   1159 PM  42    1982  58     -1       63
  AVERAGE         67                        68     -1       75

PRECIPITATION (IN)
  YESTERDAY        0.00          4.69 2011   0.10  -0.10     0.00
  MONTH TO DATE    1.54                      3.18  -1.64     2.41
  SINCE JUN 1     13.18                     11.09   2.09    16.48
  SINCE JAN 1     26.74                     25.87   0.87    31.22

DEGREE DAYS
 HEATING
  YESTERDAY        0                         1     -1        0
  MONTH TO DATE    6                        11     -5        4
  SINCE JUN 1     18                        68    -50       61
  SINCE JUL 1      6                        16    -10        6

 COOLING
  YESTERDAY        2                         4     -2       10
  MONTH TO DATE  134                       166    -32      126
  SINCE JUN 1    519                       502     17      620
  SINCE JAN 1    554                       532     22      669
..................................................................


WIND (MPH)
  HIGHEST WIND SPEED    20   HIGHEST WIND DIRECTION     W (290)
  HIGHEST GUST SPEED    26   HIGHEST GUST DIRECTION    NW (310)
  AVERAGE WIND SPEED    10.0


SKY COVER
  AVERAGE SKY COVER 0.6



RELATIVE HUMIDITY (PERCENT)
 HIGHEST    84
 LOWEST     46
 AVERAGE    65

..........................................................


THE ALBANY NY CLIMATE NORMALS FOR TODAY
                         NORMAL    RECORD    YEAR
 MAXIMUM TEMPERATURE (F)   78        95      1953
 MINIMUM TEMPERATURE (F)   58        34      1982


SUNRISE AND SUNSET
AUGUST 29 2014........SUNRISE   617 AM EDT   SUNSET   735 PM EDT
AUGUST 30 2014........SUNRISE   618 AM EDT   SUNSET   733 PM EDT


-  INDICATES NEGATIVE NUMBERS.
R  INDICATES RECORD WAS SET OR TIED.
MM INDICATES DATA IS MISSING.
T  INDICATES TRACE AMOUNT.




$$
