000
CDUS43 KDMX 310634 RRA
CLIALO

CLIMATE REPORT
NATIONAL WEATHER SERVICE DES MOINES IA
133 AM CDT FRI OCT 31 2014


...................................

...THE WATERLOO IA CLIMATE SUMMARY FOR OCTOBER 30 2014...

CLIMATE NORMAL PERIOD 1981 TO 2010
CLIMATE RECORD PERIOD 1895 TO 2014


WEATHER ITEM   OBSERVED TIME   RECORD YEAR NORMAL DEPARTURE LAST
                VALUE   (LST)  VALUE       VALUE  FROM      YEAR
                                                  NORMAL
..................................................................
TEMPERATURE (F)
 YESTERDAY
  MAXIMUM         58    226 PM  82    1924  55      3       60
  MINIMUM         32    210 AM   0    1925  34     -2       50
  AVERAGE         45                        45      0       55

PRECIPITATION (IN)
  YESTERDAY        T             1.21 1974   0.07  -0.07     0.62
  MONTH TO DATE    3.65                      2.41   1.24     2.09
  SINCE SEP 1      5.31                      5.04   0.27     3.57
  SINCE JAN 1     32.60                     31.32   1.28    37.79

SNOWFALL (IN)
  YESTERDAY        0.0           1.0  1923   0.1   -0.1      0.0
  MONTH TO DATE    T                         0.3   -0.3      1.0
  SINCE SEP 1      T                         0.3   -0.3      1.0
  SINCE JUL 1      T                         0.3   -0.3      1.0
  SNOW DEPTH       0

DEGREE DAYS
 HEATING
  YESTERDAY       20                        20      0       10
  MONTH TO DATE  457                       445     12      462
  SINCE SEP 1    608                       583     25      564
  SINCE JUL 1    625                       603     22      584

 COOLING
  YESTERDAY        0                         0      0        0
  MONTH TO DATE    0                         8     -8        8
  SINCE SEP 1     51                        86    -35      141
  SINCE JAN 1    658                       798   -140      837
..................................................................


WIND (MPH)
  HIGHEST WIND SPEED    30   HIGHEST WIND DIRECTION     N (340)
  HIGHEST GUST SPEED    35   HIGHEST GUST DIRECTION     N (340)
  AVERAGE WIND SPEED     8.5


SKY COVER
  POSSIBLE SUNSHINE  MM
  AVERAGE SKY COVER 0.8


WEATHER CONDITIONS
 THE FOLLOWING WEATHER WAS RECORDED YESTERDAY.
  LIGHT RAIN


RELATIVE HUMIDITY (PERCENT)
 HIGHEST    92           100 AM
 LOWEST     47           300 PM
 AVERAGE    70

..........................................................


THE WATERLOO IA CLIMATE NORMALS FOR TODAY
                         NORMAL    RECORD    YEAR
 MAXIMUM TEMPERATURE (F)   55        83      1950
                                             1933
 MINIMUM TEMPERATURE (F)   34        15      1917


SUNRISE AND SUNSET
OCTOBER 31 2014.......SUNRISE   742 AM CDT   SUNSET   604 PM CDT
NOVEMBER  1 2014......SUNRISE   743 AM CDT   SUNSET   602 PM CDT


-  INDICATES NEGATIVE NUMBERS.
R  INDICATES RECORD WAS SET OR TIED.
MM INDICATES DATA IS MISSING.
T  INDICATES TRACE AMOUNT.




$$
