000
CDUS43 KDMX 230631 RRA
CLIALO

CLIMATE REPORT
NATIONAL WEATHER SERVICE DES MOINES IA
130 AM CDT SAT AUG 23 2014


...................................

...THE WATERLOO IA CLIMATE SUMMARY FOR AUGUST 22 2014...

CLIMATE NORMAL PERIOD 1981 TO 2010
CLIMATE RECORD PERIOD 1895 TO 2014


WEATHER ITEM   OBSERVED TIME   RECORD YEAR NORMAL DEPARTURE LAST
                VALUE   (LST)  VALUE       VALUE  FROM      YEAR
                                                  NORMAL
..................................................................
TEMPERATURE (F)
 YESTERDAY
  MAXIMUM         91    305 PM 100    1916  82      9       81
  MINIMUM         69    515 AM  40    1923  60      9       63
  AVERAGE         80                        71      9       72

PRECIPITATION (IN)
  YESTERDAY        T             1.86 2002   0.13  -0.13     0.31
  MONTH TO DATE    0.43                      3.14  -2.71     1.84
  SINCE JUN 1     11.20                     13.03  -1.83    10.55
  SINCE JAN 1     25.23                     25.15   0.08    34.13

SNOWFALL (IN)
  YESTERDAY        0.0          MM      MM   0.0    0.0      0.0
  MONTH TO DATE    0.0                       0.0    0.0      0.0
  SINCE JUN 1      0.0                       0.0    0.0      0.0
  SINCE JUL 1      0.0                       0.0    0.0      0.0
  SNOW DEPTH       0

DEGREE DAYS
 HEATING
  YESTERDAY        0                         1     -1        0
  MONTH TO DATE    0                         5     -5        6
  SINCE JUN 1     24                        35    -11       58
  SINCE JUL 1     17                         9      8       20

 COOLING
  YESTERDAY       15                         6      9        7
  MONTH TO DATE  142                       158    -16       86
  SINCE JUN 1    461                       606   -145      509
  SINCE JAN 1    528                       662   -134      562
..................................................................


WIND (MPH)
  HIGHEST WIND SPEED    22   HIGHEST WIND DIRECTION     N (350)
  HIGHEST GUST SPEED    27   HIGHEST GUST DIRECTION     N (340)
  AVERAGE WIND SPEED     3.4


SKY COVER
  POSSIBLE SUNSHINE  MM
  AVERAGE SKY COVER 0.3


WEATHER CONDITIONS
 THE FOLLOWING WEATHER WAS RECORDED YESTERDAY.
  THUNDERSTORM
  LIGHT RAIN
  FOG
  HAZE


RELATIVE HUMIDITY (PERCENT)
 HIGHEST   100           300 AM
 LOWEST     59           200 PM
 AVERAGE    80

..........................................................


THE WATERLOO IA CLIMATE NORMALS FOR TODAY
                         NORMAL    RECORD    YEAR
 MAXIMUM TEMPERATURE (F)   82        99      1948
 MINIMUM TEMPERATURE (F)   59        43      1920


SUNRISE AND SUNSET
AUGUST 23 2014........SUNRISE   625 AM CDT   SUNSET   759 PM CDT
AUGUST 24 2014........SUNRISE   626 AM CDT   SUNSET   757 PM CDT


-  INDICATES NEGATIVE NUMBERS.
R  INDICATES RECORD WAS SET OR TIED.
MM INDICATES DATA IS MISSING.
T  INDICATES TRACE AMOUNT.




$$
